000
CXUS54 KOUN 260700
CF6FDR
PRELIMINARY LOCAL CLIMATOLOGICAL DATA (WS FORM: F-6)

                                          STATION:   FREDERICK MUNICIPAL
                                          MONTH:     APRIL
                                          YEAR:      2017
                                          LATITUDE:   34 21 N
                                          LONGITUDE:  98 59 W

  TEMPERATURE IN F:       :PCPN:    SNOW:  WIND      :SUNSHINE: SKY     :PK WND
================================================================================
1   2   3   4   5  6A  6B    7    8   9   10  11  12  13   14  15   16   17  18
                                     12Z  AVG MX 2MIN
DY MAX MIN AVG DEP HDD CDD  WTR  SNW DPTH SPD SPD DIR MIN PSBL S-S WX    SPD DR
================================================================================

 1  61  51  56  -3   9   0 0.22  0.0    0 13.8 24 350   M    M   7 13     31 100
 2  58  51  55  -4  10   0 0.30  0.0    0 11.8 23 360   M    M  10 18     29 360
 3  76  44  60   1   5   0 0.00  0.0    0  6.7 15 250   M    M   2 128     M  M
 4  73  44  59  -1   6   0    T    M    0 16.5 33 320   M    M   1        42 330
 5  69  44  57  -3   8   0    T    M    M 16.1 31 340   M    M   2        39 340
 6  75  41  58  -2   7   0 0.00  0.0    0  6.9 13  60   M    M   0        17 250
 7  79  47  63   3   2   0 0.00  0.0    M 15.3 23 190   M    M   0        33 180
 8  89  53  71  10   0   6 0.00  0.0    M 17.1 29 170   M    M   0        34 200
 9  89  63  76  15   0  11 0.00  0.0    0 17.5 28 160   M    M   0        34 170
10  76  52  64   3   1   0 0.00  0.0    0 15.2 30  30   M    M   0        37  30
11  77  50  64   3   1   0 0.00  0.0    0  9.9 17  50   M    M   0        25 130
12  76  55  66   4   0   1    T  0.0    0  9.4 22 150   M    M   7 12     26 150
13  69  60  65   3   0   0 2.63  0.0    0  8.3 21 360   M    M   8 13     25 360
14  78  59  69   7   0   4 0.00  0.0    0 12.6 26 170   M    M   4 1      31 180
15  82  64  73  11   0   8 0.00  0.0    0 15.8 24 180   M    M   5        30 180
16  81  64  73  10   0   8 0.35  0.0    0 11.5 25 110   M    M   4 38     31 100
17  76  60  68   5   0   3    T  0.0    0 10.9 25 110   M    M   1 13     32 110
18  82  57  70   7   0   5 0.00  0.0    0 11.0 20 150   M    M   5 12     24 140
19  85  61  73   9   0   8 0.00  0.0    0 15.4 26 160   M    M   3 1      33 160
20  78  63  71   7   0   6 0.02  0.0    0 12.8 24  10   M    M   5 13     29  10
21  70  50  60  -4   5   0 0.01  0.0    0 16.0 32  10   M    M   8 13     39  10
22  65  45  55  -9  10   0 0.00  0.0    0 17.6 29  10   M    M   7        43  30
23  73  43  58  -7   7   0 0.00  0.0    0  8.4 15 320   M    M   0        19 310
24  84  48  66   1   0   1 0.00  0.0    0 16.1 29 170   M    M   0        36 180
25  92  62  77  12   0  12 0.00  0.0    0 14.1 24 230   M    M   0        30 230
================================================================================
SM 1913 1331        71  73  3.53     0.0 326.7          M       79
================================================================================
AV 76.5 53.2                              13.1 FASTST   M    M   3    MAX(MPH)
                                 MISC ---->  # 33 320               # 43   30
================================================================================
NOTES:
# LAST OF SEVERAL OCCURRENCES

COLUMN 17 PEAK WIND IN M.P.H.

PRELIMINARY LOCAL CLIMATOLOGICAL DATA (WS FORM: F-6) , PAGE 2

                                          STATION:  FREDERICK MUNICIPAL
                                          MONTH:    APRIL
                                          YEAR:     2017
                                          LATITUDE:   34 21 N
                                          LONGITUDE:  98 59 W

[TEMPERATURE DATA]      [PRECIPITATION DATA]       SYMBOLS USED IN COLUMN 16

AVERAGE MONTHLY: 64.9   TOTAL FOR MONTH:   3.53    1 = FOG OR MIST
DPTR FM NORMAL:   2.9   DPTR FM NORMAL:    1.53    2 = FOG REDUCING VISIBILITY
HIGHEST:    92 ON 25    GRTST 24HR  2.63 ON 13-13      TO 1/4 MILE OR LESS
LOWEST:     41 ON  6                               3 = THUNDER
                        SNOW, ICE PELLETS, HAIL    4 = ICE PELLETS
                        TOTAL MONTH:   0.0 INCH    5 = HAIL
                        GRTST 24HR     0.0         6 = FREEZING RAIN OR DRIZZLE
                        GRTST DEPTH:   0           7 = DUSTSTORM OR SANDSTORM:
                                                       VSBY 1/2 MILE OR LESS
                                                   8 = SMOKE OR HAZE
[NO. OF DAYS WITH]      [WEATHER - DAYS WITH]      9 = BLOWING SNOW
                                                   X = TORNADO
MAX 32 OR BELOW:   0    0.01 INCH OR MORE:   6
MAX 90 OR ABOVE:   1    0.10 INCH OR MORE:   4
MIN 32 OR BELOW:   0    0.50 INCH OR MORE:   1
MIN  0 OR BELOW:   0    1.00 INCH OR MORE:   1

[HDD (BASE 65) ]
TOTAL THIS MO.    71    CLEAR  (SCALE 0-3)  14
DPTR FM NORMAL   -52    PTCLDY (SCALE 4-7)  10
TOTAL FM JUL 1  2168    CLOUDY (SCALE 8-10)  1
DPTR FM NORMAL  -851

[CDD (BASE 65) ]
TOTAL THIS MO.    73
DPTR FM NORMAL    25    [PRESSURE DATA]
TOTAL FM JAN 1   143    HIGHEST SLP M ON M
DPTR FM NORMAL    77    LOWEST  SLP 29.31 ON 25

[REMARKS]
