000
CXUS54 KOUN 210700
CF6FDR
PRELIMINARY LOCAL CLIMATOLOGICAL DATA (WS FORM: F-6)

                                          STATION:   FREDERICK MUNICIPAL
                                          MONTH:     OCTOBER
                                          YEAR:      2017
                                          LATITUDE:   34 21 N
                                          LONGITUDE:  98 59 W

  TEMPERATURE IN F:       :PCPN:    SNOW:  WIND      :SUNSHINE: SKY     :PK WND
================================================================================
1   2   3   4   5  6A  6B    7    8   9   10  11  12  13   14  15   16   17  18
                                     12Z  AVG MX 2MIN
DY MAX MIN AVG DEP HDD CDD  WTR  SNW DPTH SPD SPD DIR MIN PSBL S-S WX    SPD DR
================================================================================

 1  85  60  73   3   0   8 0.00  0.0    0 10.3 21 160   M    M   0        27 160
 2  88  65  77   7   0  12 0.00  0.0    0 14.9 25 160   M    M   1        32 160
 3  87  69  78   9   0  13    T  0.0    0 10.8 20 160   M    M   4        25 160
 4  85  71  78   9   0  13 0.17  0.0    0  9.4 18 170   M    M   8 13     22 170
 5  86  69  78  10   0  13 0.01  0.0    0  8.6 15 330   M    M   4 38     19 300
 6  89  68  79  11   0  14 0.00  0.0    0 13.9 24 280   M    M   0        29 170
 7  83  59  71   3   0   6 0.09  0.0    0  7.5 30 290   M    M   1 138    38 280
 8  88  52  70   2   0   5    T  0.0    0  9.8 22 160   M    M   0 8      27 160
 9  76  52  64  -3   1   0    T  0.0    0 16.4 30 340   M    M   1 8      37 350
10  66  47  57 -10   8   0    T    M    0 14.9 26 340   M    M   0        34 330
11  72  46  59  -7   6   0 0.00  0.0    0  4.4 12 150   M    M   0 18     15 160
12  87  53  70   4   0   5 0.00  0.0    0 10.8 22 190   M    M   0 8      27 200
13  89  65  77  11   0  12 0.00  0.0    0 10.6 20 210   M    M   0        24 210
14  91  64  78  13   0  13 0.04  0.0    0 15.0 39 350   M    M   1 1      48  10
15  72  49  61  -4   4   0 0.00  0.0    0 15.3 31 360   M    M   2        40 360
16  72  43  58  -7   7   0 0.00  0.0    0  5.2 10 150   M    M   0        12 130
17  78  43  61  -3   4   0 0.00  0.0    0  9.1 18 170   M    M   0        24 170
18  84  45  65   1   0   0 0.00  0.0    0 10.2 21 170   M    M   0        25 160
19  82  50  66   2   0   1 0.00  0.0    0  9.5 21 150   M    M   0        26 150
20  84  58  71   8   0   6 0.00  0.0    0 16.1 26 170   M    M   2        34 160
================================================================================
SM 1644 1128        30 121  0.31     0.0 222.7          M       24
================================================================================
AV 82.2 56.4                              11.1 FASTST   M    M   1    MAX(MPH)
                                 MISC ---->  # 39 350               # 48   10
================================================================================
NOTES:
# LAST OF SEVERAL OCCURRENCES

COLUMN 17 PEAK WIND IN M.P.H.

PRELIMINARY LOCAL CLIMATOLOGICAL DATA (WS FORM: F-6) , PAGE 2

                                          STATION:  FREDERICK MUNICIPAL
                                          MONTH:    OCTOBER
                                          YEAR:     2017
                                          LATITUDE:   34 21 N
                                          LONGITUDE:  98 59 W

[TEMPERATURE DATA]      [PRECIPITATION DATA]       SYMBOLS USED IN COLUMN 16

AVERAGE MONTHLY: 69.3   TOTAL FOR MONTH:   0.31    1 = FOG OR MIST
DPTR FM NORMAL:   2.7   DPTR FM NORMAL:   -1.87    2 = FOG REDUCING VISIBILITY
HIGHEST:    91 ON 14    GRTST 24HR  0.17 ON  4- 4      TO 1/4 MILE OR LESS
LOWEST:     43 ON 17,16                            3 = THUNDER
                        SNOW, ICE PELLETS, HAIL    4 = ICE PELLETS
                        TOTAL MONTH:   0.0 INCH    5 = HAIL
                        GRTST 24HR     0.0         6 = FREEZING RAIN OR DRIZZLE
                        GRTST DEPTH:   0           7 = DUSTSTORM OR SANDSTORM:
                                                       VSBY 1/2 MILE OR LESS
                                                   8 = SMOKE OR HAZE
[NO. OF DAYS WITH]      [WEATHER - DAYS WITH]      9 = BLOWING SNOW
                                                   X = TORNADO
MAX 32 OR BELOW:   0    0.01 INCH OR MORE:   4
MAX 90 OR ABOVE:   1    0.10 INCH OR MORE:   1
MIN 32 OR BELOW:   0    0.50 INCH OR MORE:   0
MIN  0 OR BELOW:   0    1.00 INCH OR MORE:   0

[HDD (BASE 65) ]
TOTAL THIS MO.    30    CLEAR  (SCALE 0-3)  17
DPTR FM NORMAL   -19    PTCLDY (SCALE 4-7)   3
TOTAL FM JUL 1    99    CLOUDY (SCALE 8-10)  0
DPTR FM NORMAL    42

[CDD (BASE 65) ]
TOTAL THIS MO.   121
DPTR FM NORMAL    40    [PRESSURE DATA]
TOTAL FM JAN 1  2336    HIGHEST SLP M ON M
DPTR FM NORMAL   -40    LOWEST  SLP 29.56 ON  8

[REMARKS]
