000
CXUS52 KFFC 291110
CF6FFC
PRELIMINARY LOCAL CLIMATOLOGICAL DATA (WS FORM: F-6)

                                          STATION:   PEACHTREE CITY
                                          MONTH:     SEPTEMBER
                                          YEAR:      2016
                                          LATITUDE:   33 20 N
                                          LONGITUDE:  84 34 W

  TEMPERATURE IN F:       :PCPN:    SNOW:  WIND      :SUNSHINE: SKY     :PK WND
================================================================================
1   2   3   4   5  6A  6B    7    8   9   10  11  12  13   14  15   16   17  18
                                     12Z  AVG MX 2MIN
DY MAX MIN AVG DEP HDD CDD  WTR  SNW DPTH SPD SPD DIR MIN PSBL S-S WX    SPD DR
================================================================================

 1  92  68  80   3   0  15 0.00  0.0    M  2.2 12 130   M    M   1 3      16 120
 2  82  71  77   1   0  12    T    M    M  6.5 14 350   M    M   9        22  10
 3  80  65  73  -3   0   8 0.00    M    M  3.5 13 130   M    M   8        15 130
 4  89  62  76   0   0  11 0.00    M    M  3.3 13 130   M    M   2 8      20 130
 5  89  62  76   0   0  11 0.00    M    M  2.1 10 130   M    M   1        14 120
 6  92  61  77   2   0  12 0.00    M    M  1.8  9  50   M    M   0        12 350
 7  94  61  78   3   0  13 0.00  0.0    M  1.7  8 330   M    M   0        11 320
 8  94  64  79   4   0  14 0.00  0.0    M  2.1 12 320   M    M   0        16 330
 9  94  63  79   4   0  14 0.00  0.0    M  2.3 10 290   M    M   0 1      13 330
10  93  64  79   5   0  14 0.00  0.0    M  2.0 12 250   M    M   2 1      15 260
11  94  68  81   7   0  16 0.00  0.0    M  2.4 14 150   M    M   1 3      24 140
12  92  68  80   6   0  15 0.14    M    M  2.7 16 150   M    M   1 3      24 140
13  90  68  79   6   0  14 0.00    M    M  4.0 13  80   M    M   3        18 120
14  92  66  79   6   0  14 0.00  0.0    M  3.2 13 110   M    M   3        18  80
15  94  64  79   6   0  14 0.00  0.0    M  2.2 12 100   M    M   1        16  90
16  90  65  78   6   0  13 0.00  0.0    M  4.6 15 140   M    M   1        23 140
17  86  63  75   3   0  10 0.00  0.0    M  3.3 14 120   M    M   6        19 130
18  79  71  75   3   0  10 2.60  0.0    M  3.2 20 310   M    M  10 13     29 310
19  88  66  77   6   0  12 0.00  0.0    M  4.9 14 340   M    M   4 1      18 310
20  90  64  77   6   0  12 0.00  0.0    M  2.5 10  30   M    M   1 1      16  80
21  90  65  78   8   0  13 0.00  0.0    M  1.5 13 350   M    M   2        16 340
22  90  64  77   7   0  12 0.00  0.0    M  2.7 13 340   M    M   0        18 320
23  90  64  77   7   0  12    T    M    M  1.6 13 340   M    M   0        18 350
24  91  65  78   9   0  13 0.00    M    M  0.9  8 320   M    M   1        11 290
25  91  65  78   9   0  13 0.00    M    M  2.3 14 120   M    M   0        18 120
26  88  67  78  10   0  13 0.00  0.0    M  2.2 10 120   M    M   0 1      14 120
27  87  65  76   8   0  11    T    M    M  1.6 10 360   M    M   1 13     14  10
28  87  62  75   7   0  10 0.00  0.0    M  2.7 12 240   M    M   0 1      18 250
================================================================================
SM 2508 1821         0 351  2.74     0.0  76.0          M       58
================================================================================
AV 89.6 65.0                               2.7 FASTST   M    M   2    MAX(MPH)
                                 MISC ---->  # 20 310               # 29  310
================================================================================
NOTES:
# LAST OF SEVERAL OCCURRENCES

COLUMN 17 PEAK WIND IN M.P.H.

PRELIMINARY LOCAL CLIMATOLOGICAL DATA (WS FORM: F-6) , PAGE 2

                                          STATION:  PEACHTREE CITY
                                          MONTH:    SEPTEMBER
                                          YEAR:     2016
                                          LATITUDE:   33 20 N
                                          LONGITUDE:  84 34 W

[TEMPERATURE DATA]      [PRECIPITATION DATA]       SYMBOLS USED IN COLUMN 16

AVERAGE MONTHLY: 77.3   TOTAL FOR MONTH:   2.74    1 = FOG OR MIST
DPTR FM NORMAL:   4.7   DPTR FM NORMAL:   -0.80    2 = FOG REDUCING VISIBILITY
HIGHEST:    94 ON 15,11 GRTST 24HR  2.60 ON 18-18      TO 1/4 MILE OR LESS
LOWEST:     61 ON  7, 6                            3 = THUNDER
                        SNOW, ICE PELLETS, HAIL    4 = ICE PELLETS
                        TOTAL MONTH:   0.0 INCH    5 = HAIL
                        GRTST 24HR     0.0         6 = FREEZING RAIN OR DRIZZLE
                        GRTST DEPTH:  M  ON   M    7 = DUSTSTORM OR SANDSTORM:
                                                       VSBY 1/2 MILE OR LESS
                                                   8 = SMOKE OR HAZE
[NO. OF DAYS WITH]      [WEATHER - DAYS WITH]      9 = BLOWING SNOW
                                                   X = TORNADO
MAX 32 OR BELOW:   0    0.01 INCH OR MORE:   2
MAX 90 OR ABOVE:  18    0.10 INCH OR MORE:   2
MIN 32 OR BELOW:   0    0.50 INCH OR MORE:   1
MIN  0 OR BELOW:   0    1.00 INCH OR MORE:   1

[HDD (BASE 65) ]
TOTAL THIS MO.     0    CLEAR  (SCALE 0-3)  22
DPTR FM NORMAL    -9    PTCLDY (SCALE 4-7)   4
TOTAL FM JUL 1     0    CLOUDY (SCALE 8-10)  2
DPTR FM NORMAL    -9

[CDD (BASE 65) ]
TOTAL THIS MO.   351
DPTR FM NORMAL   130    [PRESSURE DATA]
TOTAL FM JAN 1  1997    HIGHEST SLP M ON M
DPTR FM NORMAL   396    LOWEST  SLP 29.78 ON  2

[REMARKS]
