000
CXUS53 KFGF 260915
CF6FGF
PRELIMINARY LOCAL CLIMATOLOGICAL DATA (WS FORM: F-6)

                                          STATION:   GRAND FORKS UNIV. (NWS) ND
                                          MONTH:     JANUARY
                                          YEAR:      2015
                                          LATITUDE:   47 55 N
                                          LONGITUDE:  97  6 W

  TEMPERATURE IN F:       :PCPN:    SNOW:  WIND      :SUNSHINE: SKY     :PK WND
================================================================================
1   2   3   4   5  6A  6B    7    8   9   10  11  12  13   14  15   16   17  18
                                     12Z  AVG MX 2MIN
DY MAX MIN AVG DEP HDD CDD  WTR  SNW DPTH SPD SPD DIR MIN PSBL S-S WX    SPD DR
================================================================================

 1  26   0  13   5  52   0 0.05  0.9    1   M   M   M   M    M   M         M  M
 2  26   3  15   7  50   0 0.04  1.4    1   M   M   M   M    M   M         M  M
 3  19 -15   2  -5  63   0 0.04  1.6    4   M   M   M   M    M   M         M  M
 4 -10 -19 -14 -21  79   0 0.00  0.0    4   M   M   M   M    M   M         M  M
 5   1 -14  -6 -13  71   0 0.00  0.0    3   M   M   M   M    M   M         M  M
 6   4 -11  -3 -10  68   0    T    T    3   M   M   M   M    M   M         M  M
 7   3 -13  -5 -12  70   0 0.00  0.0    3   M   M   M   M    M   M         M  M
 8   9  -4   3  -4  62   0 0.02  0.8    2   M   M   M   M    M   M 9       M  M
 9   5  -5   0  -7  65   0 0.00  0.0    2   M   M   M   M    M   M         M  M
10   1 -10  -4 -11  69   0 0.00  0.0    2   M   M   M   M    M   M         M  M
11  10  -8   1  -6  64   0 0.00  0.0    2   M   M   M   M    M   M         M  M
12  -1 -16  -8 -15  73   0 0.00  0.0    2   M   M   M   M    M   M         M  M
13  13 -10   2  -5  63   0 0.00  0.0    2   M   M   M   M    M   M         M  M
14  31   2  17  10  48   0 0.01  0.3    2   M   M   M   M    M   M         M  M
15  31  14  23  16  42   0    T    T    2   M   M   M   M    M   M         M  M
16  28   8  18  11  47   0    T    T    2   M   M   M   M    M   M 16      M  M
17  38  27  33  26  32   0 0.09  1.0    1   M   M   M   M    M   M 16      M  M
18  28  14  21  14  44   0 0.00  0.0    2   M   M   M   M    M   M         M  M
19  33  17  25  18  40   0    T    T    2   M   M   M   M    M   M         M  M
20  28  24  26  19  39   0    T  0.0    2   M   M   M   M    M   M         M  M
21  25   7  16   9  49   0    T    T    2   M   M   M   M    M   M 6       M  M
22  37   8  23  16  42   0 0.02  0.0    2   M   M   M   M    M   M         M  M
23  44  29  37  29  28   0    T  0.0    2   M   M   M   M    M   M         M  M
24  36  20  28  20  37   0 0.00  0.0    T   M   M   M   M    M   M         M  M
25  28  10  19  11  46   0 0.00  0.0    T   M   M   M   M    M   M         M  M
================================================================================
SM  493   58      1343   0  0.27     6.0     M          M        M
================================================================================
AV 19.7  2.3                                 M FASTST   M    M   5    MAX(MPH)
                                 MISC ---->     M   M                  M    M
================================================================================
NOTES:
# LAST OF SEVERAL OCCURRENCES

COLUMN 17 PEAK WIND IN M.P.H.

PRELIMINARY LOCAL CLIMATOLOGICAL DATA (WS FORM: F-6) , PAGE 2

                                          STATION:  GRAND FORKS UNIV. (NWS) ND
                                          MONTH:    JANUARY
                                          YEAR:     2015
                                          LATITUDE:   47 55 N
                                          LONGITUDE:  97  6 W

[TEMPERATURE DATA]      [PRECIPITATION DATA]       SYMBOLS USED IN COLUMN 16

AVERAGE MONTHLY: 11.0   TOTAL FOR MONTH:   0.27    1 = FOG OR MIST
DPTR FM NORMAL:   3.8   DPTR FM NORMAL:   -0.32    2 = FOG REDUCING VISIBILITY
HIGHEST:    44 ON 23    GRTST 24HR  0.09 ON 17-17      TO 1/4 MILE OR LESS
LOWEST:    -19 ON  4                               3 = THUNDER
                        SNOW, ICE PELLETS, HAIL    4 = ICE PELLETS
                        TOTAL MONTH:   6.0 INCHES  5 = HAIL
                        GRTST 24HR   1.6 ON   M    6 = FREEZING RAIN OR DRIZZLE
                        GRTST DEPTH:   4 ON  4, 3  7 = DUSTSTORM OR SANDSTORM:
                                                       VSBY 1/2 MILE OR LESS
                                                   8 = SMOKE OR HAZE
[NO. OF DAYS WITH]      [WEATHER - DAYS WITH]      9 = BLOWING SNOW
                                                   X = TORNADO
MAX 32 OR BELOW:  20    0.01 INCH OR MORE:   7
MAX 90 OR ABOVE:   0    0.10 INCH OR MORE:   0
MIN 32 OR BELOW:  25    0.50 INCH OR MORE:   0
MIN  0 OR BELOW:  12    1.00 INCH OR MORE:   0

[HDD (BASE 65) ]
TOTAL THIS MO.  1343    CLEAR  (SCALE 0-3)   0
DPTR FM NORMAL  -103    PTCLDY (SCALE 4-7)   0
TOTAL FM JUL 1  4896    CLOUDY (SCALE 8-10)  0
DPTR FM NORMAL  -281

[CDD (BASE 65) ]
TOTAL THIS MO.     0
DPTR FM NORMAL     0    [PRESSURE DATA]
TOTAL FM JAN 1     0    HIGHEST SLP M ON M
DPTR FM NORMAL     0    LOWEST  SLP M ON M

[REMARKS]
