000
CXUS56 KFGZ 290900
CF6FLG
PRELIMINARY LOCAL CLIMATOLOGICAL DATA (WS FORM: F-6)

                                          STATION:   FLAGSTAFF AZ AIRPORT
                                          MONTH:     SEPTEMBER
                                          YEAR:      2016
                                          LATITUDE:   35  7 N
                                          LONGITUDE: 111 40 W

  TEMPERATURE IN F:       :PCPN:    SNOW:  WIND      :SUNSHINE: SKY     :PK WND
================================================================================
1   2   3   4   5  6A  6B    7    8   9   10  11  12  13   14  15   16   17  18
                                     12Z  AVG MX 2MIN
DY MAX MIN AVG DEP HDD CDD  WTR  SNW DPTH SPD SPD DIR MIN PSBL S-S WX    SPD DR
================================================================================

 1  76  50  63   1   2   0 0.06  0.0    0  2.5 13 210   M    M   5 1      20 130
 2  73  48  61  -1   4   0 0.00  0.0    0  2.5 15 190   M    M   3        19 210
 3  74  47  61   0   4   0 0.00  0.0    0  7.6 28 220   M    M   3        34 220
 4  72  39  56  -5   9   0 0.00  0.0    0 10.6 29 220   M    M   0        38 200
 5  73  39  56  -5   9   0 0.00  0.0    0  6.1 22 220   M    M   0        29 230
 6  73  39  56  -5   9   0 0.00  0.0    0  7.1 22 210   M    M   0        31 220
 7  73  49  61   1   4   0 0.03  0.0    0  2.9 14 210   M    M   3        18 220
 8  78  51  65   5   0   0 0.00  0.0    0  6.4 16 220   M    M   1 1      22 250
 9  81  50  66   6   0   1 0.00  0.0    0  4.0 15 220   M    M   2        20 210
10  82  42  62   2   3   0 0.00  0.0    0  4.0 20 220   M    M   0        26 220
11  77  45  61   2   4   0 0.00  0.0    0  6.9 25 220   M    M   0        32 230
12  73  44  59   0   6   0    T  0.0    0 11.8 31 220   M    M   2 3      42 230
13  68  54  61   3   4   0 0.00  0.0    0 17.3 36 210   M    M   2 3      45 220
14  70  42  56  -2   9   0 0.00  0.0    0 15.0 36 220   M    M   1        46 220
15  71  32  52  -6  13   0 0.00  0.0    0  4.7 20 220   M    M   0 8      24 220
16  72  31  52  -6  13   0 0.00  0.0    0  3.7 17 220   M    M   0        24 230
17  76  30  53  -4  12   0 0.00  0.0    0  2.0 16 200   M    M   0        20 230
18  78  31  55  -2  10   0 0.00  0.0    0  3.3 15 240   M    M   0        19 220
19  82  35  59   3   6   0 0.00  0.0    0  3.4 16 200   M    M   0 8      21 200
20  65  51  58   2   7   0 0.48  0.0    0  4.1 16 190   M    M   9 18     24 200
21  70  49  60   4   5   0    T    M    0  5.2 21 220   M    M   6 1      26 230
22  59  49  54  -1  11   0 0.21  0.0    0 14.5 31 220   M    M   8 13     42 220
23  58  39  49  -6  16   0 0.10  0.0    0  9.3 26 200   M    M   2 38     39 200
24  64  30  47  -8  18   0 0.00  0.0    0  7.5 20  70   M    M   0        25  70
25  66  45  56   2   9   0 0.00  0.0    0 13.6 28  40   M    M   0        40  40
26  69  44  57   3   8   0 0.00  0.0    0  9.4 22  50   M    M   0        30  60
27  66  44  55   1  10   0 0.30  0.0    0  4.6 23  60   M    M   5 13     31  80
28  66  40  53   0  12   0 0.28  0.0    0  2.5 21 160   M    M   5 13     30 170
================================================================================
SM 2005 1189       217   1  1.46     0.0 192.5          M       57
================================================================================
AV 71.6 42.5                               6.9 FASTST   M    M   2    MAX(MPH)
                                 MISC ---->  # 36 210               # 46  220
================================================================================
NOTES:
# LAST OF SEVERAL OCCURRENCES

COLUMN 17 PEAK WIND IN M.P.H.

PRELIMINARY LOCAL CLIMATOLOGICAL DATA (WS FORM: F-6) , PAGE 2

                                          STATION:  FLAGSTAFF AZ AIRPORT
                                          MONTH:    SEPTEMBER
                                          YEAR:     2016
                                          LATITUDE:   35  7 N
                                          LONGITUDE: 111 40 W

[TEMPERATURE DATA]      [PRECIPITATION DATA]       SYMBOLS USED IN COLUMN 16

AVERAGE MONTHLY: 57.0   TOTAL FOR MONTH:   1.46    1 = FOG OR MIST
DPTR FM NORMAL:  -0.8   DPTR FM NORMAL:   -0.79    2 = FOG REDUCING VISIBILITY
HIGHEST:    82 ON 19,10 GRTST 24HR  0.48 ON 19-20      TO 1/4 MILE OR LESS
LOWEST:     30 ON 24,17                            3 = THUNDER
                        SNOW, ICE PELLETS, HAIL    4 = ICE PELLETS
                        TOTAL MONTH:   0.0 INCH    5 = HAIL
                        GRTST 24HR     0.0         6 = FREEZING RAIN OR DRIZZLE
                        GRTST DEPTH:   0           7 = DUSTSTORM OR SANDSTORM:
                                                       VSBY 1/2 MILE OR LESS
                                                   8 = SMOKE OR HAZE
[NO. OF DAYS WITH]      [WEATHER - DAYS WITH]      9 = BLOWING SNOW
                                                   X = TORNADO
MAX 32 OR BELOW:   0    0.01 INCH OR MORE:   7
MAX 90 OR ABOVE:   0    0.10 INCH OR MORE:   5
MIN 32 OR BELOW:   5    0.50 INCH OR MORE:   0
MIN  0 OR BELOW:   0    1.00 INCH OR MORE:   0

[HDD (BASE 65) ]
TOTAL THIS MO.   217    CLEAR  (SCALE 0-3)  22
DPTR FM NORMAL    12    PTCLDY (SCALE 4-7)   5
TOTAL FM JUL 1   317    CLOUDY (SCALE 8-10)  1
DPTR FM NORMAL    24

[CDD (BASE 65) ]
TOTAL THIS MO.     1
DPTR FM NORMAL     1    [PRESSURE DATA]
TOTAL FM JAN 1   131    HIGHEST SLP M ON M
DPTR FM NORMAL    17    LOWEST  SLP 29.70 ON 23

[REMARKS]
