000
CXUS52 KMFL 191000
CF6FLL
PRELIMINARY LOCAL CLIMATOLOGICAL DATA (WS FORM: F-6)

                                          STATION:   FORT LAUDERDALE
                                          MONTH:     DECEMBER
                                          YEAR:      2014
                                          LATITUDE:   26  4 N
                                          LONGITUDE:  80  9 W

  TEMPERATURE IN F:       :PCPN:    SNOW:  WIND      :SUNSHINE: SKY     :PK WND
================================================================================
1   2   3   4   5  6A  6B    7    8   9   10  11  12  13   14  15   16   17  18
                                     12Z  AVG MX 2MIN
DY MAX MIN AVG DEP HDD CDD  WTR  SNW DPTH SPD SPD DIR MIN PSBL S-S WX    SPD DR
================================================================================

 1  81  72  77   4   0  12 0.19  0.0    0 15.5 24  70   M    M   6 8      30  70
 2  80  70  75   2   0  10 1.27  0.0    0 12.2 23 120   M    M   8 13     29 120
 3  81  73  77   4   0  12 0.02  0.0    0 12.5 21 110   M    M   4        27  70
 4  82  74  78   5   0  13 0.10  0.0    0 13.5 18  80   M    M   4 1      30  60
 5  83  73  78   5   0  13 0.15  0.0    0 12.4 21 100   M    M   4 1      25  80
 6  81  69  75   3   0  10 0.00  0.0    0  7.8 16 110   M    M   3        27  70
 7  80  66  73   1   0   8 0.00  0.0    0  7.7 15 330   M    M   2 8      20 300
 8  77  61  69  -3   0   4 0.00  0.0    0  6.7 13 270   M    M   1        17 270
 9  70  55  63  -9   2   0 0.00  0.0    0  9.1 18 310   M    M   6 1      24 310
10  67  50  59 -13   6   0 0.00  0.0    0  6.5 20 340   M    M   2        28  10
11  70  52  61 -11   4   0 0.00  0.0    0  4.9 14 280   M    M   3        18 260
12  69  53  61 -11   4   0 0.00  0.0    0  6.6 14 340   M    M   6        18 350
13  77  55  66  -5   0   1 0.00  0.0    0  8.1 14  30   M    M   5        19  50
14  77  56  67  -4   0   2 0.00  0.0    0  6.1 13  90   M    M   2        14  90
15  78  57  68  -3   0   3 0.00  0.0    0  3.6 12 100   M    M   3        15 100
16  80  57  69  -2   0   4 0.00  0.0    0  4.2  9 130   M    M   3        12 340
17  81  58  70  -1   0   5 0.00  0.0    0  4.9 12 270   M    M   0        15 280
18  80  61  71   0   0   6 0.00  0.0    0  5.5 12 320   M    M   3        14 270
================================================================================
SM 1394 1112        16 103  1.73     0.0 147.8          M       65
================================================================================
AV 77.4 61.8                               8.2 FASTST   M    M   4    MAX(MPH)
                                 MISC ---->  # 24  70               # 30   70
================================================================================
NOTES:
# LAST OF SEVERAL OCCURRENCES

COLUMN 17 PEAK WIND IN M.P.H.

PRELIMINARY LOCAL CLIMATOLOGICAL DATA (WS FORM: F-6) , PAGE 2

                                          STATION:  FORT LAUDERDALE
                                          MONTH:    DECEMBER
                                          YEAR:     2014
                                          LATITUDE:   26  4 N
                                          LONGITUDE:  80  9 W

[TEMPERATURE DATA]      [PRECIPITATION DATA]       SYMBOLS USED IN COLUMN 16

AVERAGE MONTHLY: 69.6   TOTAL FOR MONTH:   1.73    1 = FOG OR MIST
DPTR FM NORMAL:  -2.3   DPTR FM NORMAL:    0.18    2 = FOG REDUCING VISIBILITY
HIGHEST:    83 ON  5    GRTST 24HR  1.29 ON  2- 3      TO 1/4 MILE OR LESS
LOWEST:     50 ON 10                               3 = THUNDER
                        SNOW, ICE PELLETS, HAIL    4 = ICE PELLETS
                        TOTAL MONTH:   0.0 INCH    5 = HAIL
                        GRTST 24HR     0.0         6 = FREEZING RAIN OR DRIZZLE
                        GRTST DEPTH:   0           7 = DUSTSTORM OR SANDSTORM:
                                                       VSBY 1/2 MILE OR LESS
                                                   8 = SMOKE OR HAZE
[NO. OF DAYS WITH]      [WEATHER - DAYS WITH]      9 = BLOWING SNOW
                                                   X = TORNADO
MAX 32 OR BELOW:   0    0.01 INCH OR MORE:   5
MAX 90 OR ABOVE:   0    0.10 INCH OR MORE:   4
MIN 32 OR BELOW:   0    0.50 INCH OR MORE:   1
MIN  0 OR BELOW:   0    1.00 INCH OR MORE:   1

[HDD (BASE 65) ]
TOTAL THIS MO.    16    CLEAR  (SCALE 0-3)   9
DPTR FM NORMAL     3    PTCLDY (SCALE 4-7)   9
TOTAL FM JUL 1    26    CLOUDY (SCALE 8-10)  0
DPTR FM NORMAL    11

[CDD (BASE 65) ]
TOTAL THIS MO.   103
DPTR FM NORMAL   -36    [PRESSURE DATA]
TOTAL FM JAN 1  4704    HIGHEST SLP M ON M
DPTR FM NORMAL    52    LOWEST  SLP 29.98 ON  9

[REMARKS]
