303
CXUS52 KILM 291000
CF6FLO
PRELIMINARY LOCAL CLIMATOLOGICAL DATA (WS FORM: F-6)

                                          STATION:   FLORENCE SC
                                          MONTH:     APRIL
                                          YEAR:      2016
                                          LATITUDE:   34 10 N
                                          LONGITUDE:  79 43 W

  TEMPERATURE IN F:       :PCPN:    SNOW:  WIND      :SUNSHINE: SKY     :PK WND
================================================================================
1   2   3   4   5  6A  6B    7    8   9   10  11  12  13   14  15   16   17  18
                                     12Z  AVG MX 2MIN
DY MAX MIN AVG DEP HDD CDD  WTR  SNW DPTH SPD SPD DIR MIN PSBL S-S WX    SPD DR
================================================================================

 1  76  64  70  10   0   5 1.71    M    M  9.0 25 260   M    M   7 13     34 250
 2  77  59  68   8   0   3 0.11    M    M 13.6 31 270   M    M   4 1      46 270
 3  69  47  58  -2   7   0 0.00    M    M  7.7 18 310   M    M   0        24 320
 4  77  43  60   0   5   0 0.00    M    M  8.3 20 240   M    M   0        26 220
 5  63  42  53  -8  12   0 0.00    M    M 11.2 25 360   M    M   0        33  10
 6  66  33  50 -11  15   0 0.00    M    M  7.2 17 150   M    M   1        22 160
 7  72  54  63   2   2   0 0.49    M    M 13.3 29 250   M    M   3 13     37 230
 8  69  52  61   0   4   0 0.01    M    M  7.6 21 280   M    M   6        26 280
 9  65  41  53  -9  12   0 0.00    M    M 11.6 29 310   M    M   0        38 310
10  59  33  46 -16  19   0 0.00    M    M  6.2 14 160   M    M   0        17 150
11  77  43  60  -2   5   0 0.00    M    M  8.0 17 180   M    M   3        22 180
12  67  59  63   1   2   0 0.45    M    M  4.3 10 220   M    M   9 128    14 230
13  69  53  61  -2   4   0 0.01    M    M  9.2 20  60   M    M   4 12     28  40
14  70  48  59  -4   6   0 0.00    M    M 10.5 21  60   M    M   0        26  40
15  69  49  59  -4   6   0 0.00    M    M 11.5 20  60   M    M   1        24  60
16  72  45  59  -4   6   0 0.00    M    M  8.5 16  60   M    M   0        20  40
17  74  43  59  -5   6   0 0.00    M    M  7.6 21  20   M    M   0        27  20
18  83  42  63  -1   2   0 0.00    M    M  2.9 12 170   M    M   0 8      14 160
19  89  51  70   6   0   5 0.00    M    M  8.4 17 250   M    M   0 8      21 260
20  81  58  70   6   0   5 0.00    M    M  8.9 17  80   M    M   1        20  70
21  82  58  70   5   0   5 0.00    M    M  6.9 15 240   M    M   4        20 240
22  73  62  68   3   0   3 2.56    M    M  6.5 16 180   M    M   7 13     21 190
23  79  60  70   5   0   5 0.00    M    M  7.3 17 330   M    M   6 1      23 320
24  77  55  66   1   0   1 0.00    M    M  4.7 13  50   M    M   2        17  50
25  82  53  68   2   0   3 0.00    M    M  5.0 14 180   M    M   1        19 210
26  84  57  71   5   0   6 0.00    M    M  8.7 16 190   M    M   1        21 190
27  87  62  75   9   0  10 0.00    M    M  9.6 17 220   M    M   1        21 220
28  86  66  76  10   0  11    T    M    M  9.4 18 210   M    M   2        23 200
================================================================================
SM 2094 1432       113  62  5.34    M    233.6          M       63
================================================================================
AV 74.8 51.1                               8.3 FASTST   M    M   2    MAX(MPH)
                                 MISC ---->  # 31 270               # 46  270
================================================================================
NOTES:
# LAST OF SEVERAL OCCURRENCES

COLUMN 17 PEAK WIND IN M.P.H.

PRELIMINARY LOCAL CLIMATOLOGICAL DATA (WS FORM: F-6) , PAGE 2

                                          STATION:  FLORENCE SC
                                          MONTH:    APRIL
                                          YEAR:     2016
                                          LATITUDE:   34 10 N
                                          LONGITUDE:  79 43 W

[TEMPERATURE DATA]      [PRECIPITATION DATA]       SYMBOLS USED IN COLUMN 16

AVERAGE MONTHLY: 63.0   TOTAL FOR MONTH:   5.34    1 = FOG OR MIST
DPTR FM NORMAL:  -0.0   DPTR FM NORMAL:    2.89    2 = FOG REDUCING VISIBILITY
HIGHEST:    89 ON 19    GRTST 24HR  2.56 ON 22-22      TO 1/4 MILE OR LESS
LOWEST:     33 ON 10, 6                            3 = THUNDER
                        SNOW, ICE PELLETS, HAIL    4 = ICE PELLETS
                        TOTAL MONTH:    M          5 = HAIL
                        GRTST 24HR    M  ON   M    6 = FREEZING RAIN OR DRIZZLE
                        GRTST DEPTH:  M  ON   M    7 = DUSTSTORM OR SANDSTORM:
                                                       VSBY 1/2 MILE OR LESS
                                                   8 = SMOKE OR HAZE
[NO. OF DAYS WITH]      [WEATHER - DAYS WITH]      9 = BLOWING SNOW
                                                   X = TORNADO
MAX 32 OR BELOW:   0    0.01 INCH OR MORE:   7
MAX 90 OR ABOVE:   0    0.10 INCH OR MORE:   5
MIN 32 OR BELOW:   0    0.50 INCH OR MORE:   2
MIN  0 OR BELOW:   0    1.00 INCH OR MORE:   2

[HDD (BASE 65) ]
TOTAL THIS MO.   113    CLEAR  (SCALE 0-3)  19
DPTR FM NORMAL    -6    PTCLDY (SCALE 4-7)   8
TOTAL FM JUL 1  1938    CLOUDY (SCALE 8-10)  1
DPTR FM NORMAL  -557

[CDD (BASE 65) ]
TOTAL THIS MO.    62
DPTR FM NORMAL    -1    [PRESSURE DATA]
TOTAL FM JAN 1   111    HIGHEST SLP M ON M
DPTR FM NORMAL    24    LOWEST  SLP 29.54 ON  2

[REMARKS]
