000
CXUS52 KILM 211000
CF6FLO
PRELIMINARY LOCAL CLIMATOLOGICAL DATA (WS FORM: F-6)

                                          STATION:   FLORENCE SOUTH  CAROLINA
                                          MONTH:     NOVEMBER
                                          YEAR:      2017
                                          LATITUDE:   34 10 N
                                          LONGITUDE:  79 43 W

  TEMPERATURE IN F:       :PCPN:    SNOW:  WIND      :SUNSHINE: SKY     :PK WND
================================================================================
1   2   3   4   5  6A  6B    7    8   9   10  11  12  13   14  15   16   17  18
                                     12Z  AVG MX 2MIN
DY MAX MIN AVG DEP HDD CDD  WTR  SNW DPTH SPD SPD DIR MIN PSBL S-S WX    SPD DR
================================================================================

 1  75  45  60   0   5   0 0.00    M    M  3.1 13 150   M    M   2 1      16 180
 2   M   M   M   M   M   M 0.00    M    M  1.2  8 350   M    M   4 18     12 290
 3  83   M   M   M   M   M 0.00    M    M  2.1  9 280   M    M   0 8      13 310
 4  82  57  70  11   0   5 0.00    M    M  5.0 16  60   M    M   0        18  60
 5  70  56  63   5   2   0 0.00    M    M  4.2 10 350   M    M   3 1      13 360
 6  79  53  66   8   0   1 0.00    M    M  2.7 12 260   M    M   1 2      19 270
 7  82  63  73  15   0   8 0.00    M    M  3.7 13 230   M    M   5        16 230
 8  69  48  59   1   6   0    T    M    M 10.5 18  30   M    M   8 1      23  10
 9  52  48  50  -7  15   0 0.54    M    M  6.7 10 350   M    M  10 1      13 350
10  65  46  56  -1   9   0 0.00    M    M  9.0 17  30   M    M   1        23  20
11  53  34  44 -13  21   0 0.00    M    M 10.5 21  60   M    M   0        25  60
12  63  36  50  -6  15   0 0.00    M    M  6.8 13  10   M    M   4        14 120
13  64  47  56   0   9   0 0.14    M    M  7.1 15 350   M    M   6 1      20 330
14  60  41  51  -5  14   0 0.00    M    M  8.5 20  10   M    M   1 18     24 360
15  58  37  48  -8  17   0 0.00    M    M  5.9 16  50   M    M   0        20  60
16  69  35  52  -3  13   0 0.00    M    M  3.5 12 270   M    M   0        17 280
17  62  37  50  -5  15   0 0.00    M    M  4.6 15  70   M    M   0        21  80
18  73  34  54  -1  11   0 0.00    M    M  6.9 22 210   M    M   1        30 200
19  67  42  55   1  10   0    T    M    M 11.0 23 230   M    M   2        31 230
20  61  30  46  -8  19   0 0.00    M    M  2.5 10  10   M    M   0        14  10
================================================================================
SM 1287  789       181  14  0.68    M    115.5          M       48
================================================================================
AV 67.7 43.8                               5.8 FASTST   M    M   2    MAX(MPH)
                                 MISC ---->  # 23 230               # 31  230
================================================================================
NOTES:
# LAST OF SEVERAL OCCURRENCES

COLUMN 17 PEAK WIND IN M.P.H.

PRELIMINARY LOCAL CLIMATOLOGICAL DATA (WS FORM: F-6) , PAGE 2

                                          STATION:  FLORENCE SOUTH  CAROLINA
                                          MONTH:    NOVEMBER
                                          YEAR:     2017
                                          LATITUDE:   34 10 N
                                          LONGITUDE:  79 43 W

[TEMPERATURE DATA]      [PRECIPITATION DATA]       SYMBOLS USED IN COLUMN 16

AVERAGE MONTHLY: 55.8   TOTAL FOR MONTH:   0.68    1 = FOG OR MIST
DPTR FM NORMAL:  -1.1   DPTR FM NORMAL:   -1.07    2 = FOG REDUCING VISIBILITY
HIGHEST:    83 ON  3    GRTST 24HR  0.54 ON  9- 9      TO 1/4 MILE OR LESS
LOWEST:     30 ON 20                               3 = THUNDER
                        SNOW, ICE PELLETS, HAIL    4 = ICE PELLETS
                        TOTAL MONTH:    M          5 = HAIL
                        GRTST 24HR    M  ON   M    6 = FREEZING RAIN OR DRIZZLE
                        GRTST DEPTH:  M  ON   M    7 = DUSTSTORM OR SANDSTORM:
                                                       VSBY 1/2 MILE OR LESS
                                                   8 = SMOKE OR HAZE
[NO. OF DAYS WITH]      [WEATHER - DAYS WITH]      9 = BLOWING SNOW
                                                   X = TORNADO
MAX 32 OR BELOW:   0    0.01 INCH OR MORE:   2
MAX 90 OR ABOVE:   0    0.10 INCH OR MORE:   2
MIN 32 OR BELOW:   1    0.50 INCH OR MORE:   1
MIN  0 OR BELOW:   0    1.00 INCH OR MORE:   0

[HDD (BASE 65) ]
TOTAL THIS MO.   181    CLEAR  (SCALE 0-3)  14
DPTR FM NORMAL     5    PTCLDY (SCALE 4-7)   4
TOTAL FM JUL 1   271    CLOUDY (SCALE 8-10)  2
DPTR FM NORMAL   -22

[CDD (BASE 65) ]
TOTAL THIS MO.    14
DPTR FM NORMAL    -2    [PRESSURE DATA]
TOTAL FM JAN 1  2248    HIGHEST SLP M ON M
DPTR FM NORMAL   190    LOWEST  SLP 29.65 ON 19

[REMARKS]
