000
CXUS54 KLZK 251430
CF6FLP
PRELIMINARY LOCAL CLIMATOLOGICAL DATA (WS FORM: F-6)

                                          STATION:   Flippin
                                          MONTH:     JANUARY
                                          YEAR:      2015
                                          LATITUDE:   36 17 N
                                          LONGITUDE:  92 28 W

  TEMPERATURE IN F:       :PCPN:    SNOW:  WIND      :SUNSHINE: SKY     :PK WND
================================================================================
1   2   3   4   5  6A  6B    7    8   9   10  11  12  13   14  15   16   17  18
                                     12Z  AVG MX 2MIN
DY MAX MIN AVG DEP HDD CDD  WTR  SNW DPTH SPD SPD DIR MIN PSBL S-S WX    SPD DR
================================================================================

 1  37  32  35   M  30   0 0.12  0.0    0  0.1  4  50   M    M   9         M  M
 2  37  36  37   M  28   0 1.49  0.0    0  2.2  6 100   M    M   9         M  M
 3  46  37  42   M  23   0 1.23  0.0    0  4.8 15 250   M    M   9 3      18 250
 4  43  19  31   M  34   0 0.00  0.0    0 11.8 20 310   M    M   6        37 290
 5  36  16  26   M  39   0 0.00  0.0    0  3.3  8 130   M    M   0         M  M
 6  43  25  34   M  31   0 0.00  0.0    0  4.4 13 340   M    M   0        18 340
 7  32   9  21   M  44   0 0.00  0.0    0 11.4 18 350   M    M   3        27 360
 8  30   1  16   M  49   0 0.00  0.0    0  5.0 14 180   M    M   1        21 180
 9  32  14  23   M  42   0 0.00  0.0    0  8.1 17 350   M    M   3        24 350
10  36   7  22   M  43   0 0.00  0.0    0  3.5  9 150   M    M   4         M  M
11  36  30  33   M  32   0 0.34  0.0    0  2.9  7 150   M    M  10 16      M  M
12  37  27  32   M  33   0 0.03    M    0  6.9 13 360   M    M   7        21 360
13  34  18  26   M  39   0 0.00  0.0    0  4.6  9  30   M    M   0         M  M
14  41  18  30   M  35   0 0.00  0.0    0  1.1  5  40   M    M   3         M  M
15  48  30  39   M  26   0 0.00  0.0    0  2.1  7 290   M    M   4         M  M
16  59  21  40   M  25   0 0.00  0.0    0  2.7  7 220   M    M   0         M  M
17  64  28  46   M  19   0 0.00  0.0    0  6.7 18 280   M    M   0        29 280
18  66  34  50   M  15   0 0.00  0.0    0  6.9 14 250   M    M   0        21 300
19  70  30  50   M  15   0 0.00  0.0    0  1.2  6 360   M    M   0         M  M
20  57  37  47   M  18   0 0.00  0.0    0  3.5 15 360   M    M   1        21 360
21  54  25  40   M  25   0 0.00  0.0    0  3.5 12 320   M    M   1         M  M
22  43  34  39   M  26   0 0.00  0.0    0  2.1  6  70   M    M   2         M  M
23  46  28  37   M  28   0 0.00  0.0    0  5.5  9 330   M    M   1        16  10
24  59  21  40   M  25   0 0.00  0.0    0  3.6 12 270   M    M   0         M  M
================================================================================
SM 1086  577       724   0  3.21     0.0 107.9          M       73
================================================================================
AV 45.2 24.0                               4.5 FASTST   M    M   3    MAX(MPH)
                                 MISC ---->    20   M                 37    M
================================================================================
NOTES:
# LAST OF SEVERAL OCCURRENCES

COLUMN 17 PEAK WIND IN M.P.H.

PRELIMINARY LOCAL CLIMATOLOGICAL DATA (WS FORM: F-6) , PAGE 2

                                          STATION:  Flippin
                                          MONTH:    JANUARY
                                          YEAR:     2015
                                          LATITUDE:   36 17 N
                                          LONGITUDE:  92 28 W

[TEMPERATURE DATA]      [PRECIPITATION DATA]       SYMBOLS USED IN COLUMN 16

AVERAGE MONTHLY: 34.6   TOTAL FOR MONTH:   3.21    1 = FOG OR MIST
DPTR FM NORMAL:     M   DPTR FM NORMAL:       M    2 = FOG REDUCING VISIBILITY
HIGHEST:    70 ON 19    GRTST 24HR  1.49 ON  2- 2      TO 1/4 MILE OR LESS
LOWEST:      1 ON  8                               3 = THUNDER
                        SNOW, ICE PELLETS, HAIL    4 = ICE PELLETS
                        TOTAL MONTH:   0.0 INCH    5 = HAIL
                        GRTST 24HR     0.0         6 = FREEZING RAIN OR DRIZZLE
                        GRTST DEPTH:   0           7 = DUSTSTORM OR SANDSTORM:
                                                       VSBY 1/2 MILE OR LESS
                                                   8 = SMOKE OR HAZE
[NO. OF DAYS WITH]      [WEATHER - DAYS WITH]      9 = BLOWING SNOW
                                                   X = TORNADO
MAX 32 OR BELOW:   3    0.01 INCH OR MORE:   5
MAX 90 OR ABOVE:   0    0.10 INCH OR MORE:   4
MIN 32 OR BELOW:  19    0.50 INCH OR MORE:   2
MIN  0 OR BELOW:   0    1.00 INCH OR MORE:   2

[HDD (BASE 65) ]
TOTAL THIS MO.   724    CLEAR  (SCALE 0-3)  14
DPTR FM NORMAL     M    PTCLDY (SCALE 4-7)   6
TOTAL FM JUL 1  2307    CLOUDY (SCALE 8-10)  4
DPTR FM NORMAL     M

[CDD (BASE 65) ]
TOTAL THIS MO.     0
DPTR FM NORMAL     M    [PRESSURE DATA]
TOTAL FM JAN 1     0    HIGHEST SLP M ON M
DPTR FM NORMAL     M    LOWEST  SLP M ON M

[REMARKS]
