000
CXUS55 KBOU 260746
CF6FNL
PRELIMINARY LOCAL CLIMATOLOGICAL DATA (WS FORM: F-6)

                                          STATION:   FT COLLINS/LOVELAND CO
                                          MONTH:     MARCH
                                          YEAR:      2017
                                          LATITUDE:   40 27 N
                                          LONGITUDE: 105  1 W

  TEMPERATURE IN F:       :PCPN:    SNOW:  WIND      :SUNSHINE: SKY     :PK WND
================================================================================
1   2   3   4   5  6A  6B    7    8   9   10  11  12  13   14  15   16   17  18
                                     12Z  AVG MX 2MIN
DY MAX MIN AVG DEP HDD CDD  WTR  SNW DPTH SPD SPD DIR MIN PSBL S-S WX    SPD DR
================================================================================

 1  47  20  34   M  31   0    M    M    M  7.5 17 340   M    M   0        29 310
 2  53  18  36   M  29   0    M    M    M  4.4 10 100   M    M   0         M  M
 3  61  20  41   M  24   0    M    M    M  3.2  8  60   M    M   0         M  M
 4  70  23  47   M  18   0    M    M    M  7.2 17 260   M    M   0        30 260
 5  65  31  48   M  17   0    M    M    M  6.8 13 180   M    M   0         M  M
 6  52  25  39   M  26   0    M    M    M 20.6 36 290   M    M   1        47 290
 7  53  24  39   M  26   0    M    M    M 16.0 38 300   M    M   0        50 290
 8  68  21  45   M  20   0    M    M    M 11.7 23 250   M    M   0        35 250
 9  72  31  52   M  13   0    M    M    M 10.4 27 300   M    M   0        37  90
10  60  24  42   M  23   0    M    M    M  4.1 13 110   M    M   0         M  M
11  52  37  45   M  20   0    M    M    M  6.7 15  90   M    M   6        18 130
12  62  26  44   M  21   0    M    M    M 12.4 29 300   M    M   1        44 320
13  50  25  38   M  27   0    M    M    M  5.6 13 190   M    M   1         M  M
14  70  36  53   M  12   0    M    M    M  7.3 15 130   M    M   0        16  20
15  78  30  54   M  11   0    M    M    M  8.6 25 320   M    M   0        35 330
16  77  36  57   M   8   0    M    M    M  8.7 25 330   M    M   0        36 340
17  69  40  55   M  10   0    M    M    M  8.1 14 130   M    M   0        22 130
18  82  35  59   M   6   0    M    M    M  5.9 14 170   M    M   0        22 200
19  79  47  63   M   2   0    M    M    M  6.9 16 260   M    M   0        21 260
20  75  40  58   M   7   0    M    M    M  7.0 14 310   M    M   0        30 320
21  64  37  51   M  14   0    M    M    M  6.8 13  60   M    M   0         M  M
22  71  32  52   M  13   0    M    M    M  6.8 13  20   M    M   0         M  M
23  76  34  55   M  10   0    M    M    M 11.6 36  30   M    M   1        43  30
24  60  36  48   M  17   0    M    M    M 16.8 29 340   M    M   4        38 340
25  65  25  45   M  20   0    M    M    M  5.9 16 130   M    M   0         M  M
================================================================================
SM 1631  753       425   0    M     M    217.0          M       14
================================================================================
AV 65.2 30.1                               8.7 FASTST   M    M   1    MAX(MPH)
                                 MISC ---->  # 38 300               # 50  290
================================================================================
NOTES:
# LAST OF SEVERAL OCCURRENCES

COLUMN 17 PEAK WIND IN M.P.H.

PRELIMINARY LOCAL CLIMATOLOGICAL DATA (WS FORM: F-6) , PAGE 2

                                          STATION:  FT COLLINS/LOVELAND CO
                                          MONTH:    MARCH
                                          YEAR:     2017
                                          LATITUDE:   40 27 N
                                          LONGITUDE: 105  1 W

[TEMPERATURE DATA]      [PRECIPITATION DATA]       SYMBOLS USED IN COLUMN 16

AVERAGE MONTHLY: 47.7   TOTAL FOR MONTH:      M    1 = FOG OR MIST
DPTR FM NORMAL:     M   DPTR FM NORMAL:       M    2 = FOG REDUCING VISIBILITY
HIGHEST:    82 ON 18    GRTST 24HR    M  ON   M        TO 1/4 MILE OR LESS
LOWEST:     18 ON  2                               3 = THUNDER
                        SNOW, ICE PELLETS, HAIL    4 = ICE PELLETS
                        TOTAL MONTH:    M          5 = HAIL
                        GRTST 24HR    M  ON   M    6 = FREEZING RAIN OR DRIZZLE
                        GRTST DEPTH:  M  ON   M    7 = DUSTSTORM OR SANDSTORM:
                                                       VSBY 1/2 MILE OR LESS
                                                   8 = SMOKE OR HAZE
[NO. OF DAYS WITH]      [WEATHER - DAYS WITH]      9 = BLOWING SNOW
                                                   X = TORNADO
MAX 32 OR BELOW:   0    0.01 INCH OR MORE:   0
MAX 90 OR ABOVE:   0    0.10 INCH OR MORE:   0
MIN 32 OR BELOW:  15    0.50 INCH OR MORE:   0
MIN  0 OR BELOW:   0    1.00 INCH OR MORE:   0

[HDD (BASE 65) ]
TOTAL THIS MO.   425    CLEAR  (SCALE 0-3)  23
DPTR FM NORMAL     M    PTCLDY (SCALE 4-7)   2
TOTAL FM JUL 1  4305    CLOUDY (SCALE 8-10)  0
DPTR FM NORMAL     M

[CDD (BASE 65) ]
TOTAL THIS MO.     0
DPTR FM NORMAL     M    [PRESSURE DATA]
TOTAL FM JAN 1     0    HIGHEST SLP M ON M
DPTR FM NORMAL     M    LOWEST  SLP M ON M

[REMARKS]
