000
CXUS55 KBOU 042107 RRA
CF6FNL

PRELIMINARY LOCAL CLIMATOLOGICAL DATA (WS FORM: F-6)

                                          STATION:   FT COLLINS/LOVELAND CO
                                          MONTH:     JULY
                                          YEAR:      2015
                                          LATITUDE:   40 27 N
                                          LONGITUDE: 105  1 W

  TEMPERATURE IN F:       :PCPN:    SNOW:  WIND      :SUNSHINE: SKY     :PK WND
================================================================================
1   2   3   4   5  6A  6B    7    8   9   10  11  12  13   14  15   16   17  18
                                     12Z  AVG MX 2MIN
DY MAX MIN AVG DEP HDD CDD  WTR  SNW DPTH SPD SPD DIR MIN PSBL S-S WX    SPD DR
================================================================================

 1  90  63  77   M   0  12    M    M    M  3.7  8 170   M    M   0 3      16 100
 2  84  59  72   M   0   7    M    M    M  7.4 22  10   M    M   2 3      27  10
 3  84  57  71   M   0   6    M    M    M  5.0 12  80   M    M   0         M  M
 4  91  61  76   M   0  11    M    M    M  4.6  9 310   M    M   0 3       M  M
 5  93  59  76   M   0  11    M    M    M  7.2 17 340   M    M   1 3      24 360
 6  66  59  63   M   2   0    M    M    M  6.7 12  50   M    M   7        16  50
 7  68  57  63   M   2   0    M    M    M  4.0 10 130   M    M   2         M  M
 8  64  54  59   M   6   0    M    M    M  7.5 14  10   M    M   6         M  M
 9  77  55  66   M   0   1    M    M    M  6.6 12 120   M    M   4         M  M
10  86  57  72   M   0   7    M    M    M  4.4 12 350   M    M   2 3       M  M
11  88  57  73   M   0   8    M    M    M  7.1 18 360   M    M   0 3      23 360
12  91  55  73   M   0   8    M    M    M  5.8 14 220   M    M   1        24 190
13  90  61  76   M   0  11    M    M    M  7.2 18 220   M    M   1 3      25 160
14  90  57  74   M   0   9    M    M    M  6.4 18 340   M    M   1        27 340
15  86  57  72   M   0   7    M    M    M  4.7 20 350   M    M   1 3      25 350
16  88  54  71   M   0   6    M    M    M  4.7 12 270   M    M   0         M  M
17  93  54  74   M   0   9    M    M    M  7.3 18  40   M    M   0        25 240
18  88  57  73   M   0   8    M    M    M  7.4 15 120   M    M   0 3      25 120
19  84  55  70   M   0   5    M    M    M  2.9  7 330   M    M   1         M  M
20  86  55  71   M   0   6    M    M    M  6.7 15 180   M    M   1         M  M
21  81  63  72   M   0   7    M    M    M  7.3 17  60   M    M   2         M  M
22  90  57  74   M   0   9    M    M    M  4.8 12 100   M    M   2         M  M
23  95  55  75   M   0  10    M    M    M  5.6 15 230   M    M   0        20 230
24  91  61  76   M   0  11    M    M    M  8.0 17 180   M    M   0        23 180
25  91  57  74   M   0   9    M    M    M  7.3 14  30   M    M   0        21  90
26  95  59  77   M   0  12    M    M    M  7.0 18 120   M    M   0        23 130
27  97  59  78   M   0  13    M    M    M  6.1 15 260   M    M   0        21 150
28  88  57  73   M   0   8    M    M    M  9.2 17 110   M    M   1        18 170
29  88  54  71   M   0   6    M    M    M  6.2 14 110   M    M   0        18 110
30  91  55  73   M   0   8    M    M    M  7.5 14 110   M    M   0        17  30
31  91  57  74   M   0   9    M    M    M  6.2 12 110   M    M   0         M  M
================================================================================
SM 2685 1777        10 234    M     M    192.5          M       35
================================================================================
AV 86.6 57.3                               6.2 FASTST   M    M   1    MAX(MPH)
                                 MISC ---->    22   M               # 27   10
================================================================================
NOTES:
# LAST OF SEVERAL OCCURRENCES

COLUMN 17 PEAK WIND IN M.P.H.

PRELIMINARY LOCAL CLIMATOLOGICAL DATA (WS FORM: F-6) , PAGE 2

                                          STATION:  FT COLLINS/LOVELAND CO
                                          MONTH:    JULY
                                          YEAR:     2015
                                          LATITUDE:   40 27 N
                                          LONGITUDE: 105  1 W

[TEMPERATURE DATA]      [PRECIPITATION DATA]       SYMBOLS USED IN COLUMN 16

AVERAGE MONTHLY: 72.0   TOTAL FOR MONTH:      M    1 = FOG OR MIST
DPTR FM NORMAL:     M   DPTR FM NORMAL:       M    2 = FOG REDUCING VISIBILITY
HIGHEST:    97 ON 27    GRTST 24HR    M  ON   M        TO 1/4 MILE OR LESS
LOWEST:     54 ON 29,17                            3 = THUNDER
                        SNOW, ICE PELLETS, HAIL    4 = ICE PELLETS
                        TOTAL MONTH:    M          5 = HAIL
                        GRTST 24HR    M  ON   M    6 = FREEZING RAIN OR DRIZZLE
                        GRTST DEPTH:  M  ON   M    7 = DUSTSTORM OR SANDSTORM:
                                                       VSBY 1/2 MILE OR LESS
                                                   8 = SMOKE OR HAZE
[NO. OF DAYS WITH]      [WEATHER - DAYS WITH]      9 = BLOWING SNOW
                                                   X = TORNADO
MAX 32 OR BELOW:   0    0.01 INCH OR MORE:   0
MAX 90 OR ABOVE:  15    0.10 INCH OR MORE:   0
MIN 32 OR BELOW:   0    0.50 INCH OR MORE:   0
MIN  0 OR BELOW:   0    1.00 INCH OR MORE:   0

[HDD (BASE 65) ]
TOTAL THIS MO.    10    CLEAR  (SCALE 0-3)  28
DPTR FM NORMAL     M    PTCLDY (SCALE 4-7)   3
TOTAL FM JUL 1    10    CLOUDY (SCALE 8-10)  0
DPTR FM NORMAL     M

[CDD (BASE 65) ]
TOTAL THIS MO.   234
DPTR FM NORMAL     M    [PRESSURE DATA]
TOTAL FM JAN 1   394    HIGHEST SLP M ON M
DPTR FM NORMAL     M    LOWEST  SLP M ON M

[REMARKS]
#FINAL-07-15#
