000
CXUS53 KDTX 270800
CF6FNT
PRELIMINARY LOCAL CLIMATOLOGICAL DATA (WS FORM: F-6)

                                          STATION:   FLINT MI
                                          MONTH:     SEPTEMBER
                                          YEAR:      2016
                                          LATITUDE:   42 58 N
                                          LONGITUDE:  83 44 W

  TEMPERATURE IN F:       :PCPN:    SNOW:  WIND      :SUNSHINE: SKY     :PK WND
================================================================================
1   2   3   4   5  6A  6B    7    8   9   10  11  12  13   14  15   16   17  18
                                     12Z  AVG MX 2MIN
DY MAX MIN AVG DEP HDD CDD  WTR  SNW DPTH SPD SPD DIR MIN PSBL S-S WX    SPD DR
================================================================================

 1  73  58  66   0   0   1    T  0.0    0 11.1 24  30   M    M   6        32  20
 2  73  53  63  -3   2   0 0.00  0.0    0  7.1 17  60   M    M   2        25  70
 3  78  44  61  -5   4   0 0.00  0.0    0  1.5 10 180   M    M   0 1      12 170
 4  78  45  62  -3   3   0 0.00  0.0    0  3.5  9 150   M    M   1 1      16 210
 5  84  53  69   4   0   4 0.00  0.0    0  7.4 16 180   M    M   0 1      21 180
 6  89  70  80  15   0  15 0.00  0.0    0  8.4 18 260   M    M   1        21 250
 7  85  69  77  13   0  12    T  0.0    0  7.1 20 310   M    M   2 3      25 330
 8  82  70  76  12   0  11 0.48  0.0    0  9.7 22 270   M    M   6 13     27 280
 9  79  68  74  10   0   9 0.00  0.0    0  4.9 10 140   M    M   4 1      13 140
10  73  59  66   3   0   1 0.42  0.0    0  8.8 41 310   M    M   7 1      51 290
11  73  52  63   0   2   0 0.00  0.0    0  6.0 12 290   M    M   1        16 290
12  75  46  61  -2   4   0 0.00  0.0    0  5.1 14 170   M    M   0        22 220
13  81  54  68   6   0   3 0.00  0.0    0  7.5 16 190   M    M   2 1      22 230
14  73  54  64   2   1   0 0.01  0.0    0  7.5 15  40   M    M   4        18  30
15  74  45  60  -2   5   0 0.00  0.0    0  3.1 15  50   M    M   1 1      17  60
16  78  45  62   1   3   0 0.00  0.0    0  6.9 17 160   M    M   1 1      22 170
17  76  64  70   9   0   5 1.66  0.0    0  6.9 14 220   M    M   6 1      27 210
18  77  55  66   6   0   1 0.00  0.0    0  4.8 16 290   M    M   1 1      21 280
19  82  50  66   6   0   1 0.00  0.0    0  5.3 15 230   M    M   1 12     20 230
20  81  54  68   9   0   3 0.00  0.0    0  3.0 15 310   M    M   2        17 320
21  78  51  65   6   0   0 0.09  0.0    0  4.0 25 300   M    M   1 13     33 300
22  83  59  71  12   0   6 0.00  0.0    0  4.6 14 230   M    M   0 1      17 230
23  72  58  65   7   0   0    T  0.0    0  9.3 20  40   M    M   7 1      24  40
24  69  51  60   2   5   0 0.00  0.0    0  7.3 14  70   M    M   3        18  80
25  72  43  58   1   7   0 0.00  0.0    0  8.3 16 160   M    M   1        23 160
26  67  51  59   2   6   0 0.11  0.0    0 12.0 24 290   M    M   6 1      33 270
================================================================================
SM 2005 1421        42  72  2.77     0.0 171.1          M       66
================================================================================
AV 77.1 54.7                               6.6 FASTST   M    M   3    MAX(MPH)
                                 MISC ---->  # 41 310               # 51  290
================================================================================
NOTES:
# LAST OF SEVERAL OCCURRENCES

COLUMN 17 PEAK WIND IN M.P.H.

PRELIMINARY LOCAL CLIMATOLOGICAL DATA (WS FORM: F-6) , PAGE 2

                                          STATION:  FLINT MI
                                          MONTH:    SEPTEMBER
                                          YEAR:     2016
                                          LATITUDE:   42 58 N
                                          LONGITUDE:  83 44 W

[TEMPERATURE DATA]      [PRECIPITATION DATA]       SYMBOLS USED IN COLUMN 16

AVERAGE MONTHLY: 65.9   TOTAL FOR MONTH:   2.77    1 = FOG OR MIST
DPTR FM NORMAL:   4.0   DPTR FM NORMAL:   -0.52    2 = FOG REDUCING VISIBILITY
HIGHEST:    89 ON  6    GRTST 24HR  1.66 ON 16-17      TO 1/4 MILE OR LESS
LOWEST:     43 ON 25                               3 = THUNDER
                        SNOW, ICE PELLETS, HAIL    4 = ICE PELLETS
                        TOTAL MONTH:   0.0 INCH    5 = HAIL
                        GRTST 24HR     0.0         6 = FREEZING RAIN OR DRIZZLE
                        GRTST DEPTH:   0           7 = DUSTSTORM OR SANDSTORM:
                                                       VSBY 1/2 MILE OR LESS
                                                   8 = SMOKE OR HAZE
[NO. OF DAYS WITH]      [WEATHER - DAYS WITH]      9 = BLOWING SNOW
                                                   X = TORNADO
MAX 32 OR BELOW:   0    0.01 INCH OR MORE:   6
MAX 90 OR ABOVE:   0    0.10 INCH OR MORE:   4
MIN 32 OR BELOW:   0    0.50 INCH OR MORE:   1
MIN  0 OR BELOW:   0    1.00 INCH OR MORE:   1

[HDD (BASE 65) ]
TOTAL THIS MO.    42    CLEAR  (SCALE 0-3)  18
DPTR FM NORMAL   -84    PTCLDY (SCALE 4-7)   8
TOTAL FM JUL 1    42    CLOUDY (SCALE 8-10)  0
DPTR FM NORMAL  -128

[CDD (BASE 65) ]
TOTAL THIS MO.    72
DPTR FM NORMAL    27    [PRESSURE DATA]
TOTAL FM JAN 1  1011    HIGHEST SLP M ON M
DPTR FM NORMAL   489    LOWEST  SLP 29.73 ON 10

[REMARKS]
