000
CXUS52 KMLB 220628
CF6FPR
PRELIMINARY LOCAL CLIMATOLOGICAL DATA (WS FORM: F-6)

                                          STATION:   FORT PIERCE
                                          MONTH:     OCTOBER
                                          YEAR:      2017
                                          LATITUDE:   27 30 N
                                          LONGITUDE:  80 22 W

  TEMPERATURE IN F:       :PCPN:    SNOW:  WIND      :SUNSHINE: SKY     :PK WND
================================================================================
1   2   3   4   5  6A  6B    7    8   9   10  11  12  13   14  15   16   17  18
                                     12Z  AVG MX 2MIN
DY MAX MIN AVG DEP HDD CDD  WTR  SNW DPTH SPD SPD DIR MIN PSBL S-S WX    SPD DR
================================================================================

 1  86  74  80   0   0  15 0.88  0.0    0  8.9 17  90   M    M   6 1      23  80
 2  83  75  79   0   0  14 1.70  0.0    0 12.7 21 100   M    M   8 13     30  60
 3  82  74  78  -1   0  13 1.42  0.0    0 15.6 29  90   M    M   8 13     39  90
 4  83  74  79   0   0  14 0.50  0.0    0 13.9 25  90   M    M   8 138    33  70
 5  80  72  76  -3   0  11 1.33  0.0    0  8.8 25 100   M    M   8 1      33 100
 6  88  79  84   5   0  19 0.00  0.0    0  9.4 17 120   M    M   2        22 120
 7  89  78  84   5   0  19 0.00  0.0    0 10.6 23 130   M    M   2        27 130
 8  89  78  84   6   0  19    T  0.0    0  8.9 20 130   M    M   1        25 130
 9  88  75  82   4   0  17    T  0.0    0  7.8 16 120   M    M   3        21 110
10  87  78  83   5   0  18    T  0.0    0 10.0 18 100   M    M   3        24 110
11  86  78  82   4   0  17    T  0.0    0  8.3 15  80   M    M   2 8      22  60
12  86  77  82   4   0  17 0.01  0.0    0  9.1 18  80   M    M   6        25  70
13  86  77  82   5   0  17 0.13  0.0    0  8.5 16  90   M    M   3 1      24 100
14  85  76  81   4   0  16 0.19  0.0    0  9.1 18  90   M    M   4 1      25 100
15  87  74  81   4   0  16    T  0.0    0  6.9 16 130   M    M   3 3      21 100
16  86  71  79   2   0  14 0.04  0.0    0  2.5 12  80   M    M   2 1      14  80
17  85  72  79   3   0  14 0.03  0.0    0  5.1 15  30   M    M   2        21  30
18  83  74  79   3   0  14 0.05  0.0    0  9.6 18  80   M    M   3        26  80
19  85  77  81   5   0  16 0.08  0.0    0  9.1 21 100   M    M   4 1      26 100
20  85  77  81   5   0  16    T  0.0    0 11.7 22  80   M    M   5        28  80
21  85  77  81   5   0  16 0.02  0.0    0 12.9 20 100   M    M   4 1      26 100
================================================================================
SM 1794 1587         0 332  6.38     0.0 199.4          M       87
================================================================================
AV 85.4 75.6                               9.5 FASTST   M    M   4    MAX(MPH)
                                 MISC ---->  # 29  90               # 39   90
================================================================================
NOTES:
# LAST OF SEVERAL OCCURRENCES

COLUMN 17 PEAK WIND IN M.P.H.

PRELIMINARY LOCAL CLIMATOLOGICAL DATA (WS FORM: F-6) , PAGE 2

                                          STATION:  FORT PIERCE
                                          MONTH:    OCTOBER
                                          YEAR:     2017
                                          LATITUDE:   27 30 N
                                          LONGITUDE:  80 22 W

[TEMPERATURE DATA]      [PRECIPITATION DATA]       SYMBOLS USED IN COLUMN 16

AVERAGE MONTHLY: 80.5   TOTAL FOR MONTH:   6.38    1 = FOG OR MIST
DPTR FM NORMAL:   2.8   DPTR FM NORMAL:    2.65    2 = FOG REDUCING VISIBILITY
HIGHEST:    89 ON  8, 7 GRTST 24HR  1.70 ON  2- 2      TO 1/4 MILE OR LESS
LOWEST:     71 ON 16                               3 = THUNDER
                        SNOW, ICE PELLETS, HAIL    4 = ICE PELLETS
                        TOTAL MONTH:   0.0 INCH    5 = HAIL
                        GRTST 24HR     0.0         6 = FREEZING RAIN OR DRIZZLE
                        GRTST DEPTH:   0           7 = DUSTSTORM OR SANDSTORM:
                                                       VSBY 1/2 MILE OR LESS
                                                   8 = SMOKE OR HAZE
[NO. OF DAYS WITH]      [WEATHER - DAYS WITH]      9 = BLOWING SNOW
                                                   X = TORNADO
MAX 32 OR BELOW:   0    0.01 INCH OR MORE:  13
MAX 90 OR ABOVE:   0    0.10 INCH OR MORE:   7
MIN 32 OR BELOW:   0    0.50 INCH OR MORE:   5
MIN  0 OR BELOW:   0    1.00 INCH OR MORE:   3

[HDD (BASE 65) ]
TOTAL THIS MO.     0    CLEAR  (SCALE 0-3)  10
DPTR FM NORMAL     0    PTCLDY (SCALE 4-7)  10
TOTAL FM JUL 1     0    CLOUDY (SCALE 8-10)  1
DPTR FM NORMAL     0

[CDD (BASE 65) ]
TOTAL THIS MO.   332
DPTR FM NORMAL    65    [PRESSURE DATA]
TOTAL FM JAN 1  3483    HIGHEST SLP M ON M
DPTR FM NORMAL   478    LOWEST  SLP 29.88 ON  8

[REMARKS]
