000
CXUS54 KFWD 270730
CF6FTW
PRELIMINARY LOCAL CLIMATOLOGICAL DATA (WS FORM: F-6)

                                          STATION:   FORT WORTH MEACHAM
                                          MONTH:     APRIL
                                          YEAR:      2017
                                          LATITUDE:   32 49 N
                                          LONGITUDE:  97 21 W

  TEMPERATURE IN F:       :PCPN:    SNOW:  WIND      :SUNSHINE: SKY     :PK WND
================================================================================
1   2   3   4   5  6A  6B    7    8   9   10  11  12  13   14  15   16   17  18
                                     12Z  AVG MX 2MIN
DY MAX MIN AVG DEP HDD CDD  WTR  SNW DPTH SPD SPD DIR MIN PSBL S-S WX    SPD DR
================================================================================

 1  75  60  68   7   0   3    T  0.0    0 13.7 24 140   M    M   6 3      29 130
 2  71  57  64   3   1   0 2.35  0.0    0 12.3 29 300   M    M   9 13     36 300
 3  80  50  65   3   0   0 0.00  0.0    0  5.1 16 260   M    M   2        23 260
 4  86  54  70   8   0   5 0.00  0.0    0 13.3 31 290   M    M   0        40 300
 5  71  48  60  -2   5   0 0.00  0.0    0 15.1 29 320   M    M   1        42 300
 6  77  45  61  -1   4   0 0.00  0.0    0  2.4  9 220   M    M   0 8      13 250
 7  79  55  67   4   0   2 0.00  0.0    0  9.8 20 160   M    M   0        25 160
 8  83  60  72   9   0   7 0.00  0.0    0 18.7 28 170   M    M   0        36 180
 9  82  67  75  12   0  10 0.00  0.0    0 20.1 29 180   M    M   5        39 170
10  79  65  72   9   0   7 0.18  0.0    0 10.3 24 180   M    M   8 13     32 160
11  78  60  69   5   0   4 0.15  0.0    0  8.6 17  20   M    M   7 138    23  20
12  76  62  69   5   0   4 0.00  0.0    0  6.9 16 110   M    M   5 1      21 110
13  79  64  72   8   0   7 0.00  0.0    0 11.0 21 160   M    M   5 1      26 150
14  80  65  73   9   0   8    T  0.0    0 12.6 21 160   M    M   6        26 160
15  81  65  73   8   0   8 0.00  0.0    0 12.3 21 150   M    M   M        26 180
16  80  68  74   9   0   9    T  0.0    0 11.5 23 160   M    M   4        26 180
17  78  61  70   5   0   5 0.65  0.0    0  9.0 29  40   M    M   4 13     34 320
18  81  60  71   5   0   6 0.00  0.0    0  6.3 17 130   M    M   5 1      22 130
19  82  66  74   8   0   9 0.00  0.0    0 12.3 22 160   M    M   5        27 160
20  84  68  76  10   0  11 0.00  0.0    0 11.6 20 170   M    M   4        26 160
21  85  60  73   7   0   8    T  0.0    0 14.0 25 350   M    M   6 3      34 350
22  63  50  57  -9   8   0    T  0.0    0 14.0 24 350   M    M   8        30 320
23  74  49  62  -5   3   0 0.00  0.0    0  8.9 17 330   M    M   0        22 350
24  79  50  65  -2   0   0 0.00  0.0    0 10.4 23 160   M    M   0        31 160
25  88  62  75   8   0  10 0.00  0.0    0 17.9 26 170   M    M   0        35 170
26  76  51  64  -4   1   0 0.09  0.0    0 11.3 28 310   M    M   6 13     36 310
================================================================================
SM 2047 1522        22 123  3.42     0.0 299.4          M       96
================================================================================
AV 78.7 58.5                              11.5 FASTST   M    M   4    MAX(MPH)
                                 MISC ---->  # 31 290               # 42  300
================================================================================
NOTES:
# LAST OF SEVERAL OCCURRENCES

COLUMN 17 PEAK WIND IN M.P.H.

PRELIMINARY LOCAL CLIMATOLOGICAL DATA (WS FORM: F-6) , PAGE 2

                                          STATION:  FORT WORTH MEACHAM
                                          MONTH:    APRIL
                                          YEAR:     2017
                                          LATITUDE:   32 49 N
                                          LONGITUDE:  97 21 W

[TEMPERATURE DATA]      [PRECIPITATION DATA]       SYMBOLS USED IN COLUMN 16

AVERAGE MONTHLY: 68.6   TOTAL FOR MONTH:   3.42    1 = FOG OR MIST
DPTR FM NORMAL:   4.3   DPTR FM NORMAL:    0.91    2 = FOG REDUCING VISIBILITY
HIGHEST:    88 ON 25    GRTST 24HR  2.35 ON  2- 2      TO 1/4 MILE OR LESS
LOWEST:     45 ON  6                               3 = THUNDER
                        SNOW, ICE PELLETS, HAIL    4 = ICE PELLETS
                        TOTAL MONTH:   0.0 INCH    5 = HAIL
                        GRTST 24HR     0.0         6 = FREEZING RAIN OR DRIZZLE
                        GRTST DEPTH:   0           7 = DUSTSTORM OR SANDSTORM:
                                                       VSBY 1/2 MILE OR LESS
                                                   8 = SMOKE OR HAZE
[NO. OF DAYS WITH]      [WEATHER - DAYS WITH]      9 = BLOWING SNOW
                                                   X = TORNADO
MAX 32 OR BELOW:   0    0.01 INCH OR MORE:   5
MAX 90 OR ABOVE:   0    0.10 INCH OR MORE:   4
MIN 32 OR BELOW:   0    0.50 INCH OR MORE:   2
MIN  0 OR BELOW:   0    1.00 INCH OR MORE:   1

[HDD (BASE 65) ]
TOTAL THIS MO.    22    CLEAR  (SCALE 0-3)   9
DPTR FM NORMAL   -69    PTCLDY (SCALE 4-7)  15
TOTAL FM JUL 1  1308    CLOUDY (SCALE 8-10)  1
DPTR FM NORMAL -1050

[CDD (BASE 65) ]
TOTAL THIS MO.   123
DPTR FM NORMAL    49    [PRESSURE DATA]
TOTAL FM JAN 1   298    HIGHEST SLP M ON M
DPTR FM NORMAL   191    LOWEST  SLP 29.37 ON M

[REMARKS]
