000
CXUS52 KFFC 271110
CF6FTY
PRELIMINARY LOCAL CLIMATOLOGICAL DATA (WS FORM: F-6)

                                          STATION:   FULTON COUNTY AIRPORT
                                          MONTH:     DECEMBER
                                          YEAR:      2014
                                          LATITUDE:   33 46 N
                                          LONGITUDE:  84 31 W

  TEMPERATURE IN F:       :PCPN:    SNOW:  WIND      :SUNSHINE: SKY     :PK WND
================================================================================
1   2   3   4   5  6A  6B    7    8   9   10  11  12  13   14  15   16   17  18
                                     12Z  AVG MX 2MIN
DY MAX MIN AVG DEP HDD CDD  WTR  SNW DPTH SPD SPD DIR MIN PSBL S-S WX    SPD DR
================================================================================

 1  73  39  56   8   9   0 0.00    M    M  2.3 10 220   M    M   2        15 210
 2  73  42  58  10   7   0 0.00  0.0    M  1.2  9 170   M    M   1 1      12 220
 3  70  46  58  10   7   0 0.00  0.0    M  1.8  9 320   M    M   3 1      13 330
 4  70  46  58  11   7   0 0.01    M    M  2.8  8  60   M    M   5 1       M  M
 5  61  54  58  11   7   0    T  0.0    M  6.3 12 110   M    M   9 1      17 120
 6  68  48  58  11   7   0 0.61  0.0    M  7.9 23 330   M    M   9 1      30 330
 7  62  41  52   6  13   0 0.00    M    M  7.4 16 310   M    M   0        28 310
 8  48  34  41  -5  24   0 0.00    M    M  7.9 20  70   M    M   6        27  80
 9  54  31  43  -3  22   0    T    M    M  7.4 21 340   M    M   6        30 320
10  49  34  42  -4  23   0 0.00    M    M  9.6 22 320   M    M   2        27 330
11  52  32  42  -3  23   0 0.00    M    M  7.4 16 310   M    M   0        20 290
12  61  32  47   2  18   0 0.00    M    M  5.4 15 320   M    M   0        18 310
13  62  37  50   5  15   0 0.00    M    M  6.6 16 320   M    M   0        23 320
14  55  33  44  -1  21   0 0.00  0.0    M  5.8 14 340   M    M   0        18 300
15  63  29  46   1  19   0    T  0.0    M  0.8  6  60   M    M   3 18      8  50
16  60  43  52   8  13   0 0.03  0.0    M  8.5 21 270   M    M   4 1      26 270
17  47  37  42  -2  23   0 0.00  0.0    M  6.0 17 330   M    M   4        24 330
18  54  35  45   1  20   0 0.00    M    M  3.9 10 320   M    M   4        14 330
19  54  36  45   1  20   0 0.02  0.0    M  3.2  9 340   M    M   2        13 360
20  51  41  46   2  19   0 0.12    M    M  2.0  8 310   M    M  10 1      10 290
21  50  45  48   4  17   0    T  0.0    M  6.3 13  80   M    M  10 18     19 100
22  49  43  46   2  19   0 0.30  0.0    M  7.8 14  80   M    M  10 1      20  80
23  55  42  49   6  16   0 1.15  0.0    M  7.1 20 270   M    M  10 13     25 270
24  63  47  55  12  10   0 0.57    M    M  6.5 18 290   M    M   9 1      24 290
25  52  32  42  -1  23   0    T  0.0    0  5.8 21 280   M    M   2 1      27 290
26  59  28  44   1  21   0 0.00  0.0    0  0.6  7 300   M    M   1 12     10 290
================================================================================
SM 1515 1007       423   0  2.81     0.0 138.3          M      112
================================================================================
AV 58.3 38.7                               5.3 FASTST   M    M   4    MAX(MPH)
                                 MISC ---->  # 23 330               # 30  330
================================================================================
NOTES:
# LAST OF SEVERAL OCCURRENCES

COLUMN 17 PEAK WIND IN M.P.H.

PRELIMINARY LOCAL CLIMATOLOGICAL DATA (WS FORM: F-6) , PAGE 2

                                          STATION:  FULTON COUNTY AIRPORT
                                          MONTH:    DECEMBER
                                          YEAR:     2014
                                          LATITUDE:   33 46 N
                                          LONGITUDE:  84 31 W

[TEMPERATURE DATA]      [PRECIPITATION DATA]       SYMBOLS USED IN COLUMN 16

AVERAGE MONTHLY: 48.5   TOTAL FOR MONTH:   2.81    1 = FOG OR MIST
DPTR FM NORMAL:   3.3   DPTR FM NORMAL:   -0.73    2 = FOG REDUCING VISIBILITY
HIGHEST:    73 ON  2, 1 GRTST 24HR  1.69 ON 23-24      TO 1/4 MILE OR LESS
LOWEST:     28 ON 26                               3 = THUNDER
                        SNOW, ICE PELLETS, HAIL    4 = ICE PELLETS
                        TOTAL MONTH:   0.0 INCH    5 = HAIL
                        GRTST 24HR     0.0         6 = FREEZING RAIN OR DRIZZLE
                        GRTST DEPTH:   0           7 = DUSTSTORM OR SANDSTORM:
                                                       VSBY 1/2 MILE OR LESS
                                                   8 = SMOKE OR HAZE
[NO. OF DAYS WITH]      [WEATHER - DAYS WITH]      9 = BLOWING SNOW
                                                   X = TORNADO
MAX 32 OR BELOW:   0    0.01 INCH OR MORE:   8
MAX 90 OR ABOVE:   0    0.10 INCH OR MORE:   5
MIN 32 OR BELOW:   6    0.50 INCH OR MORE:   3
MIN  0 OR BELOW:   0    1.00 INCH OR MORE:   1

[HDD (BASE 65) ]
TOTAL THIS MO.   423    CLEAR  (SCALE 0-3)  13
DPTR FM NORMAL   -94    PTCLDY (SCALE 4-7)   6
TOTAL FM JUL 1  1061    CLOUDY (SCALE 8-10)  7
DPTR FM NORMAL    34

[CDD (BASE 65) ]
TOTAL THIS MO.     0
DPTR FM NORMAL     0    [PRESSURE DATA]
TOTAL FM JAN 1  1773    HIGHEST SLP  0.00 ON  4
DPTR FM NORMAL    29    LOWEST  SLP 29.65 ON 24

[REMARKS]
