000
CXUS52 KFFC 301110
CF6FTY
PRELIMINARY LOCAL CLIMATOLOGICAL DATA (WS FORM: F-6)

                                          STATION:   FULTON COUNTY AIRPORT
                                          MONTH:     MAY
                                          YEAR:      2015
                                          LATITUDE:   33 46 N
                                          LONGITUDE:  84 31 W

  TEMPERATURE IN F:       :PCPN:    SNOW:  WIND      :SUNSHINE: SKY     :PK WND
================================================================================
1   2   3   4   5  6A  6B    7    8   9   10  11  12  13   14  15   16   17  18
                                     12Z  AVG MX 2MIN
DY MAX MIN AVG DEP HDD CDD  WTR  SNW DPTH SPD SPD DIR MIN PSBL S-S WX    SPD DR
================================================================================

 1  70  47  59  -6   6   0 0.00    M    M  7.4 17 290   M    M   1        25 310
 2  77  45  61  -4   4   0 0.00  0.0    M  2.8 10 170   M    M   1        13  20
 3  80  49  65  -1   0   0 0.00  0.0    M  2.8 13 180   M    M   2        18 180
 4  81  51  66   0   0   1 0.00  0.0    M  2.4 12 200   M    M   2        15 240
 5  83  53  68   2   0   3 0.00  0.0    M  3.5 16  80   M    M   1 1      22  90
 6  82  52  67   1   0   2 0.00  0.0    M  2.6 13  70   M    M   0        19  70
 7  86  53  70   3   0   5 0.00  0.0    M  1.8 12  40   M    M   1        15  20
 8  87  57  72   5   0   7 0.00  0.0    M  1.5 10 290   M    M   1 1      16 290
 9  87  63  75   8   0  10 0.00  0.0    M  2.8  9 290   M    M   2 1      13 290
10  88  62  75   7   0  10 0.00  0.0    M  2.3 10 240   M    M   2        13 210
11  90  64  77   9   0  12 0.00  0.0    M  3.9 14 240   M    M   1 1      20 220
12  85  65  75   7   0  10    T  0.0    M  5.8 16 280   M    M   2        21 280
13  84  60  72   3   0   7 0.00  0.0    M  5.4 13 350   M    M   0        18 320
14  84  54  69   0   0   4 0.00  0.0    M  5.9 14 160   M    M   2        21 130
15  81  64  73   4   0   8 0.00    M    M  5.6 13 150   M    M   5        22 180
16  86  63  75   6   0  10 0.00    M    M  6.3 15 120   M    M   3        19 100
17  84  68  76   6   0  11 0.06    M    M  4.6 14 330   M    M   6 13     17 320
18  83  67  75   5   0  10 0.60    M    M  2.7 17  60   M    M   4 138    24 290
19  85  66  76   6   0  11 0.02    M    M  3.2 13 230   M    M   2 18     16 230
20  88  66  77   6   0  12 0.00    M    M  3.5 13 300   M    M   3 3      16 290
21  78  57  68  -3   0   3 0.00    M    M 11.8 20 320   M    M   7        31 290
22  78  50  64  -7   1   0 0.00    M    M  3.5 12 320   M    M   0        16 330
23  82  53  68  -3   0   3 0.00    M    M  5.1 16 160   M    M   0        22 150
24  84  58  71  -1   0   6 0.00    M    M  7.1 15 150   M    M   2        25 170
25  81  67  74   2   0   9 0.15    M    M  6.3 14 140   M    M   6 13     19 140
26  84  64  74   2   0   9 1.26    M    M  6.1 22 250   M    M   7 13     31 240
27  84  64  74   1   0   9 0.07    M    M  3.2 23 300   M    M   7 13     30 300
28  81  66  74   1   0   9 0.52    M    M  3.1 14 210   M    M   4 13     19 220
29  85  65  75   2   0  10 0.00    M    M  3.6 15 160   M    M   4 1      20 150
================================================================================
SM 2408 1713        11 191  2.68     0.0 126.6          M       78
================================================================================
AV 83.0 59.1                               4.4 FASTST   M    M   3    MAX(MPH)
                                 MISC ---->  # 23 300               # 31  290
================================================================================
NOTES:
# LAST OF SEVERAL OCCURRENCES

COLUMN 17 PEAK WIND IN M.P.H.

PRELIMINARY LOCAL CLIMATOLOGICAL DATA (WS FORM: F-6) , PAGE 2

                                          STATION:  FULTON COUNTY AIRPORT
                                          MONTH:    MAY
                                          YEAR:     2015
                                          LATITUDE:   33 46 N
                                          LONGITUDE:  84 31 W

[TEMPERATURE DATA]      [PRECIPITATION DATA]       SYMBOLS USED IN COLUMN 16

AVERAGE MONTHLY: 71.1   TOTAL FOR MONTH:   2.68    1 = FOG OR MIST
DPTR FM NORMAL:   1.9   DPTR FM NORMAL:   -0.87    2 = FOG REDUCING VISIBILITY
HIGHEST:    90 ON 11    GRTST 24HR  1.36 ON 25-26      TO 1/4 MILE OR LESS
LOWEST:     45 ON  2                               3 = THUNDER
                        SNOW, ICE PELLETS, HAIL    4 = ICE PELLETS
                        TOTAL MONTH:   0.0 INCH    5 = HAIL
                        GRTST 24HR     0.0         6 = FREEZING RAIN OR DRIZZLE
                        GRTST DEPTH:  M  ON   M    7 = DUSTSTORM OR SANDSTORM:
                                                       VSBY 1/2 MILE OR LESS
                                                   8 = SMOKE OR HAZE
[NO. OF DAYS WITH]      [WEATHER - DAYS WITH]      9 = BLOWING SNOW
                                                   X = TORNADO
MAX 32 OR BELOW:   0    0.01 INCH OR MORE:   7
MAX 90 OR ABOVE:   1    0.10 INCH OR MORE:   4
MIN 32 OR BELOW:   0    0.50 INCH OR MORE:   3
MIN  0 OR BELOW:   0    1.00 INCH OR MORE:   1

[HDD (BASE 65) ]
TOTAL THIS MO.    11    CLEAR  (SCALE 0-3)  20
DPTR FM NORMAL   -15    PTCLDY (SCALE 4-7)   9
TOTAL FM JUL 1  2947    CLOUDY (SCALE 8-10)  0
DPTR FM NORMAL    69

[CDD (BASE 65) ]
TOTAL THIS MO.   191
DPTR FM NORMAL    47    [PRESSURE DATA]
TOTAL FM JAN 1   257    HIGHEST SLP M ON M
DPTR FM NORMAL    74    LOWEST  SLP 29.85 ON M

[REMARKS]
