000
CXUS56 KSGX 241445
CF6FUL
PRELIMINARY LOCAL CLIMATOLOGICAL DATA (WS FORM: F-6)

                                          STATION:   FULLERTON AIRPORT CA
                                          MONTH:     SEPTEMBER
                                          YEAR:      2017
                                          LATITUDE:   33 52 N
                                          LONGITUDE: 117 58 W

  TEMPERATURE IN F:       :PCPN:    SNOW:  WIND      :SUNSHINE: SKY     :PK WND
================================================================================
1   2   3   4   5  6A  6B    7    8   9   10  11  12  13   14  15   16   17  18
                                     12Z  AVG MX 2MIN
DY MAX MIN AVG DEP HDD CDD  WTR  SNW DPTH SPD SPD DIR MIN PSBL S-S WX    SPD DR
================================================================================

 1 106  73  90  15   0  25 0.00  0.0    0  3.1 10 200   M    M   1        15 220
 2  97  75  86  11   0  21    T  0.0    0  3.2 10 230   M    M   1        16 230
 3  96  75  86  11   0  21 0.16  0.0    0  4.2 15 180   M    M   3 1      21 170
 4  79  71  75   0   0  10 0.00  0.0    0  3.7 12 210   M    M   7        15 210
 5  89  69  79   4   0  14 0.00  0.0    0  2.9 10 290   M    M   1 18     16 300
 6  88  69  79   4   0  14 0.00  0.0    0  3.0 12 290   M    M   0 8      19 220
 7  91  66  79   4   0  14 0.00  0.0    0  3.3 10 220   M    M   0 8      15 250
 8  83  67  75   0   0  10 0.00  0.0    0  5.0 12 190   M    M   3        15 220
 9  87  67  77   2   0  12 0.00  0.0    0  3.7 10 290   M    M   4        14 190
10  92  66  79   5   0  14 0.00  0.0    0  3.4 10 200   M    M   1        14 190
11  97  70  84  10   0  19 0.00  0.0    0  3.1 16 200   M    M   3        21 200
12  85  68  77   3   0  12 0.00  0.0    0  3.6 10 280   M    M   1 18     15 290
13  81  66  74   0   0   9 0.00  0.0    0  4.0 14 190   M    M   5        19 210
14  78  63  71  -3   0   6 0.00  0.0    0  4.2 12 230   M    M   6        17 190
15  77  64  71  -3   0   6 0.00  0.0    0  3.0 10 200   M    M   7        14 210
16  80  61  71  -3   0   6 0.00  0.0    0  3.3 13 190   M    M   4        17 190
17  77  64  71  -2   0   6 0.00  0.0    0  2.1  9 290   M    M   6        13 260
18  80  58  69  -4   0   4 0.00  0.0    0  4.0 12 190   M    M   4 8      20 200
19  79  66  73   0   0   8 0.00  0.0    0  3.4 10 210   M    M   7        16 200
20  77  63  70  -3   0   5 0.00  0.0    0  3.9 12 200   M    M   7        17 160
21  76  61  69  -4   0   4    T  0.0    0  6.1 14 200   M    M   6        20 190
22  76  57  67  -5   0   2 0.00  0.0    0  5.4 13 230   M    M   3        19 220
23  77  57  67  -5   0   2 0.00  0.0    0  3.9 13 210   M    M   1        18 220
================================================================================
SM 1948 1516         0 244  0.16     0.0  85.5          M       81
================================================================================
AV 84.7 65.9                               3.7 FASTST   M    M   4    MAX(MPH)
                                 MISC ---->  # 16 200               # 21  170
================================================================================
NOTES:
# LAST OF SEVERAL OCCURRENCES

COLUMN 17 PEAK WIND IN M.P.H.

PRELIMINARY LOCAL CLIMATOLOGICAL DATA (WS FORM: F-6) , PAGE 2

                                          STATION:  FULLERTON AIRPORT CA
                                          MONTH:    SEPTEMBER
                                          YEAR:     2017
                                          LATITUDE:   33 52 N
                                          LONGITUDE: 117 58 W

[TEMPERATURE DATA]      [PRECIPITATION DATA]       SYMBOLS USED IN COLUMN 16

AVERAGE MONTHLY: 75.3   TOTAL FOR MONTH:   0.16    1 = FOG OR MIST
DPTR FM NORMAL:   1.3   DPTR FM NORMAL:    0.02    2 = FOG REDUCING VISIBILITY
HIGHEST:   106 ON  1    GRTST 24HR  0.16 ON  3- 3      TO 1/4 MILE OR LESS
LOWEST:     57 ON 23,22                            3 = THUNDER
                        SNOW, ICE PELLETS, HAIL    4 = ICE PELLETS
                        TOTAL MONTH:   0.0 INCH    5 = HAIL
                        GRTST 24HR     0.0         6 = FREEZING RAIN OR DRIZZLE
                        GRTST DEPTH:   0           7 = DUSTSTORM OR SANDSTORM:
                                                       VSBY 1/2 MILE OR LESS
                                                   8 = SMOKE OR HAZE
[NO. OF DAYS WITH]      [WEATHER - DAYS WITH]      9 = BLOWING SNOW
                                                   X = TORNADO
MAX 32 OR BELOW:   0    0.01 INCH OR MORE:   1
MAX 90 OR ABOVE:   6    0.10 INCH OR MORE:   1
MIN 32 OR BELOW:   0    0.50 INCH OR MORE:   0
MIN  0 OR BELOW:   0    1.00 INCH OR MORE:   0

[HDD (BASE 65) ]
TOTAL THIS MO.     0    CLEAR  (SCALE 0-3)  11
DPTR FM NORMAL     0    PTCLDY (SCALE 4-7)  12
TOTAL FM JUL 1     0    CLOUDY (SCALE 8-10)  0
DPTR FM NORMAL     0

[CDD (BASE 65) ]
TOTAL THIS MO.   244
DPTR FM NORMAL    35    [PRESSURE DATA]
TOTAL FM JAN 1  1474    HIGHEST SLP M ON M
DPTR FM NORMAL   402    LOWEST  SLP 29.68 ON  1

[REMARKS]
