000
CXUS56 KSGX 191445
CF6FUL
PRELIMINARY LOCAL CLIMATOLOGICAL DATA (WS FORM: F-6)

                                          STATION:   FULLERTON AIRPORT CA
                                          MONTH:     OCTOBER
                                          YEAR:      2014
                                          LATITUDE:   33 52 N
                                          LONGITUDE: 117 58 W

  TEMPERATURE IN F:       :PCPN:    SNOW:  WIND      :SUNSHINE: SKY     :PK WND
================================================================================
1   2   3   4   5  6A  6B    7    8   9   10  11  12  13   14  15   16   17  18
                                     12Z  AVG MX 2MIN
DY MAX MIN AVG DEP HDD CDD  WTR  SNW DPTH SPD SPD DIR MIN PSBL S-S WX    SPD DR
================================================================================

 1  84  66  75   4   0  10 0.00  0.0    0  4.1 12 190   M    M   3 8      15 180
 2 102  61  82  11   0  17 0.00  0.0    0  4.1 16  80   M    M   0        22  90
 3 103  61  82  12   0  17 0.00  0.0    0  2.7 12 290   M    M   0        17 270
 4  99  61  80  10   0  15 0.00  0.0    0  2.4 10 220   M    M   0        13 220
 5  92  60  76   6   0  11 0.00  0.0    0  2.3 10 230   M    M   0 8      14 240
 6  94  61  78   8   0  13 0.00  0.0    0  1.9 10 200   M    M   0        13 240
 7  96  62  79   9   0  14 0.00  0.0    0  2.6 12 210   M    M   0        14 210
 8  88  64  76   7   0  11 0.00  0.0    0  3.4 12 210   M    M   0 8      15 200
 9  80  67  74   5   0   9 0.00  0.0    0  4.7 12 200   M    M   4 8      16 230
10  83  65  74   5   0   9 0.00  0.0    0  2.7 10 190   M    M   3 8      14 190
11  85  64  75   6   0  10 0.00  0.0    0  2.6 12 200   M    M   3 8      15 200
12  80  67  74   5   0   9 0.00  0.0    0  2.8 10 200   M    M   5 18     16 210
13  82  64  73   5   0   8 0.00  0.0    0  3.2  9 210   M    M   5 18     16 110
14  79  67  73   5   0   8 0.00  0.0    0  3.1 10 200   M    M   6 8      16 190
15  81  65  73   5   0   8 0.00  0.0    0  2.2 13 220   M    M   4        18 280
16  79  63  71   3   0   6 0.00  0.0    0  3.2 12 210   M    M   2        17 200
17  78  60  69   1   0   4 0.00  0.0    0  3.6 13 210   M    M   3        17 220
18  79  64  72   4   0   7 0.00  0.0    0  3.1 13 220   M    M   4        16 220
================================================================================
SM 1564 1142         0 186  0.00     0.0  54.7          M       42
================================================================================
AV 86.9 63.4                               3.0 FASTST   M    M   2    MAX(MPH)
                                 MISC ---->  # 16  80               # 22   90
================================================================================
NOTES:
# LAST OF SEVERAL OCCURRENCES

COLUMN 17 PEAK WIND IN M.P.H.

PRELIMINARY LOCAL CLIMATOLOGICAL DATA (WS FORM: F-6) , PAGE 2

                                          STATION:  FULLERTON AIRPORT CA
                                          MONTH:    OCTOBER
                                          YEAR:     2014
                                          LATITUDE:   33 52 N
                                          LONGITUDE: 117 58 W

[TEMPERATURE DATA]      [PRECIPITATION DATA]       SYMBOLS USED IN COLUMN 16

AVERAGE MONTHLY: 75.2   TOTAL FOR MONTH:   0.00    1 = FOG OR MIST
DPTR FM NORMAL:   6.0   DPTR FM NORMAL:   -0.35    2 = FOG REDUCING VISIBILITY
HIGHEST:   103 ON  3    GRTST 24HR  0.00 ON 18-18      TO 1/4 MILE OR LESS
LOWEST:     60 ON 17, 5                            3 = THUNDER
                        SNOW, ICE PELLETS, HAIL    4 = ICE PELLETS
                        TOTAL MONTH:   0.0 INCH    5 = HAIL
                        GRTST 24HR     0.0         6 = FREEZING RAIN OR DRIZZLE
                        GRTST DEPTH:   0           7 = DUSTSTORM OR SANDSTORM:
                                                       VSBY 1/2 MILE OR LESS
                                                   8 = SMOKE OR HAZE
[NO. OF DAYS WITH]      [WEATHER - DAYS WITH]      9 = BLOWING SNOW
                                                   X = TORNADO
MAX 32 OR BELOW:   0    0.01 INCH OR MORE:   0
MAX 90 OR ABOVE:   6    0.10 INCH OR MORE:   0
MIN 32 OR BELOW:   0    0.50 INCH OR MORE:   0
MIN  0 OR BELOW:   0    1.00 INCH OR MORE:   0

[HDD (BASE 65) ]
TOTAL THIS MO.     0    CLEAR  (SCALE 0-3)  11
DPTR FM NORMAL    -3    PTCLDY (SCALE 4-7)   7
TOTAL FM JUL 1     0    CLOUDY (SCALE 8-10)  0
DPTR FM NORMAL    -4

[CDD (BASE 65) ]
TOTAL THIS MO.   186
DPTR FM NORMAL   106    [PRESSURE DATA]
TOTAL FM JAN 1  1971    HIGHEST SLP M ON M
DPTR FM NORMAL   773    LOWEST  SLP 29.74 ON  1

[REMARKS]
