649
CXUS51 KCAR 240600
CF6FVE
PRELIMINARY LOCAL CLIMATOLOGICAL DATA (WS FORM: F-6)

                                          STATION:   FRENCHVILLE ME
                                          MONTH:     SEPTEMBER
                                          YEAR:      2016
                                          LATITUDE:   47 16 N
                                          LONGITUDE:  68 19 W

  TEMPERATURE IN F:       :PCPN:    SNOW:  WIND      :SUNSHINE: SKY     :PK WND
================================================================================
1   2   3   4   5  6A  6B    7    8   9   10  11  12  13   14  15   16   17  18
                                     12Z  AVG MX 2MIN
DY MAX MIN AVG DEP HDD CDD  WTR  SNW DPTH SPD SPD DIR MIN PSBL S-S WX    SPD DR
================================================================================

 1  72  55  64   5   1   0    T    M    M  7.9 21 330   M    M   7 12     25 350
 2  67  50  59   0   6   0 0.01    M    M  9.4 18 330   M    M   7 1      23 340
 3  66  47  57  -1   8   0 0.00    M    M  6.6 14 330   M    M   6        18 280
 4  77  54  66   8   0   1 0.00    M    M  6.1 13 220   M    M   3        16 230
 5  78  54  66   8   0   1 0.00    M    M  6.3 13 180   M    M   1 12     17 180
 6  81  55  68  11   0   3 0.00    M    M  6.8 15 210   M    M   1 12     19 210
 7  83  65  74  17   0   9    T    M    M  7.6 20 230   M    M   5 12     24 250
 8  69  64  67  10   0   2 0.76    M    M  6.1 13 140   M    M   9 12     17 120
 9  76  60  68  12   0   3 0.30    M    M 10.2 22 280   M    M   6 12     27 270
10  74  53  64   8   1   0 0.01    M    M  7.9 22 150   M    M   1 12     28 160
11  69  48  59   3   6   0 0.35    M    M 15.7 33 290   M    M   8 123    44 270
12  70  46  58   3   7   0 0.00    M    M 11.2 23 280   M    M   1        30 270
13  75  54  65  10   0   0 0.00    M    M 10.0 21 220   M    M   0        27 230
14  63  43  53  -1  12   0 0.07    M    M  9.2 28 330   M    M   7 1      36 320
15  62  41  52  -2  13   0 0.00    M    M  7.3 15 330   M    M   3 1      20 330
16  65  39  52  -2  13   0 0.00    M    M  5.8 15 230   M    M   0 12     20 210
17  70  46  58   5   7   0 0.09    M    M  8.6 16 150   M    M   2 1      22 160
18  76  55  66  13   0   1 0.20    M    M  6.4 16 250   M    M   6 1      21 240
19  65  52  59   7   6   0 0.12    M    M  6.3 13  50   M    M   9 12     18  60
20  65  52  59   7   6   0 0.24    M    M  8.0 14 280   M    M   7 12     19 170
21  72  51  62  10   3   0 0.00    M    M  8.6 20 270   M    M   3 12     26 240
22  61  47  54   3  11   0 0.03    M    M  8.2 21 300   M    M   4 1      26 330
23  58  41  50  -1  15   0 0.31    M    M  8.0 17 320   M    M   6 1      24 320
================================================================================
SM 1614 1172       115  20  2.49    M    188.2          M      102
================================================================================
AV 70.2 51.0                               8.2 FASTST   M    M   4    MAX(MPH)
                                 MISC ---->  # 33 290               # 44  270
================================================================================
NOTES:
# LAST OF SEVERAL OCCURRENCES

COLUMN 17 PEAK WIND IN M.P.H.

PRELIMINARY LOCAL CLIMATOLOGICAL DATA (WS FORM: F-6) , PAGE 2

                                          STATION:  FRENCHVILLE ME
                                          MONTH:    SEPTEMBER
                                          YEAR:     2016
                                          LATITUDE:   47 16 N
                                          LONGITUDE:  68 19 W

[TEMPERATURE DATA]      [PRECIPITATION DATA]       SYMBOLS USED IN COLUMN 16

AVERAGE MONTHLY: 60.6   TOTAL FOR MONTH:   2.49    1 = FOG OR MIST
DPTR FM NORMAL:   5.5   DPTR FM NORMAL:   -0.29    2 = FOG REDUCING VISIBILITY
HIGHEST:    83 ON  7    GRTST 24HR  1.06 ON  8- 9      TO 1/4 MILE OR LESS
LOWEST:     39 ON 16                               3 = THUNDER
                        SNOW, ICE PELLETS, HAIL    4 = ICE PELLETS
                        TOTAL MONTH:    M          5 = HAIL
                        GRTST 24HR    M  ON   M    6 = FREEZING RAIN OR DRIZZLE
                        GRTST DEPTH:  M  ON   M    7 = DUSTSTORM OR SANDSTORM:
                                                       VSBY 1/2 MILE OR LESS
                                                   8 = SMOKE OR HAZE
[NO. OF DAYS WITH]      [WEATHER - DAYS WITH]      9 = BLOWING SNOW
                                                   X = TORNADO
MAX 32 OR BELOW:   0    0.01 INCH OR MORE:  12
MAX 90 OR ABOVE:   0    0.10 INCH OR MORE:   7
MIN 32 OR BELOW:   0    0.50 INCH OR MORE:   1
MIN  0 OR BELOW:   0    1.00 INCH OR MORE:   0

[HDD (BASE 65) ]
TOTAL THIS MO.   115    CLEAR  (SCALE 0-3)   9
DPTR FM NORMAL  -125    PTCLDY (SCALE 4-7)  12
TOTAL FM JUL 1   222    CLOUDY (SCALE 8-10)  2
DPTR FM NORMAL  -210

[CDD (BASE 65) ]
TOTAL THIS MO.    20
DPTR FM NORMAL    10    [PRESSURE DATA]
TOTAL FM JAN 1   221    HIGHEST SLP M ON M
DPTR FM NORMAL    87    LOWEST  SLP 29.63 ON 11

[REMARKS]
