000
CXUS54 KBMX 011216
CF6GAD
PRELIMINARY LOCAL CLIMATOLOGICAL DATA (WS FORM: F-6)

                                          STATION:   GADSDEN
                                          MONTH:     AUGUST
                                          YEAR:      2014
                                          LATITUDE:   33 58 N
                                          LONGITUDE:  86  5 W

  TEMPERATURE IN F:       :PCPN:    SNOW:  WIND      :SUNSHINE: SKY     :PK WND
================================================================================
1   2   3   4   5  6A  6B    7    8   9   10  11  12  13   14  15   16   17  18
                                     12Z  AVG MX 2MIN
DY MAX MIN AVG DEP HDD CDD  WTR  SNW DPTH SPD SPD DIR MIN PSBL S-S WX    SPD DR
================================================================================

 1  88  66  77   M   0  12 0.00  0.0    0  4.1  9  70   M    M   4         M  M
 2  88  70  79   M   0  14 0.00  0.0    0  5.3 10  70   M    M   2        18  40
 3  90  66  78   M   0  13 0.00  0.0    0  4.4 13  80   M    M   1        17  90
 4  91  64  78   M   0  13 0.00  0.0    0  3.2 10  30   M    M   0         M  M
 5  91  63  77   M   0  12 0.00  0.0    0  2.6 13  40   M    M   1         M  M
 6  93  63  78   M   0  13 0.00  0.0    0  1.8  8 320   M    M   1         M  M
 7  99  68  84   M   0  19 0.04  0.0    0  2.0 14  10   M    M   2 3       M  M
 8  93  70  82   M   0  17 0.22  0.0    0  2.2  8 160   M    M   2 3       M  M
 9  88  72  80   M   0  15 0.66  0.0    0  2.0 15 290   M    M   4 3      18 290
10  88  72  80   M   0  15 0.00  0.0    0  1.2  6 280   M    M   6         M  M
11  91  72  82   M   0  17 0.02  0.0    0  1.7  9 250   M    M   5 3       M  M
12  90  72  81   M   0  16 0.00  0.0    0  4.1  9 310   M    M   5         M  M
13  82  63  73   M   0   8 0.00  0.0    0  4.1 12 330   M    M   1        18 350
14  86  57  72   M   0   7 0.00  0.0    0  2.5  8  30   M    M   2         M  M
15  88  59  74   M   0   9 0.00  0.0    0  1.5  9 350   M    M   1         M  M
16  91  61  76   M   0  11 0.00  0.0    0  2.1  8 240   M    M   1         M  M
17  90  64  77   M   0  12 0.00  0.0    0  2.8  9 140   M    M   2 3       M  M
18  91  72  82   M   0  17 0.02  0.0    0  3.5 13 240   M    M   6 3      18 240
19  90  70  80   M   0  15 0.07  0.0    0  2.3  8 290   M    M   4         M  M
20  97  68  83   M   0  18 0.00  0.0    0  4.7 14  50   M    M   1        22  70
21  95  68  82   M   0  17 0.03  0.0    0  1.7 13 140   M    M   1 3       M  M
22  97  70  84   M   0  19 0.00  0.0    0  2.3 10 320   M    M   1         M  M
23  97  70  84   M   0  19 0.00  0.0    0  2.8 12 360   M    M   1 3      27  10
24  95  72  84   M   0  19 0.00  0.0    0  4.1 10  80   M    M   2         M  M
25  88  70  79   M   0  14 0.00  0.0    0  5.9 14  70   M    M   2         M  M
26  90  61  76   M   0  11 0.00  0.0    0  3.8 14  80   M    M   1        18  80
27  91  63  77   M   0  12 0.00  0.0    0  1.9  9  50   M    M   0         M  M
28  95  63  79   M   0  14 0.00  0.0    0  1.3  8  80   M    M   1         M  M
29  95  61  78   M   0  13 0.00  0.0    0  2.4  9 210   M    M   0         M  M
30  93  70  82   M   0  17 0.01  0.0    0  3.5 10 250   M    M   2 3       M  M
31  91  66  79   M   0  14 0.00  0.0    0  2.4 12 240   M    M   4         M  M
================================================================================
SM 2832 2066         0 442  1.07     0.0  90.2          M       66
================================================================================
AV 91.4 66.6                               2.9 FASTST   M    M   2    MAX(MPH)
                                 MISC ---->  # 15 290               # 27   10
================================================================================
NOTES:
# LAST OF SEVERAL OCCURRENCES

COLUMN 17 PEAK WIND IN M.P.H.

PRELIMINARY LOCAL CLIMATOLOGICAL DATA (WS FORM: F-6) , PAGE 2

                                          STATION:  GADSDEN
                                          MONTH:    AUGUST
                                          YEAR:     2014
                                          LATITUDE:   33 58 N
                                          LONGITUDE:  86  5 W

[TEMPERATURE DATA]      [PRECIPITATION DATA]       SYMBOLS USED IN COLUMN 16

AVERAGE MONTHLY: 79.0   TOTAL FOR MONTH:   1.07    1 = FOG OR MIST
DPTR FM NORMAL:     M   DPTR FM NORMAL:       M    2 = FOG REDUCING VISIBILITY
HIGHEST:    99 ON  7    GRTST 24HR  0.66 ON  9- 9      TO 1/4 MILE OR LESS
LOWEST:     57 ON 14                               3 = THUNDER
                        SNOW, ICE PELLETS, HAIL    4 = ICE PELLETS
                        TOTAL MONTH:   0.0 INCH    5 = HAIL
                        GRTST 24HR     0.0         6 = FREEZING RAIN OR DRIZZLE
                        GRTST DEPTH:   0           7 = DUSTSTORM OR SANDSTORM:
                                                       VSBY 1/2 MILE OR LESS
                                                   8 = SMOKE OR HAZE
[NO. OF DAYS WITH]      [WEATHER - DAYS WITH]      9 = BLOWING SNOW
                                                   X = TORNADO
MAX 32 OR BELOW:   0    0.01 INCH OR MORE:   8
MAX 90 OR ABOVE:  23    0.10 INCH OR MORE:   2
MIN 32 OR BELOW:   0    0.50 INCH OR MORE:   1
MIN  0 OR BELOW:   0    1.00 INCH OR MORE:   0

[HDD (BASE 65) ]
TOTAL THIS MO.     0    CLEAR  (SCALE 0-3)  23
DPTR FM NORMAL     M    PTCLDY (SCALE 4-7)   8
TOTAL FM JUL 1     0    CLOUDY (SCALE 8-10)  0
DPTR FM NORMAL     M

[CDD (BASE 65) ]
TOTAL THIS MO.   442
DPTR FM NORMAL     M    [PRESSURE DATA]
TOTAL FM JAN 1  1341    HIGHEST SLP M ON M
DPTR FM NORMAL     M    LOWEST  SLP M ON M

[REMARKS]
#FINAL-08-14#
