000
CXUS54 KOUN 290800
CF6GAG
PRELIMINARY LOCAL CLIMATOLOGICAL DATA (WS FORM: F-6)

                                          STATION:   GAGE
                                          MONTH:     AUGUST
                                          YEAR:      2015
                                          LATITUDE:   36 17 N
                                          LONGITUDE:  99 46 W

  TEMPERATURE IN F:       :PCPN:    SNOW:  WIND      :SUNSHINE: SKY     :PK WND
================================================================================
1   2   3   4   5  6A  6B    7    8   9   10  11  12  13   14  15   16   17  18
                                     12Z  AVG MX 2MIN
DY MAX MIN AVG DEP HDD CDD  WTR  SNW DPTH SPD SPD DIR MIN PSBL S-S WX    SPD DR
================================================================================

 1  88  69  79  -1   0  14 0.29  0.0    0  7.0 21 150   M    M   3 1      24 170
 2  94  71  83   3   0  18 0.00  0.0    0  9.1 18 180   M    M   1        24 170
 3  90  71  81   1   0  16 0.13  0.0    0 10.3 21 220   M    M   1 13     26 220
 4  90  68  79  -1   0  14 0.20  0.0    0 12.4 26 170   M    M   2 13     33 180
 5  96  70  83   3   0  18    T  0.0    0  6.9 17  10   M    M   0 3      22  10
 6 105  72  89   9   0  24 0.00  0.0    0  7.7 16 210   M    M   1 1      22 240
 7 104  72  88   8   0  23 0.00  0.0    0  9.9 22 170   M    M   2 12     27 190
 8 100  71  86   6   0  21 0.00  0.0    0 15.0 26 180   M    M   0        34 190
 9  99  74  87   7   0  22 0.03  0.0    0  7.4 24 210   M    M   2 3      32 260
10  92  70  81   1   0  16    T  0.0    0  5.9 15 160   M    M   2 3      20 160
11  89  68  79  -1   0  14 0.20  0.0    0  5.7 14  60   M    M   4 13     18  60
12  83  67  75  -5   0  10 0.00  0.0    0  6.7 15 160   M    M   3        19 140
13  93  66  80   0   0  15 0.00  0.0    0 10.4 21 160   M    M   1        26 170
14  89  68  79  -1   0  14 0.00  0.0    0  9.1 17 150   M    M   0 8      23 140
15  93  67  80   0   0  15 0.00  0.0    0 10.1 18 170   M    M   0        23 170
16  94  66  80   0   0  15 0.00  0.0    0 12.7 21 160   M    M   0        32 150
17  89  68  79   0   0  14    T  0.0    0  8.5 21 290   M    M   5        27 280
18  94  66  80   1   0  15 0.06  0.0    0 12.7 26 190   M    M   2        34  30
19  78  56  67 -12   0   2 0.06  0.0    0 10.7 22  10   M    M   4 1      29  20
20  82  52  67 -12   0   2 0.00  0.0    0  9.2 22 180   M    M   1        28 180
21  87  63  75  -4   0  10 0.00  0.0    0 14.0 24 160   M    M   4 1      31 170
22  96  69  83   4   0  18 0.00  0.0    0 17.3 29 180   M    M   0        36 180
23  80  64  72  -6   0   7    T  0.0    0 13.2 28  30   M    M   8 8      35  40
24  85  60  73  -5   0   8    T  0.0    0  5.3 13 130   M    M   4        18 170
25  94  61  78   0   0  13 0.00  0.0    0  8.1 17 190   M    M   0        26 180
26  98  65  82   4   0  17 0.00  0.0    0  9.5 18 180   M    M   0 1      23 190
27 100  69  85   7   0  20 0.00  0.0    0 17.3 28 200   M    M   0        36 180
28  98  73  86   9   0  21    T  0.0    0  9.9 23 180   M    M   1        29 170
================================================================================
SM 2580 1876         0 416  0.97     0.0 282.0          M       51
================================================================================
AV 92.1 67.0                              10.1 FASTST   M    M   2    MAX(MPH)
                                 MISC ---->  # 29 180               # 36  180
================================================================================
NOTES:
# LAST OF SEVERAL OCCURRENCES

COLUMN 17 PEAK WIND IN M.P.H.

PRELIMINARY LOCAL CLIMATOLOGICAL DATA (WS FORM: F-6) , PAGE 2

                                          STATION:  GAGE
                                          MONTH:    AUGUST
                                          YEAR:     2015
                                          LATITUDE:   36 17 N
                                          LONGITUDE:  99 46 W

[TEMPERATURE DATA]      [PRECIPITATION DATA]       SYMBOLS USED IN COLUMN 16

AVERAGE MONTHLY: 79.6   TOTAL FOR MONTH:   0.97    1 = FOG OR MIST
DPTR FM NORMAL:   0.2   DPTR FM NORMAL:   -1.21    2 = FOG REDUCING VISIBILITY
HIGHEST:   105 ON  6    GRTST 24HR  0.33 ON  3- 4      TO 1/4 MILE OR LESS
LOWEST:     52 ON 20                               3 = THUNDER
                        SNOW, ICE PELLETS, HAIL    4 = ICE PELLETS
                        TOTAL MONTH:   0.0 INCH    5 = HAIL
                        GRTST 24HR     0.0         6 = FREEZING RAIN OR DRIZZLE
                        GRTST DEPTH:   0           7 = DUSTSTORM OR SANDSTORM:
                                                       VSBY 1/2 MILE OR LESS
                                                   8 = SMOKE OR HAZE
[NO. OF DAYS WITH]      [WEATHER - DAYS WITH]      9 = BLOWING SNOW
                                                   X = TORNADO
MAX 32 OR BELOW:   0    0.01 INCH OR MORE:   7
MAX 90 OR ABOVE:  18    0.10 INCH OR MORE:   4
MIN 32 OR BELOW:   0    0.50 INCH OR MORE:   0
MIN  0 OR BELOW:   0    1.00 INCH OR MORE:   0

[HDD (BASE 65) ]
TOTAL THIS MO.     0    CLEAR  (SCALE 0-3)  22
DPTR FM NORMAL     0    PTCLDY (SCALE 4-7)   6
TOTAL FM JUL 1     0    CLOUDY (SCALE 8-10)  0
DPTR FM NORMAL     0

[CDD (BASE 65) ]
TOTAL THIS MO.   416
DPTR FM NORMAL    13    [PRESSURE DATA]
TOTAL FM JAN 1  1435    HIGHEST SLP M ON M
DPTR FM NORMAL    92    LOWEST  SLP 29.62 ON 18

[REMARKS]
