000
CXUS53 KUNR 290945
CF6GCC
PRELIMINARY LOCAL CLIMATOLOGICAL DATA (WS FORM: F-6)

                                          STATION:   GILLETTE AIRPORT WY
                                          MONTH:     APRIL
                                          YEAR:      2016
                                          LATITUDE:   44 20 N
                                          LONGITUDE: 105 32 W

  TEMPERATURE IN F:       :PCPN:    SNOW:  WIND      :SUNSHINE: SKY     :PK WND
================================================================================
1   2   3   4   5  6A  6B    7    8   9   10  11  12  13   14  15   16   17  18
                                     12Z  AVG MX 2MIN
DY MAX MIN AVG DEP HDD CDD  WTR  SNW DPTH SPD SPD DIR MIN PSBL S-S WX    SPD DR
================================================================================

 1  51  19  35  -3  30   0 0.00    M    M 11.5 22 310   M    M   4        29 290
 2  65  33  49  10  16   0 0.00    M    M 13.5 21 230   M    M   2        26 230
 3  65  37  51  12  14   0 0.00    M    M 15.2 32 330   M    M   1        40 330
 4  71  28  50  11  15   0 0.00    M    M 10.4 26 220   M    M   1        36 220
 5  53  33  43   3  22   0    T    M    M 21.2 49 310   M    M   6 1      64 310
 6  63  29  46   6  19   0 0.00    M    M 16.5 40 320   M    M   3        48 320
 7  57  28  43   3  22   0 0.00    M    M 10.1 28 340   M    M   5        34 340
 8  64  31  48   8  17   0 0.00    M    M 10.1 30 180   M    M   0        36 180
 9  77  40  59  19   6   0 0.00    M    M 16.3 30 180   M    M   0        36  10
10  50  23  37  -4  28   0 0.00    M    M  9.0 22 320   M    M   7        25 330
11  63  19  41   0  24   0 0.00    M    M  5.2 15 310   M    M   3        20 160
12  73  38  56  15   9   0 0.00    M    M  9.7 24 330   M    M   1        32 320
13  77  39  58  16   7   0    T    M    M 15.0 32 250   M    M   1        37 260
14  74  31  53  11  12   0 0.15    M    M 13.0 39 170   M    M   4 13     49 180
15  54  36  45   3  20   0 0.00    M    M 13.0 26 330   M    M   4        32 330
16  39  32  36  -7  29   0 0.10    M    M 17.0 26 340   M    M   9 1      32 350
17  36  31  34  -9  31   0 0.21    M    M 16.6 24 340   M    M   9 1      29 340
18  35  32  34  -9  31   0 0.36    M    M 11.0 17 340   M    M  10 1      22 350
19  45  31  38  -6  27   0 0.02    M    M  4.0 12 300   M    M   9 1      14 310
20  60  34  47   3  18   0 0.00    M    M  5.6 18 340   M    M   5        22 340
21  69  34  52   8  13   0 0.00    M    M  8.7 22 170   M    M   0        28 180
22  79  44  62  17   3   0 0.00    M    M 14.1 23 190   M    M   0        27 210
23  77  47  62  17   3   0 0.34    M    M 13.2 38 300   M    M   2 1      47 290
24  48  33  41  -4  24   0 0.56    M    M 20.5 36 280   M    M  10 13     45 290
25  51  34  43  -3  22   0 0.00    M    M 10.8 16 330   M    M  10 1      25 340
26  36  31  34 -12  31   0 0.53    M    M 11.7 21 360   M    M  10 12     25 360
27  36  30  33 -13  32   0 0.20    M    M 10.8 17 360   M    M  10 18     21 330
28  38  29  34 -13  31   0 0.02    M    M  6.0 14  40   M    M  10 18     17  40
================================================================================
SM 1606  906       556   0  2.49    M    339.7          M      136
================================================================================
AV 57.4 32.4                              12.1 FASTST   M    M   5    MAX(MPH)
                                 MISC ---->  # 49 310               # 64  310
================================================================================
NOTES:
# LAST OF SEVERAL OCCURRENCES

COLUMN 17 PEAK WIND IN M.P.H.

PRELIMINARY LOCAL CLIMATOLOGICAL DATA (WS FORM: F-6) , PAGE 2

                                          STATION:  GILLETTE AIRPORT WY
                                          MONTH:    APRIL
                                          YEAR:     2016
                                          LATITUDE:   44 20 N
                                          LONGITUDE: 105 32 W

[TEMPERATURE DATA]      [PRECIPITATION DATA]       SYMBOLS USED IN COLUMN 16

AVERAGE MONTHLY: 44.9   TOTAL FOR MONTH:   2.49    1 = FOG OR MIST
DPTR FM NORMAL:   2.5   DPTR FM NORMAL:    1.17    2 = FOG REDUCING VISIBILITY
HIGHEST:    79 ON 22    GRTST 24HR  0.90 ON 23-24      TO 1/4 MILE OR LESS
LOWEST:     19 ON 11, 1                            3 = THUNDER
                        SNOW, ICE PELLETS, HAIL    4 = ICE PELLETS
                        TOTAL MONTH:    M          5 = HAIL
                        GRTST 24HR    M  ON   M    6 = FREEZING RAIN OR DRIZZLE
                        GRTST DEPTH:  M  ON   M    7 = DUSTSTORM OR SANDSTORM:
                                                       VSBY 1/2 MILE OR LESS
                                                   8 = SMOKE OR HAZE
[NO. OF DAYS WITH]      [WEATHER - DAYS WITH]      9 = BLOWING SNOW
                                                   X = TORNADO
MAX 32 OR BELOW:   0    0.01 INCH OR MORE:  10
MAX 90 OR ABOVE:   0    0.10 INCH OR MORE:   8
MIN 32 OR BELOW:  15    0.50 INCH OR MORE:   2
MIN  0 OR BELOW:   0    1.00 INCH OR MORE:   0

[HDD (BASE 65) ]
TOTAL THIS MO.   556    CLEAR  (SCALE 0-3)  11
DPTR FM NORMAL   -77    PTCLDY (SCALE 4-7)   8
TOTAL FM JUL 1  6075    CLOUDY (SCALE 8-10)  9
DPTR FM NORMAL  -905

[CDD (BASE 65) ]
TOTAL THIS MO.     0
DPTR FM NORMAL     0    [PRESSURE DATA]
TOTAL FM JAN 1     0    HIGHEST SLP M ON M
DPTR FM NORMAL     0    LOWEST  SLP 29.12 ON 24

[REMARKS]
