000
CXUS56 KFGZ 220900
CF6GCN
PRELIMINARY LOCAL CLIMATOLOGICAL DATA (WS FORM: F-6)

                                          STATION:   GRAND CANYON AZ AIRPORT
                                          MONTH:     APRIL
                                          YEAR:      2014
                                          LATITUDE:   35 57 N
                                          LONGITUDE: 112  9 W

  TEMPERATURE IN F:       :PCPN:    SNOW:  WIND      :SUNSHINE: SKY     :PK WND
================================================================================
1   2   3   4   5  6A  6B    7    8   9   10  11  12  13   14  15   16   17  18
                                     12Z  AVG MX 2MIN
DY MAX MIN AVG DEP HDD CDD  WTR  SNW DPTH SPD SPD DIR MIN PSBL S-S WX    SPD DR
================================================================================

 1  53  30  42   2  23   0 0.00    M    M 17.2 36 230   M    M   4        44 220
 2  44  27  36  -4  29   0 0.11    M    M  9.6 23 210   M    M   8 128    33 230
 3  48  18  33  -7  32   0    T    M    M  4.0 15 230   M    M   3 1      19 240
 4  54  19  37  -3  28   0 0.00    M    M  4.6 26 220   M    M   2        34 210
 5  51  19  35  -5  30   0    T    M    M  3.2 17 230   M    M   5        26 250
 6  56  16  36  -4  29   0 0.00    M    M  5.7 16 330   M    M   0        23 300
 7  65  21  43   2  22   0 0.00    M    M  4.5 13 320   M    M   0        19 240
 8  71  22  47   6  18   0 0.00    M    M  3.1 16 240   M    M   0        21 240
 9  72  24  48   7  17   0 0.00    M    M  6.7 22 240   M    M   0        32 250
10  73  18  46   5  19   0 0.00    M    M  7.3 24 230   M    M   0        33 220
11  72  22  47   6  18   0 0.00    M    M  8.3 29 210   M    M   2        39 210
12  68  25  47   6  18   0 0.00    M    M  6.5 23 230   M    M   1        35 210
13  64  24  44   2  21   0 0.00    M    M 11.3 29 250   M    M   3        44 280
14  57  18  38  -4  27   0 0.00    M    M  7.8 21  50   M    M   0        29  60
15  68  16  42   0  23   0 0.00    M    M  5.6 21 230   M    M   0        26 220
16  66  18  42   0  23   0 0.00    M    M  5.6 15 290   M    M   0        26 310
17  73  24  49   7  16   0 0.00    M    M  4.6 21 220   M    M   1        28 220
18  61  30  46   3  19   0    T    M    M  6.8 23 230   M    M   5        33 230
19  62  31  47   4  18   0 0.11    M    M  4.1 15 160   M    M   5 13     21 220
20  70  28  49   6  16   0 0.00    M    M  3.1 13 340   M    M   1        17 320
21  75  31  53  10  12   0    T    M    M  4.0 31 220   M    M   4        41 220
================================================================================
SM 1323  481       458   0  0.22    M    133.6          M       44
================================================================================
AV 63.0 22.9                               6.4 FASTST   M    M   2    MAX(MPH)
                                 MISC ---->  # 36 230               # 44  220
================================================================================
NOTES:
# LAST OF SEVERAL OCCURRENCES

COLUMN 17 PEAK WIND IN M.P.H.

PRELIMINARY LOCAL CLIMATOLOGICAL DATA (WS FORM: F-6) , PAGE 2

                                          STATION:  GRAND CANYON AZ AIRPORT
                                          MONTH:    APRIL
                                          YEAR:     2014
                                          LATITUDE:   35 57 N
                                          LONGITUDE: 112  9 W

[TEMPERATURE DATA]      [PRECIPITATION DATA]       SYMBOLS USED IN COLUMN 16

AVERAGE MONTHLY: 43.0   TOTAL FOR MONTH:   0.22    1 = FOG OR MIST
DPTR FM NORMAL:   1.6   DPTR FM NORMAL:   -0.47    2 = FOG REDUCING VISIBILITY
HIGHEST:    75 ON 21    GRTST 24HR  0.11 ON 19-19      TO 1/4 MILE OR LESS
LOWEST:     16 ON 15, 6                            3 = THUNDER
                        SNOW, ICE PELLETS, HAIL    4 = ICE PELLETS
                        TOTAL MONTH:    M          5 = HAIL
                        GRTST 24HR    M  ON   M    6 = FREEZING RAIN OR DRIZZLE
                        GRTST DEPTH:  M  ON   M    7 = DUSTSTORM OR SANDSTORM:
                                                       VSBY 1/2 MILE OR LESS
                                                   8 = SMOKE OR HAZE
[NO. OF DAYS WITH]      [WEATHER - DAYS WITH]      9 = BLOWING SNOW
                                                   X = TORNADO
MAX 32 OR BELOW:   0    0.01 INCH OR MORE:   2
MAX 90 OR ABOVE:   0    0.10 INCH OR MORE:   2
MIN 32 OR BELOW:  21    0.50 INCH OR MORE:   0
MIN  0 OR BELOW:   0    1.00 INCH OR MORE:   0

[HDD (BASE 65) ]
TOTAL THIS MO.   458    CLEAR  (SCALE 0-3)  15
DPTR FM NORMAL   -40    PTCLDY (SCALE 4-7)   6
TOTAL FM JUL 1  6060    CLOUDY (SCALE 8-10)  0
DPTR FM NORMAL  -326

[CDD (BASE 65) ]
TOTAL THIS MO.     0
DPTR FM NORMAL     0    [PRESSURE DATA]
TOTAL FM JAN 1     0    HIGHEST SLP M ON M
DPTR FM NORMAL     0    LOWEST  SLP 29.63 ON  2

[REMARKS]
