000
CXUS56 KFGZ 280900
CF6GCN
PRELIMINARY LOCAL CLIMATOLOGICAL DATA (WS FORM: F-6)

                                          STATION:   GRAND CANYON AZ AIRPORT
                                          MONTH:     MARCH
                                          YEAR:      2015
                                          LATITUDE:   35 57 N
                                          LONGITUDE: 112  9 W

  TEMPERATURE IN F:       :PCPN:    SNOW:  WIND      :SUNSHINE: SKY     :PK WND
================================================================================
1   2   3   4   5  6A  6B    7    8   9   10  11  12  13   14  15   16   17  18
                                     12Z  AVG MX 2MIN
DY MAX MIN AVG DEP HDD CDD  WTR  SNW DPTH SPD SPD DIR MIN PSBL S-S WX    SPD DR
================================================================================

 1  38  32  35   1  30   0 0.77    M    M  4.2 23 210   M    M  10 12     30 210
 2  39  28  34   0  31   0 0.35    M    M 10.8 21 220   M    M  10 12     29 220
 3  34  19  27  -7  38   0 0.16    M    M  5.8 17 210   M    M   7 128    19 220
 4  41  11  26  -9  39   0 0.00    M    M  3.8 15  50   M    M   3 1      19  60
 5  50   2  26  -9  39   0 0.00    M    M  2.9 10  10   M    M   0 8      17  10
 6   M   M   M   M   M   M 0.00    M    M   M   M   M   M    M   0         M  M
 7   M   M   M   M   M   M 0.00    M    M   M   M   M   M    M   M         M  M
 8   M   M   M   M   M   M 0.00    M    M   M   M   M   M    M   M         M  M
 9  55  25  40   4  25   0 0.00    M    M  4.9  8  20   M    M   0         M  M
10  68  28  48  12  17   0 0.00    M    M  8.9 12  30   M    M   0         M  M
11  63  27  45   9  20   0 0.00    M    M  8.2 15 210   M    M   0        21 210
12  52  41  47  11  18   0 0.00    M    M  6.8 13  30   M    M   6         M  M
13   M   M   M   M   M   M    M    M    M   M   M   M   M    M   M         M  M
14  63  29  46   9  19   0 0.00    M    M  7.1 15  50   M    M   0        22  60
15  68  26  47  10  18   0 0.00    M    M  4.7 14  70   M    M   0        17  80
16  69  25  47  10  18   0 0.00    M    M  2.8 14  50   M    M   0        17  50
17  68  27  48  11  17   0 0.00    M    M  5.4 18 210   M    M   4        26 230
18  61  33  47  10  18   0 0.00    M    M  5.0 25 230   M    M   6        33 230
19  60  26  43   6  22   0 0.00    M    M  3.9 17  50   M    M   3 1      22  60
20  63  20  42   4  23   0 0.00    M    M  4.4 18  30   M    M   0        24  40
21  66  21  44   6  21   0 0.00    M    M  4.1 17 250   M    M   0        25 240
22  64  25  45   7  20   0 0.00    M    M  7.6 25 220   M    M   0        32 230
23  65  25  45   7  20   0 0.00    M    M 10.4 26 240   M    M   0        39 220
24  62  21  42   4  23   0 0.00    M    M  3.3 14 240   M    M   1        19 240
25  60  24  42   4  23   0 0.00    M    M  4.4 15 260   M    M   0        24 250
26  64  27  46   7  19   0 0.00    M    M  6.0 20  60   M    M   0        24  60
27  72  22  47   8  18   0 0.00    M    M  2.9 16 240   M    M   0        24 240
================================================================================
SM 1345  564       536   0  1.28    M    128.3          M       50
================================================================================
AV 58.5 24.5                               5.6 FASTST   M    M   2    MAX(MPH)
                                 MISC ---->  # 26 240               # 39  220
================================================================================
NOTES:
# LAST OF SEVERAL OCCURRENCES

COLUMN 17 PEAK WIND IN M.P.H.

PRELIMINARY LOCAL CLIMATOLOGICAL DATA (WS FORM: F-6) , PAGE 2

                                          STATION:  GRAND CANYON AZ AIRPORT
                                          MONTH:    MARCH
                                          YEAR:     2015
                                          LATITUDE:   35 57 N
                                          LONGITUDE: 112  9 W

[TEMPERATURE DATA]      [PRECIPITATION DATA]       SYMBOLS USED IN COLUMN 16

AVERAGE MONTHLY: 41.5   TOTAL FOR MONTH:   1.28    1 = FOG OR MIST
DPTR FM NORMAL:   5.0   DPTR FM NORMAL:   -0.22    2 = FOG REDUCING VISIBILITY
HIGHEST:    72 ON 27    GRTST 24HR  0.77 ON  1- 1      TO 1/4 MILE OR LESS
LOWEST:      2 ON  5                               3 = THUNDER
                        SNOW, ICE PELLETS, HAIL    4 = ICE PELLETS
                        TOTAL MONTH:    M          5 = HAIL
                        GRTST 24HR    M  ON   M    6 = FREEZING RAIN OR DRIZZLE
                        GRTST DEPTH:  M  ON   M    7 = DUSTSTORM OR SANDSTORM:
                                                       VSBY 1/2 MILE OR LESS
                                                   8 = SMOKE OR HAZE
[NO. OF DAYS WITH]      [WEATHER - DAYS WITH]      9 = BLOWING SNOW
                                                   X = TORNADO
MAX 32 OR BELOW:   0    0.01 INCH OR MORE:   3
MAX 90 OR ABOVE:   0    0.10 INCH OR MORE:   3
MIN 32 OR BELOW:  21    0.50 INCH OR MORE:   1
MIN  0 OR BELOW:   0    1.00 INCH OR MORE:   0

[HDD (BASE 65) ]
TOTAL THIS MO.   536    CLEAR  (SCALE 0-3)  17
DPTR FM NORMAL  -234    PTCLDY (SCALE 4-7)   5
TOTAL FM JUL 1  4701    CLOUDY (SCALE 8-10)  2
DPTR FM NORMAL -1083

[CDD (BASE 65) ]
TOTAL THIS MO.     0
DPTR FM NORMAL     0    [PRESSURE DATA]
TOTAL FM JAN 1     0    HIGHEST SLP M ON M
DPTR FM NORMAL     0    LOWEST  SLP 29.71 ON  2

[REMARKS]
