000
CXUS56 KFGZ 250900
CF6GCN
PRELIMINARY LOCAL CLIMATOLOGICAL DATA (WS FORM: F-6)

                                          STATION:   GRAND CANYON AZ AIRPORT
                                          MONTH:     SEPTEMBER
                                          YEAR:      2017
                                          LATITUDE:   35 57 N
                                          LONGITUDE: 112  9 W

  TEMPERATURE IN F:       :PCPN:    SNOW:  WIND      :SUNSHINE: SKY     :PK WND
================================================================================
1   2   3   4   5  6A  6B    7    8   9   10  11  12  13   14  15   16   17  18
                                     12Z  AVG MX 2MIN
DY MAX MIN AVG DEP HDD CDD  WTR  SNW DPTH SPD SPD DIR MIN PSBL S-S WX    SPD DR
================================================================================

 1  85  47  66   4   0   1 0.00    M    M  4.2 16  40   M    M   1 3      23  30
 2  86  46  66   5   0   1    T    M    M  4.6 16  50   M    M   2        21 120
 3  87  47  67   6   0   2 0.00  0.0    0  3.1 15  50   M    M   1        22  50
 4  89  44  67   6   0   2    T    M    M  3.1 20 270   M    M   1 3      27 280
 5  89  46  68   7   0   3    T    M    M  4.8 18 230   M    M   1 3      26 230
 6  84  51  68   8   0   3 0.05    M    M  4.7 20  90   M    M   1 3      29 100
 7  84  45  65   5   0   0 0.00    M    M  3.9 22 250   M    M   1        39 220
 8  76  46  61   1   4   0 0.06    M    M  5.3 22 110   M    M   4 13     28  90
 9  69  49  59  -1   6   0 0.09    M    M  4.1 12  70   M    M   6 1      16 150
10  78  44  61   2   4   0 0.00    M    M  3.8 17  60   M    M   1        21  70
11  82  46  64   5   1   0    T    M    M  3.2 12 210   M    M   2        14  20
12  84  46  65   6   0   0 0.00  0.0    0  4.2 21 210   M    M   1        32 220
13  81  46  64   6   1   0 0.06    M    0  5.1 23 190   M    M   2 3      31 190
14  72  37  55  -3  10   0 0.16    M    0  9.0 35 220   M    M   3 13     44 230
15  73  31  52  -6  13   0 0.00  0.0    0  8.3 25 210   M    M   3        32 220
16  74  36  55  -2  10   0 0.00  0.0    0  3.1 18 230   M    M   1        22 220
17  74  36  55  -2  10   0 0.00  0.0    0  6.4 22 220   M    M   1        31 210
18  75  29  52  -5  13   0 0.00  0.0    0  8.2 26 210   M    M   0        34 220
19  75  34  55  -1  10   0 0.00  0.0    0 11.8 32 210   M    M   0        39 220
20  77  34  56   0   9   0 0.00  0.0    0 11.5 32 220   M    M   0        40 220
21  73  49  61   5   4   0 0.00  0.0    0 18.4 38 230   M    M   1        52 220
22  67  28  48  -7  17   0 0.00  0.0    0 12.4 30 220   M    M   3        40 210
23  63  22  43 -12  22   0 0.00  0.0    0  6.2 25 220   M    M   2        32 210
24  59  21  40 -15  25   0 0.00    M    M  3.4 14 240   M    M   0        18 260
================================================================================
SM 1856  960       159  12  0.42     0.0 152.8          M       38
================================================================================
AV 77.3 40.0                               6.4 FASTST   M    M   2    MAX(MPH)
                                 MISC ---->  # 38 230               # 52  220
================================================================================
NOTES:
# LAST OF SEVERAL OCCURRENCES

COLUMN 17 PEAK WIND IN M.P.H.

PRELIMINARY LOCAL CLIMATOLOGICAL DATA (WS FORM: F-6) , PAGE 2

                                          STATION:  GRAND CANYON AZ AIRPORT
                                          MONTH:    SEPTEMBER
                                          YEAR:     2017
                                          LATITUDE:   35 57 N
                                          LONGITUDE: 112  9 W

[TEMPERATURE DATA]      [PRECIPITATION DATA]       SYMBOLS USED IN COLUMN 16

AVERAGE MONTHLY: 58.7   TOTAL FOR MONTH:   0.42    1 = FOG OR MIST
DPTR FM NORMAL:   0.3   DPTR FM NORMAL:   -0.91    2 = FOG REDUCING VISIBILITY
HIGHEST:    89 ON  5, 4 GRTST 24HR  0.16 ON 14-14      TO 1/4 MILE OR LESS
LOWEST:     21 ON 24                               3 = THUNDER
                        SNOW, ICE PELLETS, HAIL    4 = ICE PELLETS
                        TOTAL MONTH:   0.0 INCH    5 = HAIL
                        GRTST 24HR     0.0         6 = FREEZING RAIN OR DRIZZLE
                        GRTST DEPTH:   0           7 = DUSTSTORM OR SANDSTORM:
                                                       VSBY 1/2 MILE OR LESS
                                                   8 = SMOKE OR HAZE
[NO. OF DAYS WITH]      [WEATHER - DAYS WITH]      9 = BLOWING SNOW
                                                   X = TORNADO
MAX 32 OR BELOW:   0    0.01 INCH OR MORE:   5
MAX 90 OR ABOVE:   0    0.10 INCH OR MORE:   1
MIN 32 OR BELOW:   5    0.50 INCH OR MORE:   0
MIN  0 OR BELOW:   0    1.00 INCH OR MORE:   0

[HDD (BASE 65) ]
TOTAL THIS MO.   159    CLEAR  (SCALE 0-3)  21
DPTR FM NORMAL    -3    PTCLDY (SCALE 4-7)   3
TOTAL FM JUL 1   186    CLOUDY (SCALE 8-10)  0
DPTR FM NORMAL   -63

[CDD (BASE 65) ]
TOTAL THIS MO.    12
DPTR FM NORMAL    12    [PRESSURE DATA]
TOTAL FM JAN 1   272    HIGHEST SLP M ON M
DPTR FM NORMAL   184    LOWEST  SLP 29.64 ON 22

[REMARKS]
