000
CXUS54 KFWD 230730
CF6GDJ
PRELIMINARY LOCAL CLIMATOLOGICAL DATA (WS FORM: F-6)

                                          STATION:   GRANBURY
                                          MONTH:     FEBRUARY
                                          YEAR:      2017
                                          LATITUDE:   32 26 N
                                          LONGITUDE:  97 48 W

  TEMPERATURE IN F:       :PCPN:    SNOW:  WIND      :SUNSHINE: SKY     :PK WND
================================================================================
1   2   3   4   5  6A  6B    7    8   9   10  11  12  13   14  15   16   17  18
                                     12Z  AVG MX 2MIN
DY MAX MIN AVG DEP HDD CDD  WTR  SNW DPTH SPD SPD DIR MIN PSBL S-S WX    SPD DR
================================================================================

 1  81  45  63  18   2   0 0.00  0.0    0  7.6 13 300   M    M   0        17 190
 2  49  38  44  -1  21   0 0.00  0.0    0  9.6 14 320   M    M   7        20 310
 3  52  35  44  -1  21   0 0.00  0.0    0  5.7 10 360   M    M  10         M  M
 4  57  47  52   7  13   0 0.00  0.0    0  7.8 13 160   M    M  10 1      17 160
 5  80  51  66  20   0   1 0.00  0.0    0  7.8 15 190   M    M   5 18     21 210
 6  83  64  74  28   0   9 0.00  0.0    0 11.3 20 200   M    M   4        28 190
 7  80  53  67  21   0   2 0.00  0.0    0  9.1 17 200   M    M   0        23 200
 8  69  44  57  11   8   0 0.00  0.0    0 10.2 17 350   M    M   0        27 350
 9  64  35  50   4  15   0 0.00  0.0    0  6.0 12 140   M    M   0         M  M
10  80  48  64  18   1   0 0.00  0.0    0 10.6 20 180   M    M   1        24 160
11  89  56  73  26   0   8 0.00  0.0    0  8.0 14 160   M    M   0 1      20 180
12  73  56  65  18   0   0 0.00  0.0    0  9.3 20 340   M    M   4 1      28  10
13  68  48  58  11   7   0 0.33  0.0    0  6.9 15 360   M    M  10        22 360
14  49  42  46  -1  19   0 0.74  0.0    0 11.7 18 310   M    M  10        25 310
15  59  36  48   0  17   0 0.00  0.0    0  7.6 16 320   M    M   1        20 310
16  69  31  50   2  15   0 0.00  0.0    0  4.0 10 210   M    M   0        16 220
17  75  46  61  13   4   0 0.00  0.0    0  9.0 16 160   M    M   3        24 190
18  82  54  68  20   0   3 0.00  0.0    0  5.2 14 140   M    M   1        21 140
19  76  52  64  15   1   0 0.13  0.0    0  8.8 15 130   M    M   8 18     22 130
20  72  49  61  12   4   0 0.30  0.0    0  7.1 14 170   M    M   5 13     18 140
21  77  47  62  13   3   0 0.00  0.0    0  7.3 15 310   M    M   1 1      24 300
22  87  39  63  14   2   0 0.00  0.0    0  3.8 13 150   M    M   0 8       M  M
================================================================================
SM 1571 1016       153  23  1.50     0.0 174.4          M       80
================================================================================
AV 71.4 46.2                               7.9 FASTST   M    M   4    MAX(MPH)
                                 MISC ---->    20   M                 28    M
================================================================================
NOTES:
# LAST OF SEVERAL OCCURRENCES

COLUMN 17 PEAK WIND IN M.P.H.

PRELIMINARY LOCAL CLIMATOLOGICAL DATA (WS FORM: F-6) , PAGE 2

                                          STATION:  GRANBURY
                                          MONTH:    FEBRUARY
                                          YEAR:     2017
                                          LATITUDE:   32 26 N
                                          LONGITUDE:  97 48 W

[TEMPERATURE DATA]      [PRECIPITATION DATA]       SYMBOLS USED IN COLUMN 16

AVERAGE MONTHLY: 58.8   TOTAL FOR MONTH:   1.50    1 = FOG OR MIST
DPTR FM NORMAL:  11.9   DPTR FM NORMAL:       M    2 = FOG REDUCING VISIBILITY
HIGHEST:    89 ON 11    GRTST 24HR  0.74 ON 14-14      TO 1/4 MILE OR LESS
LOWEST:     31 ON 16                               3 = THUNDER
                        SNOW, ICE PELLETS, HAIL    4 = ICE PELLETS
                        TOTAL MONTH:   0.0 INCH    5 = HAIL
                        GRTST 24HR     0.0         6 = FREEZING RAIN OR DRIZZLE
                        GRTST DEPTH:   0           7 = DUSTSTORM OR SANDSTORM:
                                                       VSBY 1/2 MILE OR LESS
                                                   8 = SMOKE OR HAZE
[NO. OF DAYS WITH]      [WEATHER - DAYS WITH]      9 = BLOWING SNOW
                                                   X = TORNADO
MAX 32 OR BELOW:   0    0.01 INCH OR MORE:   4
MAX 90 OR ABOVE:   0    0.10 INCH OR MORE:   4
MIN 32 OR BELOW:   1    0.50 INCH OR MORE:   1
MIN  0 OR BELOW:   0    1.00 INCH OR MORE:   0

[HDD (BASE 65) ]
TOTAL THIS MO.   153    CLEAR  (SCALE 0-3)  12
DPTR FM NORMAL  -248    PTCLDY (SCALE 4-7)   5
TOTAL FM JUL 1  1225    CLOUDY (SCALE 8-10)  5
DPTR FM NORMAL  -920

[CDD (BASE 65) ]
TOTAL THIS MO.    23
DPTR FM NORMAL    23    [PRESSURE DATA]
TOTAL FM JAN 1    30    HIGHEST SLP M ON M
DPTR FM NORMAL    30    LOWEST  SLP M ON M

[REMARKS]
