000
CXUS54 KMAF 301100
CF6GDP
PRELIMINARY LOCAL CLIMATOLOGICAL DATA (WS FORM: F-6)

                                          STATION:   Guadalupe Pass
                                          MONTH:     AUGUST
                                          YEAR:      2015
                                          LATITUDE:   31 49 N
                                          LONGITUDE: 104 48 W

  TEMPERATURE IN F:       :PCPN:    SNOW:  WIND      :SUNSHINE: SKY     :PK WND
================================================================================
1   2   3   4   5  6A  6B    7    8   9   10  11  12  13   14  15   16   17  18
                                     12Z  AVG MX 2MIN
DY MAX MIN AVG DEP HDD CDD  WTR  SNW DPTH SPD SPD DIR MIN PSBL S-S WX    SPD DR
================================================================================

 1  86  69  78   2   0  13 0.16  0.0    0 12.8 31 240   M    M   1        41 240
 2  94  68  81   5   0  16 0.02  0.0    0 10.1 32 240   M    M   2 8      37 240
 3  92  67  80   4   0  15 0.02  0.0    0  9.6 33 280   M    M   5        43 280
 4  94  63  79   3   0  14    T  0.0    0 13.1 32  40   M    M   1        37  40
 5  97  72  85   9   0  20 0.00  0.0    0  9.7 21 240   M    M   1        25 250
 6 100  74  87  11   0  22 0.00  0.0    0 11.3 20  80   M    M   0        24 230
 7  94  76  85   9   0  20 0.00  0.0    0 10.4 22  70   M    M   0        25  70
 8  97  68  83   7   0  18 0.00  0.0    0 16.6 28 230   M    M   1        31 240
 9  96  67  82   6   0  17 0.03  0.0    0 15.2 35  80   M    M   1        41  70
10  91  64  78   2   0  13    T  0.0    0 17.3 32  60   M    M   2 8      43  60
11  88  66  77   1   0  12 0.00  0.0    0 21.9 38  60   M    M   0 8      43  70
12  92  69  81   6   0  16 0.00  0.0    0 14.9 25  80   M    M   0        31  80
13  98  73  86  11   0  21 0.00  0.0    0  9.4 21 240   M    M   1        24 100
14  98  69  84   9   0  19    T  0.0    0 12.2 33  70   M    M   1        39  50
15  91  67  79   4   0  14    T  0.0    0 13.1 33  50   M    M   1        36  60
16  85  61  73  -2   0   8 0.50  0.0    0  8.8 49  20   M    M   5 12     60  60
17  89  65  77   2   0  12 0.02  0.0    0 11.4 25  30   M    M   1        30  20
18  95  69  82   7   0  17 0.00  0.0    0 14.4 29 210   M    M   0        35 220
19  81  60  71  -4   0   6    T  0.0    0 25.8 39  50   M    M   0 8      41  50
20  92  57  75   0   0  10 0.03  0.0    0 19.0 37  50   M    M   4 1      39  50
21  95  62  79   4   0  14 0.02  0.0    0 15.5 35 250   M    M   2        42 250
22  94  64  79   4   0  14 0.12  0.0    0 18.7 40 170   M    M   2        48 170
23  84  65  75   0   0  10    T  0.0    0 21.2 40  70   M    M   3 8      50 250
24  82  62  72  -2   0   7    T  0.0    0 18.1 33  50   M    M   2 18     36  60
25  87  68  78   4   0  13    T  0.0    0 13.8 28  50   M    M   1        33  50
26  88  67  78   4   0  13    T  0.0    0 12.9 26  80   M    M   1        31  80
27  95  70  83   9   0  18 0.00  0.0    0 11.2 28 260   M    M   1        34 260
28  95  65  80   6   0  15 0.06  0.0    0 12.6 31  70   M    M   3        33  70
29  81  62  72  -2   0   7    T  0.0    0 19.3 28  50   M    M   2        32  40
================================================================================
SM 2651 1929         0 414  0.98     0.0 420.3          M       44
================================================================================
AV 91.4 66.5                              14.5 FASTST   M    M   2    MAX(MPH)
                                 MISC ---->  # 49  20               # 60   60
================================================================================
NOTES:
# LAST OF SEVERAL OCCURRENCES

COLUMN 17 PEAK WIND IN M.P.H.

PRELIMINARY LOCAL CLIMATOLOGICAL DATA (WS FORM: F-6) , PAGE 2

                                          STATION:  Guadalupe Pass
                                          MONTH:    AUGUST
                                          YEAR:     2015
                                          LATITUDE:   31 49 N
                                          LONGITUDE: 104 48 W

[TEMPERATURE DATA]      [PRECIPITATION DATA]       SYMBOLS USED IN COLUMN 16

AVERAGE MONTHLY: 79.0   TOTAL FOR MONTH:   0.98    1 = FOG OR MIST
DPTR FM NORMAL:   3.8   DPTR FM NORMAL:   -1.08    2 = FOG REDUCING VISIBILITY
HIGHEST:   100 ON  6    GRTST 24HR  0.52 ON 16-17      TO 1/4 MILE OR LESS
LOWEST:     57 ON 20                               3 = THUNDER
                        SNOW, ICE PELLETS, HAIL    4 = ICE PELLETS
                        TOTAL MONTH:   0.0 INCH    5 = HAIL
                        GRTST 24HR     0.0         6 = FREEZING RAIN OR DRIZZLE
                        GRTST DEPTH:   0           7 = DUSTSTORM OR SANDSTORM:
                                                       VSBY 1/2 MILE OR LESS
                                                   8 = SMOKE OR HAZE
[NO. OF DAYS WITH]      [WEATHER - DAYS WITH]      9 = BLOWING SNOW
                                                   X = TORNADO
MAX 32 OR BELOW:   0    0.01 INCH OR MORE:  10
MAX 90 OR ABOVE:  19    0.10 INCH OR MORE:   3
MIN 32 OR BELOW:   0    0.50 INCH OR MORE:   1
MIN  0 OR BELOW:   0    1.00 INCH OR MORE:   0

[HDD (BASE 65) ]
TOTAL THIS MO.     0    CLEAR  (SCALE 0-3)  25
DPTR FM NORMAL     0    PTCLDY (SCALE 4-7)   4
TOTAL FM JUL 1     0    CLOUDY (SCALE 8-10)  0
DPTR FM NORMAL    -2

[CDD (BASE 65) ]
TOTAL THIS MO.   414
DPTR FM NORMAL   121    [PRESSURE DATA]
TOTAL FM JAN 1  1237    HIGHEST SLP M ON M
DPTR FM NORMAL    24    LOWEST  SLP 29.55 ON 18

[REMARKS]
