000
CXUS54 KMAF 011100
CF6GDP
PRELIMINARY LOCAL CLIMATOLOGICAL DATA (WS FORM: F-6)

                                          STATION:   Guadalupe Pass
                                          MONTH:     AUGUST
                                          YEAR:      2014
                                          LATITUDE:   31 49 N
                                          LONGITUDE: 104 48 W

  TEMPERATURE IN F:       :PCPN:    SNOW:  WIND      :SUNSHINE: SKY     :PK WND
================================================================================
1   2   3   4   5  6A  6B    7    8   9   10  11  12  13   14  15   16   17  18
                                     12Z  AVG MX 2MIN
DY MAX MIN AVG DEP HDD CDD  WTR  SNW DPTH SPD SPD DIR MIN PSBL S-S WX    SPD DR
================================================================================

 1  69  59  64 -12   1   0 0.48  0.0    0 22.3 32  50   M    M   8 12     37  50
 2  72  58  65 -11   0   0 0.09  0.0    0 24.8 33  40   M    M   7 128    38  40
 3  78  64  71  -5   0   6 0.00  0.0    0 16.2 28  40   M    M   6        30  40
 4  82  64  73  -3   0   8 0.00  0.0    0 11.5 22  70   M    M   0        26  70
 5  87  68  78   2   0  13 0.00  0.0    0  6.6 18 240   M    M   1        21 230
 6  94  66  80   4   0  15 0.01  0.0    0 10.4 22 250   M    M   2        28 240
 7  93  65  79   3   0  14    T  0.0    0 13.2 32 230   M    M   2        40 240
 8  88  64  76   0   0  11 0.06  0.0    0  8.4 30 240   M    M   5 1      39 250
 9  89  68  79   3   0  14    T  0.0    0 12.8 44  80   M    M   4        49  80
10  86  66  76   0   0  11 0.00  0.0    0 20.7 38  80   M    M   1        47  70
11  81  63  72  -4   0   7    T  0.0    0 26.1 37  50   M    M   4        43  40
12  81  65  73  -2   0   8    T  0.0    0 18.7 30  40   M    M   7        33  40
13  85  64  75   0   0  10 0.00  0.0    0 13.5 24  50   M    M   4        28  40
14  90  69  80   5   0  15 0.00  0.0    0 10.6 30 240   M    M   3        35 240
15  92  64  78   3   0  13 0.00  0.0    0 14.2 33  80   M    M   2        38  80
16  92  68  80   5   0  15 0.01  0.0    0 10.3 23 240   M    M   2        29 240
17  88  63  76   1   0  11 0.32  0.0    0  9.2 35  80   M    M   3 1      39  80
18  86  64  75   0   0  10 0.00  0.0    0  9.8 23  80   M    M   0        29  80
19  91  66  79   4   0  14 0.00  0.0    0 13.0 32 230   M    M   0        38 230
20  86  62  74  -1   0   9 0.00  0.0    0 19.6 36 250   M    M   4        41 240
21  92  66  79   4   0  14 0.00  0.0    0 13.8 33 240   M    M   1        40 240
22  85  63  74  -1   0   9    T  0.0    0 19.9 36 250   M    M   2        45 250
23  90  63  77   2   0  12 0.00  0.0    0 15.4 28 250   M    M   2        36 260
24  92  68  80   6   0  15 0.00  0.0    0 11.1 29 230   M    M   1        35 240
25  92  64  78   4   0  13    T  0.0    0 19.2 44  80   M    M   3        50  70
26  88  64  76   2   0  11 0.03  0.0    0 11.4 31  80   M    M   4 2      36  80
27  85  63  74   0   0   9    T  0.0    0  9.8 23 250   M    M   6 12     33 250
28  92  66  79   5   0  14 0.00  0.0    0 12.2 28 260   M    M   3        35 280
29  91  68  80   6   0  15 0.00  0.0    0 12.0 25  40   M    M   2        30  50
30  89  68  79   5   0  14 0.00  0.0    0 13.5 25  40   M    M   3        28  50
31  97  71  84  11   0  19 0.00  0.0    0 13.0 29 250   M    M   1        35 240
================================================================================
SM 2703 2014         1 349  1.00     0.0 443.2          M       93
================================================================================
AV 87.2 65.0                              14.3 FASTST   M    M   3    MAX(MPH)
                                 MISC ---->  # 44  80               # 50   70
================================================================================
NOTES:
# LAST OF SEVERAL OCCURRENCES

COLUMN 17 PEAK WIND IN M.P.H.

PRELIMINARY LOCAL CLIMATOLOGICAL DATA (WS FORM: F-6) , PAGE 2

                                          STATION:  Guadalupe Pass
                                          MONTH:    AUGUST
                                          YEAR:     2014
                                          LATITUDE:   31 49 N
                                          LONGITUDE: 104 48 W

[TEMPERATURE DATA]      [PRECIPITATION DATA]       SYMBOLS USED IN COLUMN 16

AVERAGE MONTHLY: 76.1   TOTAL FOR MONTH:   1.00    1 = FOG OR MIST
DPTR FM NORMAL:   1.2   DPTR FM NORMAL:   -1.23    2 = FOG REDUCING VISIBILITY
HIGHEST:    97 ON 31    GRTST 24HR  0.49 ON  1- 2      TO 1/4 MILE OR LESS
LOWEST:     58 ON  2                               3 = THUNDER
                        SNOW, ICE PELLETS, HAIL    4 = ICE PELLETS
                        TOTAL MONTH:   0.0 INCH    5 = HAIL
                        GRTST 24HR     0.0         6 = FREEZING RAIN OR DRIZZLE
                        GRTST DEPTH:   0           7 = DUSTSTORM OR SANDSTORM:
                                                       VSBY 1/2 MILE OR LESS
                                                   8 = SMOKE OR HAZE
[NO. OF DAYS WITH]      [WEATHER - DAYS WITH]      9 = BLOWING SNOW
                                                   X = TORNADO
MAX 32 OR BELOW:   0    0.01 INCH OR MORE:   7
MAX 90 OR ABOVE:  13    0.10 INCH OR MORE:   2
MIN 32 OR BELOW:   0    0.50 INCH OR MORE:   0
MIN  0 OR BELOW:   0    1.00 INCH OR MORE:   0

[HDD (BASE 65) ]
TOTAL THIS MO.     1    CLEAR  (SCALE 0-3)  18
DPTR FM NORMAL     0    PTCLDY (SCALE 4-7)  12
TOTAL FM JUL 1     2    CLOUDY (SCALE 8-10)  1
DPTR FM NORMAL    -1

[CDD (BASE 65) ]
TOTAL THIS MO.   349
DPTR FM NORMAL    40    [PRESSURE DATA]
TOTAL FM JAN 1  1427    HIGHEST SLP 30.19 ON 12
DPTR FM NORMAL   198    LOWEST  SLP 29.72 ON 19

[REMARKS]
#FINAL-08-14#
