000
CXUS51 KPHI 290800
CF6GED
PRELIMINARY LOCAL CLIMATOLOGICAL DATA (WS FORM: F-6)

                                          STATION:   GEORGETOWN DE
                                          MONTH:     MAY
                                          YEAR:      2016
                                          LATITUDE:   38 41 N
                                          LONGITUDE:  75 22 W

  TEMPERATURE IN F:       :PCPN:    SNOW:  WIND      :SUNSHINE: SKY     :PK WND
================================================================================
1   2   3   4   5  6A  6B    7    8   9   10  11  12  13   14  15   16   17  18
                                     12Z  AVG MX 2MIN
DY MAX MIN AVG DEP HDD CDD  WTR  SNW DPTH SPD SPD DIR MIN PSBL S-S WX    SPD DR
================================================================================

 1  53  49  51  -7  14   0 0.44    M    M  4.7 12 110   M    M  10 1      15 110
 2  78  50  64   5   1   0 0.58    M    M  6.8 15 230   M    M   6 13     20 250
 3  68  50  59   0   6   0 0.15    M    M  7.6 20  60   M    M  10 1      24  60
 4  55  50  53  -6  12   0 0.96    M    M 10.9 16  60   M    M  10 13     20  50
 5  53  49  51  -9  14   0 0.00    M    M 10.0 17  50   M    M  10 18     21  50
 6  53  47  50 -10  15   0 0.78    M    M  7.0 17  40   M    M   9 18     22  50
 7  63  49  56  -4   9   0 0.07    M    M  3.4 13 300   M    M   7 1      19 290
 8  73  48  61   1   4   0    T    M    M  7.1 21 290   M    M   1        35 280
 9  69  42  56  -5   9   0 0.01    M    M  4.4 17 230   M    M   4        23 230
10  64  51  58  -3   7   0    T    M    M  6.7 20  60   M    M   7        26  60
11  70  52  61   0   4   0 0.41    M    M  3.7 10  50   M    M  10 13     13  50
12  70  57  64   2   1   0 0.00    M    M  3.2  8 170   M    M   9 12     11 130
13  71  55  63   1   2   0 0.12    M    M  5.8 12 190   M    M   6 18     16 210
14  78  52  65   3   0   0 0.17    M    M  7.0 24 310   M    M   3 13     37 310
15  61  47  54  -9  11   0 0.00    M    M  9.2 23 290   M    M   2        35 290
16  64  37  51 -12  14   0 0.00    M    M  6.6 20 290   M    M   0        27 280
17  65  50  58  -5   7   0 0.17    M    M  4.6 13  40   M    M   8 1      14  20
18  66  52  59  -5   6   0 0.00    M    M  6.6 17  50   M    M   7 1      22  40
19  71  52  62  -2   3   0 0.00    M    M  5.2 12  20   M    M   6        16  30
20  76  48  62  -2   3   0 0.00    M    M  5.1 15 110   M    M   0        20 110
21  63  52  58  -7   7   0 0.91    M    M  9.3 21  90   M    M   7 18     28  80
22  59  54  57  -8   8   0 0.17    M    M  6.6 15  20   M    M  10 1      20  30
23  69  56  63  -2   2   0 0.01    M    M  5.4 17  40   M    M   7        20  40
24  81  57  69   3   0   4 0.02    M    M  5.9 14 240   M    M   3 1      20 230
25  86  61  74   8   0   9 0.00    M    M  4.8 13 240   M    M   0        18 230
26  90  57  74   8   0   9 0.00    M    M  6.3 14 210   M    M   0 1      20 250
27  89  68  79  12   0  14 0.00    M    M 10.2 18 180   M    M   0        22 180
28  89  62  76   9   0  11 0.00    M    M  8.0 15 170   M    M   0        20 220
================================================================================
SM 1947 1454       159  47  4.97    M    182.1          M      152
================================================================================
AV 69.5 51.9                               6.5 FASTST   M    M   5    MAX(MPH)
                                 MISC ---->  # 24 310               # 37  310
================================================================================
NOTES:
# LAST OF SEVERAL OCCURRENCES

COLUMN 17 PEAK WIND IN M.P.H.

PRELIMINARY LOCAL CLIMATOLOGICAL DATA (WS FORM: F-6) , PAGE 2

                                          STATION:  GEORGETOWN DE
                                          MONTH:    MAY
                                          YEAR:     2016
                                          LATITUDE:   38 41 N
                                          LONGITUDE:  75 22 W

[TEMPERATURE DATA]      [PRECIPITATION DATA]       SYMBOLS USED IN COLUMN 16

AVERAGE MONTHLY: 60.7   TOTAL FOR MONTH:   4.97    1 = FOG OR MIST
DPTR FM NORMAL:  -1.8   DPTR FM NORMAL:    1.81    2 = FOG REDUCING VISIBILITY
HIGHEST:    90 ON 26    GRTST 24HR  0.99 ON 21-22      TO 1/4 MILE OR LESS
LOWEST:     37 ON 16                               3 = THUNDER
                        SNOW, ICE PELLETS, HAIL    4 = ICE PELLETS
                        TOTAL MONTH:    M          5 = HAIL
                        GRTST 24HR    M  ON   M    6 = FREEZING RAIN OR DRIZZLE
                        GRTST DEPTH:  M  ON   M    7 = DUSTSTORM OR SANDSTORM:
                                                       VSBY 1/2 MILE OR LESS
                                                   8 = SMOKE OR HAZE
[NO. OF DAYS WITH]      [WEATHER - DAYS WITH]      9 = BLOWING SNOW
                                                   X = TORNADO
MAX 32 OR BELOW:   0    0.01 INCH OR MORE:  15
MAX 90 OR ABOVE:   1    0.10 INCH OR MORE:  11
MIN 32 OR BELOW:   0    0.50 INCH OR MORE:   4
MIN  0 OR BELOW:   0    1.00 INCH OR MORE:   0

[HDD (BASE 65) ]
TOTAL THIS MO.   159    CLEAR  (SCALE 0-3)   9
DPTR FM NORMAL    30    PTCLDY (SCALE 4-7)  11
TOTAL FM JUL 1  3659    CLOUDY (SCALE 8-10)  8
DPTR FM NORMAL  -730

[CDD (BASE 65) ]
TOTAL THIS MO.    47
DPTR FM NORMAL   -15    [PRESSURE DATA]
TOTAL FM JAN 1    68    HIGHEST SLP  0.00 ON 20
DPTR FM NORMAL   -14    LOWEST  SLP 29.57 ON  6

[REMARKS]
