000
CXUS51 KPHI 280800
CF6GED
PRELIMINARY LOCAL CLIMATOLOGICAL DATA (WS FORM: F-6)

                                          STATION:   GEORGETOWN DE
                                          MONTH:     APRIL
                                          YEAR:      2016
                                          LATITUDE:   38 41 N
                                          LONGITUDE:  75 22 W

  TEMPERATURE IN F:       :PCPN:    SNOW:  WIND      :SUNSHINE: SKY     :PK WND
================================================================================
1   2   3   4   5  6A  6B    7    8   9   10  11  12  13   14  15   16   17  18
                                     12Z  AVG MX 2MIN
DY MAX MIN AVG DEP HDD CDD  WTR  SNW DPTH SPD SPD DIR MIN PSBL S-S WX    SPD DR
================================================================================

 1  78  65  72  22   0   7 0.68    M    M 15.1 29 250   M    M   5 13     46 270
 2  71  45  58   8   7   0 1.02    M    M  8.4 28 300   M    M   8 13     48 300
 3  49  36  43  -7  22   0    T    M    M 13.5 30 290   M    M   1 3      47 280
 4  73  41  57   6   8   0 0.19    M    M 14.3 29 220   M    M   4 1      37 220
 5  44  29  37 -14  28   0    T    M    M 10.1 24  20   M    M   5        34  10
 6  55  26  41 -10  24   0 0.00    M    M  9.2 22 170   M    M   0        29 180
 7  63  49  56   4   9   0 0.26    M    M 13.9 32 190   M    M   6 138    47 260
 8  53  35  44  -8  21   0    T    M    M  7.7 22 280   M    M   3        31 280
 9  47  34  41 -11  24   0 0.46    M    M  7.4 21 320   M    M   9 1      36 330
10  51  31  41 -11  24   0 0.00    M    M  7.1 16 220   M    M   0        20 220
11  69  41  55   2  10   0    T    M    M 16.2 29 210   M    M   4        36 220
12  61  47  54   1  11   0 0.31    M    M 11.0 25 210   M    M   5 1      32 220
13  55  37  46  -7  19   0 0.00    M    M  7.5 21  40   M    M   0        27  50
14  58  32  45  -9  20   0 0.00    M    M  4.8 14 110   M    M   0        18  40
15  59  33  46  -8  19   0 0.00    M    M  4.5 15 120   M    M   0        21  40
16  61  32  47  -7  18   0 0.00    M    M  4.2 16  50   M    M   0        20  60
17  70  36  53  -1  12   0 0.00    M    M  6.7 16  50   M    M   0        24  60
18  78  42  60   5   5   0 0.00    M    M  6.4 15  60   M    M   0        19  40
19  84  47  66  11   0   1 0.00    M    M  6.9 23 360   M    M   0        31  20
20  67  43  55   0  10   0 0.00    M    M  9.4 20  40   M    M   0        24  40
21  75  41  58   2   7   0 0.00    M    M  9.7 21 210   M    M   2        29 210
22  79  62  71  15   0   6 0.13    M    M 11.3 21 240   M    M   3 13     29 230
23  66  53  60   4   5   0 0.26    M    M  7.0 18  20   M    M   8 1      26  20
24  67  44  56   0   9   0 0.00    M    M  6.5 17  50   M    M   0        22  50
25  76  43  60   3   5   0 0.00    M    M  9.0 22 230   M    M   0        26 220
26  86  54  70  13   0   5    T    M    M 12.0 22 290   M    M   1        34 250
27  54  50  52  -5  13   0 0.11    M    M  8.4 17  60   M    M  10 1      23  70
================================================================================
SM 1749 1128       330  19  3.42    M    248.2          M       74
================================================================================
AV 64.8 41.8                               9.2 FASTST   M    M   3    MAX(MPH)
                                 MISC ---->  # 32 190               # 48  300
================================================================================
NOTES:
# LAST OF SEVERAL OCCURRENCES

COLUMN 17 PEAK WIND IN M.P.H.

PRELIMINARY LOCAL CLIMATOLOGICAL DATA (WS FORM: F-6) , PAGE 2

                                          STATION:  GEORGETOWN DE
                                          MONTH:    APRIL
                                          YEAR:     2016
                                          LATITUDE:   38 41 N
                                          LONGITUDE:  75 22 W

[TEMPERATURE DATA]      [PRECIPITATION DATA]       SYMBOLS USED IN COLUMN 16

AVERAGE MONTHLY: 53.3   TOTAL FOR MONTH:   3.42    1 = FOG OR MIST
DPTR FM NORMAL:  -0.3   DPTR FM NORMAL:    0.08    2 = FOG REDUCING VISIBILITY
HIGHEST:    86 ON 26    GRTST 24HR  1.30 ON  1- 2      TO 1/4 MILE OR LESS
LOWEST:     26 ON  6                               3 = THUNDER
                        SNOW, ICE PELLETS, HAIL    4 = ICE PELLETS
                        TOTAL MONTH:    M          5 = HAIL
                        GRTST 24HR    M  ON   M    6 = FREEZING RAIN OR DRIZZLE
                        GRTST DEPTH:  M  ON   M    7 = DUSTSTORM OR SANDSTORM:
                                                       VSBY 1/2 MILE OR LESS
                                                   8 = SMOKE OR HAZE
[NO. OF DAYS WITH]      [WEATHER - DAYS WITH]      9 = BLOWING SNOW
                                                   X = TORNADO
MAX 32 OR BELOW:   0    0.01 INCH OR MORE:   9
MAX 90 OR ABOVE:   0    0.10 INCH OR MORE:   9
MIN 32 OR BELOW:   5    0.50 INCH OR MORE:   2
MIN  0 OR BELOW:   0    1.00 INCH OR MORE:   1

[HDD (BASE 65) ]
TOTAL THIS MO.   330    CLEAR  (SCALE 0-3)  15
DPTR FM NORMAL     6    PTCLDY (SCALE 4-7)  10
TOTAL FM JUL 1  3458    CLOUDY (SCALE 8-10)  2
DPTR FM NORMAL  -778

[CDD (BASE 65) ]
TOTAL THIS MO.    19
DPTR FM NORMAL     2    [PRESSURE DATA]
TOTAL FM JAN 1    21    HIGHEST SLP M ON M
DPTR FM NORMAL     2    LOWEST  SLP 29.33 ON  2

[REMARKS]
