180
CXUS56 KOTX 271500
CF6GEG
PRELIMINARY LOCAL CLIMATOLOGICAL DATA (WS FORM: F-6)

                                          STATION:   SPOKANE WA AIRPORT
                                          MONTH:     JULY
                                          YEAR:      2016
                                          LATITUDE:   47 37 N
                                          LONGITUDE: 117 32 W

  TEMPERATURE IN F:       :PCPN:    SNOW:  WIND      :SUNSHINE: SKY     :PK WND
================================================================================
1   2   3   4   5  6A  6B    7    8   9   10  11  12  13   14  15   16   17  18
                                     12Z  AVG MX 2MIN
DY MAX MIN AVG DEP HDD CDD  WTR  SNW DPTH SPD SPD DIR MIN PSBL S-S WX    SPD DR
================================================================================

 1  85  57  71   5   0   6 0.00  0.0    0  8.1 16 260   M    M   5        20 230
 2  83  59  71   5   0   6 0.00  0.0    0 10.0 17 220   M    M   6        26 220
 3  81  59  70   3   0   5 0.00  0.0    0 18.1 30 220   M    M   4        39 240
 4  74  52  63  -4   2   0 0.00  0.0    0 12.8 25 240   M    M   5        32 260
 5  70  47  59  -8   6   0 0.01  0.0    0  8.5 26 280   M    M   6        38 280
 6  73  52  63  -5   2   0 0.00  0.0    0  5.4 14 250   M    M   6        19 260
 7  76  53  65  -3   0   0    T  0.0    0  9.6 22 220   M    M   7        25 210
 8  70  57  64  -4   1   0 0.03  0.0    0  7.2 16 210   M    M   9 1      20 200
 9  72  55  64  -4   1   0 0.14  0.0    0  8.1 21 220   M    M   7 1      26 210
10  67  53  60  -9   5   0 0.00  0.0    0 12.1 23 230   M    M   7        28 220
11  73  51  62  -7   3   0 0.00  0.0    0 12.7 21 210   M    M   5        30 200
12  75  54  65  -4   0   0 0.02  0.0    0  5.9 21 220   M    M   6 3      25 260
13  78  53  66  -4   0   1 0.00  0.0    0  7.4 20 220   M    M   4        24 210
14  85  56  71   1   0   6 0.00  0.0    0  6.4 15 210   M    M   2        20 250
15  78  54  66  -4   0   1 0.00  0.0    0 12.2 25 230   M    M   3        36 230
16  74  55  65  -5   0   0    T  0.0    0  5.4 18 330   M    M   7        27 310
17  82  58  70   0   0   5 0.00  0.0    0  6.8 15  20   M    M   7        19 360
18  83  61  72   1   0   7    T  0.0    0  9.2 30 260   M    M   5        35 260
19  78  55  67  -4   0   2 0.00  0.0    0  6.9 21 290   M    M   6        24 280
20  83  52  68  -3   0   3 0.00  0.0    0  7.1 17 230   M    M   3        22 220
21  90  57  74   3   0   9 0.00  0.0    0  5.4 15  40   M    M   2        20  40
22  73  58  66  -5   0   1 0.07  0.0    0  9.2 30 320   M    M   5 13     36 320
23  79  51  65  -7   0   0 0.00  0.0    0  6.1 14 230   M    M   3        21 220
24  86  57  72   0   0   7 0.00  0.0    0  4.6 12  20   M    M   1        16  30
25  93  62  78   6   0  13 0.00  0.0    0  4.4 13  50   M    M   1        17  50
26  91  66  79   7   0  14    T  0.0    0  8.1 29  10   M    M   5 3      34 360
================================================================================
SM 2052 1444        20  86  0.27     0.0 217.7          M      127
================================================================================
AV 78.9 55.5                               8.4 FASTST   M    M   5    MAX(MPH)
                                 MISC ---->  # 30 220               # 39  240
================================================================================
NOTES:
# LAST OF SEVERAL OCCURRENCES

COLUMN 17 PEAK WIND IN M.P.H.

PRELIMINARY LOCAL CLIMATOLOGICAL DATA (WS FORM: F-6) , PAGE 2

                                          STATION:  SPOKANE WA AIRPORT
                                          MONTH:    JULY
                                          YEAR:     2016
                                          LATITUDE:   47 37 N
                                          LONGITUDE: 117 32 W

[TEMPERATURE DATA]      [PRECIPITATION DATA]       SYMBOLS USED IN COLUMN 16

AVERAGE MONTHLY: 67.2   TOTAL FOR MONTH:   0.27    1 = FOG OR MIST
DPTR FM NORMAL:  -2.2   DPTR FM NORMAL:   -0.29    2 = FOG REDUCING VISIBILITY
HIGHEST:    93 ON 25    GRTST 24HR  0.14 ON  9- 9      TO 1/4 MILE OR LESS
LOWEST:     47 ON  5                               3 = THUNDER
                        SNOW, ICE PELLETS, HAIL    4 = ICE PELLETS
                        TOTAL MONTH:   0.0 INCH    5 = HAIL
                        GRTST 24HR     0.0         6 = FREEZING RAIN OR DRIZZLE
                        GRTST DEPTH:   0           7 = DUSTSTORM OR SANDSTORM:
                                                       VSBY 1/2 MILE OR LESS
                                                   8 = SMOKE OR HAZE
[NO. OF DAYS WITH]      [WEATHER - DAYS WITH]      9 = BLOWING SNOW
                                                   X = TORNADO
MAX 32 OR BELOW:   0    0.01 INCH OR MORE:   5
MAX 90 OR ABOVE:   3    0.10 INCH OR MORE:   1
MIN 32 OR BELOW:   0    0.50 INCH OR MORE:   0
MIN  0 OR BELOW:   0    1.00 INCH OR MORE:   0

[HDD (BASE 65) ]
TOTAL THIS MO.    20    CLEAR  (SCALE 0-3)   6
DPTR FM NORMAL   -11    PTCLDY (SCALE 4-7)  19
TOTAL FM JUL 1    20    CLOUDY (SCALE 8-10)  1
DPTR FM NORMAL   -11

[CDD (BASE 65) ]
TOTAL THIS MO.    86
DPTR FM NORMAL   -57    [PRESSURE DATA]
TOTAL FM JAN 1   212    HIGHEST SLP M ON M
DPTR FM NORMAL     6    LOWEST  SLP  0.00 ON M

[REMARKS]
