000
CXUS55 KRIW 280945
CF6GEY
PRELIMINARY LOCAL CLIMATOLOGICAL DATA (WS FORM: F-6)

                                          STATION:   GREYBULL WY
                                          MONTH:     APRIL
                                          YEAR:      2016
                                          LATITUDE:   44 30 N
                                          LONGITUDE: 108  4 W

  TEMPERATURE IN F:       :PCPN:    SNOW:  WIND      :SUNSHINE: SKY     :PK WND
================================================================================
1   2   3   4   5  6A  6B    7    8   9   10  11  12  13   14  15   16   17  18
                                     12Z  AVG MX 2MIN
DY MAX MIN AVG DEP HDD CDD  WTR  SNW DPTH SPD SPD DIR MIN PSBL S-S WX    SPD DR
================================================================================

 1  55  30  43   1  22   0 0.00  0.0    M  4.8 24 340   M    M   6        29 340
 2  68  34  51   9  14   0 0.00  0.0    M  7.5 21 200   M    M   2        24 200
 3  70  38  54  11  11   0 0.00  0.0    M  5.8 22 360   M    M   2        27 350
 4  73  36  55  12  10   0    T    M    M 10.4 31 260   M    M   1        38 250
 5  52  37  45   2  20   0    T    M    M 13.9 35 330   M    M   4        41 310
 6  69  29  49   5  16   0 0.00  0.0    M  9.4 33 350   M    M   2        42 350
 7  66  41  54  10  11   0 0.00  0.0    M 10.8 23 340   M    M   0        31  20
 8  73  32  53   9  12   0 0.00  0.0    M  5.3 13 170   M    M   0        18 180
 9  79  35  57  13   8   0 0.00  0.0    M  7.4 23 310   M    M   0        27 310
10  58  41  50   5  15   0 0.00  0.0    M 14.8 26 310   M    M   6        35 330
11  68  39  54   9  11   0 0.00  0.0    M  3.0 13 150   M    M   2        17 140
12  74  37  56  11   9   0 0.00  0.0    0  5.6 32 240   M    M   0        39 240
13  74  38  56  10   9   0 0.00  0.0    M  6.1 21 330   M    M   2        24 330
14  71  41  56  10   9   0 0.06    M    M  9.2 51 290   M    M   7 138    63 280
15  62  32  47   1  18   0 0.00  0.0    M 15.3 39 320   M    M   1        49 320
16  52  34  43  -3  22   0 0.00  0.0    M 24.7 37 340   M    M   1        44 330
17  48  39  44  -3  21   0 0.00  0.0    M 21.1 31 330   M    M   5        37 340
18  47  34  41  -6  24   0 0.15    M    M 14.4 24 300   M    M  10        30 320
19  49  34  42  -5  23   0 0.04    M    M  3.3  9 130   M    M  10        12 140
20  69  41  55   7  10   0 0.00  0.0    M  5.2 20 340   M    M   3        22 340
21  75  37  56   8   9   0 0.00  0.0    M  6.5 18 160   M    M   0        22 150
22  84  44  64  16   1   0 0.00  0.0    M  8.7 23 170   M    M   0        33 180
23  80  44  62  13   3   0 0.07    M    M 10.8 39 290   M    M   2 3      46 300
24  53  43  48  -1  17   0 0.14    M    M 23.1 41 330   M    M   9 1      51 320
25  57  41  49   0  16   0    T    M    M 12.0 36 330   M    M   8        44 340
26  47  36  42  -8  23   0    T    M    M 23.9 37 320   M    M   6        47 330
27  47  35  41  -9  24   0 0.00  0.0    M 15.1 23 330   M    M  10        30 340
================================================================================
SM 1720 1002       388   0  0.46     0.0 298.1          M       99
================================================================================
AV 63.7 37.1                              11.0 FASTST   M    M   4    MAX(MPH)
                                 MISC ---->  # 51 290               # 63  280
================================================================================
NOTES:
# LAST OF SEVERAL OCCURRENCES

COLUMN 17 PEAK WIND IN M.P.H.

PRELIMINARY LOCAL CLIMATOLOGICAL DATA (WS FORM: F-6) , PAGE 2

                                          STATION:  GREYBULL WY
                                          MONTH:    APRIL
                                          YEAR:     2016
                                          LATITUDE:   44 30 N
                                          LONGITUDE: 108  4 W

[TEMPERATURE DATA]      [PRECIPITATION DATA]       SYMBOLS USED IN COLUMN 16

AVERAGE MONTHLY: 50.4   TOTAL FOR MONTH:   0.46    1 = FOG OR MIST
DPTR FM NORMAL:   4.5   DPTR FM NORMAL:   -0.16    2 = FOG REDUCING VISIBILITY
HIGHEST:    84 ON 22    GRTST 24HR  0.21 ON 23-24      TO 1/4 MILE OR LESS
LOWEST:     29 ON  6                               3 = THUNDER
                        SNOW, ICE PELLETS, HAIL    4 = ICE PELLETS
                        TOTAL MONTH:   0.0 INCH    5 = HAIL
                        GRTST 24HR     0.0         6 = FREEZING RAIN OR DRIZZLE
                        GRTST DEPTH:   0           7 = DUSTSTORM OR SANDSTORM:
                                                       VSBY 1/2 MILE OR LESS
                                                   8 = SMOKE OR HAZE
[NO. OF DAYS WITH]      [WEATHER - DAYS WITH]      9 = BLOWING SNOW
                                                   X = TORNADO
MAX 32 OR BELOW:   0    0.01 INCH OR MORE:   5
MAX 90 OR ABOVE:   0    0.10 INCH OR MORE:   2
MIN 32 OR BELOW:   4    0.50 INCH OR MORE:   0
MIN  0 OR BELOW:   0    1.00 INCH OR MORE:   0

[HDD (BASE 65) ]
TOTAL THIS MO.   388    CLEAR  (SCALE 0-3)  16
DPTR FM NORMAL  -126    PTCLDY (SCALE 4-7)   7
TOTAL FM JUL 1  6289    CLOUDY (SCALE 8-10)  4
DPTR FM NORMAL -1067

[CDD (BASE 65) ]
TOTAL THIS MO.     0
DPTR FM NORMAL     0    [PRESSURE DATA]
TOTAL FM JAN 1     0    HIGHEST SLP M ON M
DPTR FM NORMAL     0    LOWEST  SLP 29.38 ON 14

[REMARKS]
