000
CXUS53 KIND 230740
CF6GEZ
PRELIMINARY LOCAL CLIMATOLOGICAL DATA (WS FORM: F-6)

                                          STATION:   SHELBYVILLE IN
                                          MONTH:     JANUARY
                                          YEAR:      2018
                                          LATITUDE:   39 35 N
                                          LONGITUDE:  85 48 W

  TEMPERATURE IN F:       :PCPN:    SNOW:  WIND      :SUNSHINE: SKY     :PK WND
================================================================================
1   2   3   4   5  6A  6B    7    8   9   10  11  12  13   14  15   16   17  18
                                     12Z  AVG MX 2MIN
DY MAX MIN AVG DEP HDD CDD  WTR  SNW DPTH SPD SPD DIR MIN PSBL S-S WX    SPD DR
================================================================================

 1   4 -10  -3 -32  68   0 0.00    M    M  7.6 14 290   M    M   2        16 280
 2  10 -14  -2 -31  67   0 0.00    M    M  4.9 10 180   M    M   0        13 180
 3  22   0  11 -18  54   0    T    M    M 10.7 17 180   M    M   6        21 190
 4  16  -3   7 -22  58   0    T    M    M  8.5 16 290   M    M   2        20 300
 5  12  -9   2 -27  63   0 0.00    M    M  7.1 16 290   M    M   0        22 310
 6  13 -11   1 -28  64   0 0.00    M    M  3.7 13 110   M    M   0        13 120
 7  37   7  22  -7  43   0    T    M    M 13.5 21 160   M    M   5        27 170
 8  37  34  36   7  29   0 0.18    M    M  9.7 16 200   M    M  10 1      21 210
 9  36  31  34   5  31   0 0.00    M    M  5.1  9 260   M    M   7 18     11 260
10  57  35  46  18  19   0 0.03    M    M 13.0 21 180   M    M  10 1      27 180
11  59  54  57  29   8   0 1.01    M    M 13.0 21 170   M    M  10 1      28 180
12  57  21  39  11  26   0 0.68    M    M 19.4 31 360   M    M  10 168    38 360
13  21   8  15 -13  50   0    T    M    M  9.5 23 360   M    M   3 8      30 350
14  20   2  11 -18  54   0    T    M    M  5.3 16 160   M    M   3 18     19 160
15  27   9  18 -11  47   0 0.02    M    M 13.1 21 280   M    M   9 18     27 300
16   9  -4   3 -26  62   0    T    M    M  9.8 16 280   M    M   5 8      21 280
17  18   4  11 -18  54   0    T    M    M  7.4 14 220   M    M   5 18     18 220
18  32   7  20  -9  45   0 0.00    M    M 11.8 20 210   M    M   0        23 210
19  37  18  28  -1  37   0 0.00    M    M 13.3 20 180   M    M   0        23 180
20  43  30  37   8  28   0 0.01    M    M  9.1 14 190   M    M   4 12     17 180
21  52  39  46  17  19   0 0.01    M    M  9.6 16 180   M    M   9 1      20 190
22  54  40  47  18  18   0 0.20    M    M 16.0 35 170   M    M   5        44 160
================================================================================
SM  673  288       944   0  2.14    M    221.1          M      105
================================================================================
AV 30.6 13.1                              10.1 FASTST   M    M   5    MAX(MPH)
                                 MISC ---->  # 35 170               # 44  160
================================================================================
NOTES:
# LAST OF SEVERAL OCCURRENCES

COLUMN 17 PEAK WIND IN M.P.H.

PRELIMINARY LOCAL CLIMATOLOGICAL DATA (WS FORM: F-6) , PAGE 2

                                          STATION:  SHELBYVILLE IN
                                          MONTH:    JANUARY
                                          YEAR:     2018
                                          LATITUDE:   39 35 N
                                          LONGITUDE:  85 48 W

[TEMPERATURE DATA]      [PRECIPITATION DATA]       SYMBOLS USED IN COLUMN 16

AVERAGE MONTHLY: 21.8   TOTAL FOR MONTH:   2.14    1 = FOG OR MIST
DPTR FM NORMAL:  -7.0   DPTR FM NORMAL:    0.26    2 = FOG REDUCING VISIBILITY
HIGHEST:    59 ON 11    GRTST 24HR  1.01 ON 11-11      TO 1/4 MILE OR LESS
LOWEST:    -14 ON  2                               3 = THUNDER
                        SNOW, ICE PELLETS, HAIL    4 = ICE PELLETS
                        TOTAL MONTH:    M          5 = HAIL
                        GRTST 24HR    M  ON   M    6 = FREEZING RAIN OR DRIZZLE
                        GRTST DEPTH:  M  ON   M    7 = DUSTSTORM OR SANDSTORM:
                                                       VSBY 1/2 MILE OR LESS
                                                   8 = SMOKE OR HAZE
[NO. OF DAYS WITH]      [WEATHER - DAYS WITH]      9 = BLOWING SNOW
                                                   X = TORNADO
MAX 32 OR BELOW:  12    0.01 INCH OR MORE:   8
MAX 90 OR ABOVE:   0    0.10 INCH OR MORE:   4
MIN 32 OR BELOW:  17    0.50 INCH OR MORE:   2
MIN  0 OR BELOW:   7    1.00 INCH OR MORE:   1

[HDD (BASE 65) ]
TOTAL THIS MO.   944    CLEAR  (SCALE 0-3)   9
DPTR FM NORMAL   152    PTCLDY (SCALE 4-7)   7
TOTAL FM JUL 1  2906    CLOUDY (SCALE 8-10)  6
DPTR FM NORMAL    10

[CDD (BASE 65) ]
TOTAL THIS MO.     0
DPTR FM NORMAL     0    [PRESSURE DATA]
TOTAL FM JAN 1     0    HIGHEST SLP M ON M
DPTR FM NORMAL     0    LOWEST  SLP 29.53 ON 22

[REMARKS]
