000
CXUS53 KIND 280730
CF6GEZ
PRELIMINARY LOCAL CLIMATOLOGICAL DATA (WS FORM: F-6)

                                          STATION:   SHELBYVILLE IN
                                          MONTH:     AUGUST
                                          YEAR:      2014
                                          LATITUDE:   39 35 N
                                          LONGITUDE:  85 48 W

  TEMPERATURE IN F:       :PCPN:    SNOW:  WIND      :SUNSHINE: SKY     :PK WND
================================================================================
1   2   3   4   5  6A  6B    7    8   9   10  11  12  13   14  15   16   17  18
                                     12Z  AVG MX 2MIN
DY MAX MIN AVG DEP HDD CDD  WTR  SNW DPTH SPD SPD DIR MIN PSBL S-S WX    SPD DR
================================================================================

 1  84  59  72  -1   0   7 0.00    M    M  2.4 14 320   M    M   2 138    22 330
 2  83  63  73   0   0   8 0.01    M    M  3.7 12 340   M    M   3 13     14  20
 3  86  59  73   0   0   8 0.00    M    M  3.0 12 340   M    M   1 128    16 340
 4  86  58  72  -1   0   7 0.00    M    M  2.0 10 340   M    M   1 18     12 340
 5  84  61  73   0   0   8 0.00    M    M  0.9  8 170   M    M   5 18     17 110
 6  81  61  71  -2   0   6 0.00    M    M  4.1 13 350   M    M   1 128    15 350
 7  79  61  70  -3   0   5 0.00    M    M  6.1 10 100   M    M   0 1      14 120
 8  74  65  70  -3   0   5 0.05    M    M  5.1 14 110   M    M   8 18     18 110
 9  85  68  77   4   0  12    T    M    M  6.2 13 100   M    M   8        18 100
10  84  70  77   4   0  12 0.02    M    M  5.3 10 200   M    M   9 18     14 110
11  83  68  76   3   0  11 0.31    M    M  6.3 22 290   M    M   7 1238   26 300
12  73  59  66  -7   0   1    T    M    M 10.6 22 300   M    M   7 1      28 290
13  81  56  69  -4   0   4 0.00    M    M  6.1 14 320   M    M   3 1      21 290
14  82  57  70  -3   0   5 0.00    M    M  5.5 14 350   M    M   4        18 360
15  78  46  62 -11   3   0 0.00    M    M  2.0  7 290   M    M   0         9 310
16  75  55  65  -7   0   0 0.06    M    M  4.2 13 210   M    M   6 18     18 210
17  81  66  74   2   0   9 0.08    M    M  5.9 13 150   M    M   7 18     18 150
18  88  68  78   6   0  13    T    M    M  2.8  7 350   M    M   7 18     14 340
19  87  66  77   5   0  12 0.30    M    M  5.9 23 330   M    M   2 1238   33 320
20  83  64  74   2   0   9 0.02    M    M  6.3 24 240   M    M   2 1238   31 250
21  87  70  79   7   0  14 0.48    M    M  5.9 18  20   M    M   4 138    27  20
22  87  73  80   8   0  15 0.02    M    M  4.2 12 290   M    M   2 18     15 300
23  90  67  79   7   0  14 0.87    M    M  3.0 36 320   M    M   5 1238   45 330
24  88  71  80   8   0  15 0.00    M    M  3.4  9 140   M    M   5 128    17 110
25  92  69  81   9   0  16    T    M    M  2.5 12 300   M    M   1 18     14 310
26  92  68  80   8   0  15    T    M    M  2.6 26 330   M    M   1 138    34 340
27  90  69  80   9   0  15 0.00    M    M  3.6 12 360   M    M   1 18     30  90
================================================================================
SM 2263 1717         3 246  2.22    M    119.6          M      102
================================================================================
AV 83.8 63.6                               4.4 FASTST   M    M   4    MAX(MPH)
                                 MISC ---->  # 36 320               # 45  330
================================================================================
NOTES:
# LAST OF SEVERAL OCCURRENCES

COLUMN 17 PEAK WIND IN M.P.H.

PRELIMINARY LOCAL CLIMATOLOGICAL DATA (WS FORM: F-6) , PAGE 2

                                          STATION:  SHELBYVILLE IN
                                          MONTH:    AUGUST
                                          YEAR:     2014
                                          LATITUDE:   39 35 N
                                          LONGITUDE:  85 48 W

[TEMPERATURE DATA]      [PRECIPITATION DATA]       SYMBOLS USED IN COLUMN 16

AVERAGE MONTHLY: 73.7   TOTAL FOR MONTH:   2.22    1 = FOG OR MIST
DPTR FM NORMAL:   1.2   DPTR FM NORMAL:   -0.63    2 = FOG REDUCING VISIBILITY
HIGHEST:    92 ON 26,25 GRTST 24HR  0.87 ON 23-23      TO 1/4 MILE OR LESS
LOWEST:     46 ON 15                               3 = THUNDER
                        SNOW, ICE PELLETS, HAIL    4 = ICE PELLETS
                        TOTAL MONTH:    M          5 = HAIL
                        GRTST 24HR    M  ON   M    6 = FREEZING RAIN OR DRIZZLE
                        GRTST DEPTH:  M  ON   M    7 = DUSTSTORM OR SANDSTORM:
                                                       VSBY 1/2 MILE OR LESS
                                                   8 = SMOKE OR HAZE
[NO. OF DAYS WITH]      [WEATHER - DAYS WITH]      9 = BLOWING SNOW
                                                   X = TORNADO
MAX 32 OR BELOW:   0    0.01 INCH OR MORE:  11
MAX 90 OR ABOVE:   4    0.10 INCH OR MORE:   4
MIN 32 OR BELOW:   0    0.50 INCH OR MORE:   1
MIN  0 OR BELOW:   0    1.00 INCH OR MORE:   0

[HDD (BASE 65) ]
TOTAL THIS MO.     3    CLEAR  (SCALE 0-3)  14
DPTR FM NORMAL     3    PTCLDY (SCALE 4-7)  12
TOTAL FM JUL 1     5    CLOUDY (SCALE 8-10)  1
DPTR FM NORMAL     4

[CDD (BASE 65) ]
TOTAL THIS MO.   246
DPTR FM NORMAL    39    [PRESSURE DATA]
TOTAL FM JAN 1   925    HIGHEST SLP  0.00 ON 27
DPTR FM NORMAL   145    LOWEST  SLP  0.00 ON 27

[REMARKS]
