536
CXUS53 KGLD 250800
CF6GLD
PRELIMINARY LOCAL CLIMATOLOGICAL DATA (WS FORM: F-6)

                                          STATION:   GOODLAND KS
                                          MONTH:     JULY
                                          YEAR:      2016
                                          LATITUDE:   39 22 N
                                          LONGITUDE: 101 42 W

  TEMPERATURE IN F:       :PCPN:    SNOW:  WIND      :SUNSHINE: SKY     :PK WND
================================================================================
1   2   3   4   5  6A  6B    7    8   9   10  11  12  13   14  15   16   17  18
                                     12Z  AVG MX 2MIN
DY MAX MIN AVG DEP HDD CDD  WTR  SNW DPTH SPD SPD DIR MIN PSBL S-S WX    SPD DR
================================================================================

 1  76  63  70  -4   0   5 0.41  0.0    0  9.4 23 150   M    M   9 13     28 150
 2  80  63  72  -3   0   7    T  0.0    0  7.3 17 350   M    M   7 13     22 360
 3  82  63  73  -2   0   8 0.00  0.0    0  6.4 13 160   M    M   6 1      16 160
 4  96  58  77   2   0  12 0.00  0.0    0  8.2 20 340   M    M   0 1      23 330
 5  99  63  81   6   0  16 0.14  0.0    0  7.0 31 360   M    M   1 3      37 360
 6  96  63  80   5   0  15 0.04  0.0    0 12.7 23  10   M    M   1 3      28 210
 7  92  63  78   3   0  13 0.07  0.0    0  9.7 28  30   M    M   1 13     34  20
 8  90  67  79   3   0  14 0.03  0.0    0  9.9 30 210   M    M   2 3      36 200
 9  95  67  81   5   0  16 0.00  0.0    0 12.6 22 160   M    M   0        31 150
10 101  67  84   8   0  19 0.00  0.0    0 17.3 28 170   M    M   0        36 170
11  92  61  77   1   0  12 0.00  0.0    0 14.6 28 330   M    M   0        34 330
12  91  56  74  -2   0   9 0.00  0.0    0 11.0 21 160   M    M   2        26 150
13  94  59  77   1   0  12 0.24  0.0    0 10.4 54 360   M    M   2 1358   66 360
14  87  61  74  -2   0   9 0.09  0.0    0  9.2 25  50   M    M   2 13     31  50
15  84  60  72  -4   0   7 0.00  0.0    0 15.4 33  90   M    M   5        43  80
16  94  58  76   0   0  11 0.00  0.0    0 16.9 32 180   M    M   2 12     40 180
17  93  64  79   3   0  14 0.16  0.0    0 13.0 26 270   M    M   1 3      33 270
18  98  67  83   7   0  18 0.01  0.0    0  9.4 20 160   M    M   2 13     26 160
19  99  65  82   6   0  17 0.03  0.0    0 16.3 26 160   M    M   1 3      32 160
20 102  69  86  10   0  21 0.00  0.0    0 10.5 21 260   M    M   0        28 270
21 104  66  85   9   0  20 0.00  0.0    0  6.8 24 330   M    M   0 3      33 330
22 104  72  88  12   0  23 0.07  0.0    0  8.1 18 160   M    M   0 3      25 160
23 102  67  85   9   0  20 0.11  0.0    0  9.3 25  70   M    M   0 3      32  70
24  92  64  78   2   0  13 0.35  0.0    0 12.9 32 300   M    M   0 13     43 310
================================================================================
SM 2243 1526         0 331  1.75     0.0 264.3          M       44
================================================================================
AV 93.5 63.6                              11.0 FASTST   M    M   2    MAX(MPH)
                                 MISC ---->  # 54 360               # 66  360
================================================================================
NOTES:
# LAST OF SEVERAL OCCURRENCES

COLUMN 17 PEAK WIND IN M.P.H.

PRELIMINARY LOCAL CLIMATOLOGICAL DATA (WS FORM: F-6) , PAGE 2

                                          STATION:  GOODLAND KS
                                          MONTH:    JULY
                                          YEAR:     2016
                                          LATITUDE:   39 22 N
                                          LONGITUDE: 101 42 W

[TEMPERATURE DATA]      [PRECIPITATION DATA]       SYMBOLS USED IN COLUMN 16

AVERAGE MONTHLY: 78.5   TOTAL FOR MONTH:   1.75    1 = FOG OR MIST
DPTR FM NORMAL:   2.9   DPTR FM NORMAL:   -0.93    2 = FOG REDUCING VISIBILITY
HIGHEST:   104 ON 22,21 GRTST 24HR  0.64 ON 30- 1      TO 1/4 MILE OR LESS
LOWEST:     56 ON 12                               3 = THUNDER
                        SNOW, ICE PELLETS, HAIL    4 = ICE PELLETS
                        TOTAL MONTH:   0.0 INCH    5 = HAIL
                        GRTST 24HR     0.0         6 = FREEZING RAIN OR DRIZZLE
                        GRTST DEPTH:   0           7 = DUSTSTORM OR SANDSTORM:
                                                       VSBY 1/2 MILE OR LESS
                                                   8 = SMOKE OR HAZE
[NO. OF DAYS WITH]      [WEATHER - DAYS WITH]      9 = BLOWING SNOW
                                                   X = TORNADO
MAX 32 OR BELOW:   0    0.01 INCH OR MORE:  13
MAX 90 OR ABOVE:  19    0.10 INCH OR MORE:   6
MIN 32 OR BELOW:   0    0.50 INCH OR MORE:   0
MIN  0 OR BELOW:   0    1.00 INCH OR MORE:   0

[HDD (BASE 65) ]
TOTAL THIS MO.     0    CLEAR  (SCALE 0-3)  20
DPTR FM NORMAL     0    PTCLDY (SCALE 4-7)   3
TOTAL FM JUL 1     0    CLOUDY (SCALE 8-10)  1
DPTR FM NORMAL     0

[CDD (BASE 65) ]
TOTAL THIS MO.   331
DPTR FM NORMAL    74    [PRESSURE DATA]
TOTAL FM JAN 1   644    HIGHEST SLP M ON M
DPTR FM NORMAL   167    LOWEST  SLP 29.46 ON 11

[REMARKS]
