000
CXUS54 KMAF 261100
CF6GNC
PRELIMINARY LOCAL CLIMATOLOGICAL DATA (WS FORM: F-6)

                                          STATION:   Gaines County Airport
                                          MONTH:     MAY
                                          YEAR:      2015
                                          LATITUDE:   32 40 N
                                          LONGITUDE: 102 39 W

  TEMPERATURE IN F:       :PCPN:    SNOW:  WIND      :SUNSHINE: SKY     :PK WND
================================================================================
1   2   3   4   5  6A  6B    7    8   9   10  11  12  13   14  15   16   17  18
                                     12Z  AVG MX 2MIN
DY MAX MIN AVG DEP HDD CDD  WTR  SNW DPTH SPD SPD DIR MIN PSBL S-S WX    SPD DR
================================================================================

 1  85  47  66   M   0   1 0.00  0.0    0  8.2 14 170   M    M   0        23 150
 2  86  47  67   M   0   2 0.00  0.0    0  8.4 20 180   M    M   0        24 180
 3  89  52  71   M   0   6 0.00  0.0    0  8.8 25 170   M    M   0        44 170
 4  81  55  68   M   0   3 0.75  0.0    0 10.1 23 150   M    M   4        29 150
 5  79  55  67   M   0   2 1.90  0.0    0  8.8 20 220   M    M   5        25 220
 6  83  60  72   M   0   7 0.00  0.0    0 12.2 18 210   M    M   3 1      24 210
 7  85  57  71   M   0   6 0.00  0.0    0  7.8 12 230   M    M   4 1      23 230
 8  88  55  72   M   0   7 0.00  0.0    0  7.5 14  60   M    M   4 1      18  90
 9  83  54  69   M   0   4 0.00  0.0    0 10.7 24 260   M    M   3 1      35 240
10  80  52  66   M   0   1 0.00  0.0    0  7.9 14 340   M    M   2        21 270
11  72  49  61   M   4   0 0.00  0.0    0  9.6 18  60   M    M   3        24  60
12  69  50  60   M   5   0 0.00  0.0    0 12.0 17 110   M    M   9        23 100
13  75  57  66   M   0   1 0.32  0.0    0 12.1 21 250   M    M   6        28 250
14  82  58  70   M   0   5 0.00  0.0    0 10.1 16 180   M    M   3        25 180
15  83  59  71   M   0   6 0.21  0.0    0 10.3 17 190   M    M   3 1      38 190
16  81  61  71   M   0   6 0.00  0.0    0 15.6 29 260   M    M   3 1      43 260
17  80  47  64   M   1   0 0.00  0.0    0  7.9 17 230   M    M   0        23 240
18  89  52  71   M   0   6 0.00  0.0    0  8.5 17 120   M    M   3        23 120
19  86  61  74   M   0   9 0.25  0.0    0 11.9 20 140   M    M   4 1      28 130
20  68  52  60   M   5   0 0.00  0.0    0 11.9 17  50   M    M   9 1      22  30
21  55  48  52   M  13   0 0.12    M    0 11.4 16  80   M    M  10 1      21  70
22  68  54  61   M   4   0 0.08  0.0    0  4.9 15 100   M    M  10 1      20 100
23  82  54  68   M   0   3 0.02  0.0    0 11.0 17 150   M    M   3 1      25 150
24  82  53  68   M   0   3 0.00  0.0    0  9.4 18 230   M    M   0        24 230
25  81  55  68   M   0   3 0.00  0.0    0  7.0 18  70   M    M   2        24  70
================================================================================
SM 1992 1344        32  81  3.65     0.0 244.0          M       93
================================================================================
AV 79.7 53.8                               9.8 FASTST   M    M   4    MAX(MPH)
                                 MISC ---->    29   M                 44    M
================================================================================
NOTES:
# LAST OF SEVERAL OCCURRENCES

COLUMN 17 PEAK WIND IN M.P.H.

PRELIMINARY LOCAL CLIMATOLOGICAL DATA (WS FORM: F-6) , PAGE 2

                                          STATION:  Gaines County Airport
                                          MONTH:    MAY
                                          YEAR:     2015
                                          LATITUDE:   32 40 N
                                          LONGITUDE: 102 39 W

[TEMPERATURE DATA]      [PRECIPITATION DATA]       SYMBOLS USED IN COLUMN 16

AVERAGE MONTHLY: 66.7   TOTAL FOR MONTH:   3.65    1 = FOG OR MIST
DPTR FM NORMAL:     M   DPTR FM NORMAL:       M    2 = FOG REDUCING VISIBILITY
HIGHEST:    89 ON 18, 3 GRTST 24HR  1.90 ON  5- 5      TO 1/4 MILE OR LESS
LOWEST:     47 ON 17, 2                            3 = THUNDER
                        SNOW, ICE PELLETS, HAIL    4 = ICE PELLETS
                        TOTAL MONTH:   0.0 INCH    5 = HAIL
                        GRTST 24HR     0.0         6 = FREEZING RAIN OR DRIZZLE
                        GRTST DEPTH:   0           7 = DUSTSTORM OR SANDSTORM:
                                                       VSBY 1/2 MILE OR LESS
                                                   8 = SMOKE OR HAZE
[NO. OF DAYS WITH]      [WEATHER - DAYS WITH]      9 = BLOWING SNOW
                                                   X = TORNADO
MAX 32 OR BELOW:   0    0.01 INCH OR MORE:   8
MAX 90 OR ABOVE:   0    0.10 INCH OR MORE:   6
MIN 32 OR BELOW:   0    0.50 INCH OR MORE:   2
MIN  0 OR BELOW:   0    1.00 INCH OR MORE:   1

[HDD (BASE 65) ]
TOTAL THIS MO.    32    CLEAR  (SCALE 0-3)  14
DPTR FM NORMAL     M    PTCLDY (SCALE 4-7)   7
TOTAL FM JUL 1  3078    CLOUDY (SCALE 8-10)  4
DPTR FM NORMAL     M

[CDD (BASE 65) ]
TOTAL THIS MO.    81
DPTR FM NORMAL     M    [PRESSURE DATA]
TOTAL FM JAN 1   125    HIGHEST SLP M ON M
DPTR FM NORMAL     M    LOWEST  SLP M ON M

[REMARKS]
