000
CXUS52 KJAX 010800
CF6GNV
PRELIMINARY LOCAL CLIMATOLOGICAL DATA (WS FORM: F-6)

                                          STATION:   GAINESVILLE FL
                                          MONTH:     JULY
                                          YEAR:      2015
                                          LATITUDE:   29 40 N
                                          LONGITUDE:  82 16 W

  TEMPERATURE IN F:       :PCPN:    SNOW:  WIND      :SUNSHINE: SKY     :PK WND
================================================================================
1   2   3   4   5  6A  6B    7    8   9   10  11  12  13   14  15   16   17  18
                                     12Z  AVG MX 2MIN
DY MAX MIN AVG DEP HDD CDD  WTR  SNW DPTH SPD SPD DIR MIN PSBL S-S WX    SPD DR
================================================================================

 1  93  68  81   0   0  16 0.04  0.0    0  5.6 15 180   M    M   1 3      21 260
 2  92  69  81   0   0  16 0.17  0.0    0  4.4 30 300   M    M   0 138    38 310
 3  94  69  82   1   0  17    T  0.0    0  4.8 14 190   M    M   1 3      19 200
 4  90  69  80  -1   0  15 0.53  0.0    0  5.0 30 220   M    M   2 13     38 190
 5  92  69  81   0   0  16 0.54  0.0    0  3.8 31 270   M    M   1 13     42 270
 6  92  65  79  -2   0  14 0.01  0.0    0  3.7 16 330   M    M   2 123    22 320
 7  92  69  81   0   0  16 0.27  0.0    0  3.0 17  90   M    M   3 13     23 100
 8  92  69  81   0   0  16 1.26  0.0    0  3.0 28 110   M    M   2 13     43 140
 9  93  71  82   1   0  17 0.00  0.0    0  3.0 13 300   M    M   2 3      16 310
10  95  73  84   3   0  19 0.25  0.0    0  3.5 16 360   M    M   1 13     21 360
11  96  74  85   4   0  20 0.09  0.0    0  3.4 22  40   M    M   2 13     27  40
12  96  75  86   5   0  21 0.53  0.0    0  4.3 25 200   M    M   2 1      31 210
13  93  73  83   2   0  18 0.15  0.0    0  3.9 21 190   M    M   4 12     24 200
14  92  75  84   3   0  19    T  0.0    0  8.3 18 260   M    M   1 1      23 260
15  82  75  79  -2   0  14 0.13  0.0    0  8.4 22 240   M    M   0 13     29 240
16  89  74  82   1   0  17 0.00  0.0    0  7.4 20 240   M    M   3        26 300
17  93  74  84   3   0  19 0.19  0.0    0  3.3 23 200   M    M   5 1      28 220
18  92  75  84   3   0  19 0.12  0.0    0  4.8 20 210   M    M   7 13     26 200
19  95  75  85   4   0  20 0.00  0.0    0  4.2 18 230   M    M   5 13     23 190
20  88  74  81   0   0  16 0.35  0.0    0  5.4 16 330   M    M   2 13     21 310
21  91  74  83   2   0  18 0.02  0.0    0  6.3 24 260   M    M   1 13     31 270
22  94  77  86   5   0  21 0.00  0.0    0  6.7 15 260   M    M   3 3      19 270
23  94  74  84   3   0  19 0.20  0.0    0  7.8 22 330   M    M   1 13     29 350
24  90  74  82   1   0  17 0.54  0.0    0  8.1 22 260   M    M   3 138    27 270
25  90  72  81   0   0  16 0.08  0.0    0  3.8 22  30   M    M   3 138    25  30
26  89  73  81   0   0  16 1.89  0.0    0  6.0 26  60   M    M   5 123    32  60
27  91  74  83   2   0  18    T  0.0    0  1.8 21 130   M    M   6 1      23 130
28  91  73  82   1   0  17 0.00  0.0    0  4.0 14  40   M    M   5        17  30
29  95  73  84   3   0  19 0.71  0.0    0  4.3 30 260   M    M   3 123    35 270
30  91  72  82   1   0  17 0.02  0.0    0  4.5 17 280   M    M   3 13     22 270
31  89  74  82   1   0  17 0.00  0.0    0  7.9 20 170   M    M   2 13     26 180
================================================================================
SM 2846 2245         0 540  8.09     0.0 154.4          M       81
================================================================================
AV 91.8 72.4                               5.0 FASTST   M    M   3    MAX(MPH)
                                 MISC ---->  # 31 270               # 43  140
================================================================================
NOTES:
# LAST OF SEVERAL OCCURRENCES

COLUMN 17 PEAK WIND IN M.P.H.

PRELIMINARY LOCAL CLIMATOLOGICAL DATA (WS FORM: F-6) , PAGE 2

                                          STATION:  GAINESVILLE FL
                                          MONTH:    JULY
                                          YEAR:     2015
                                          LATITUDE:   29 40 N
                                          LONGITUDE:  82 16 W

[TEMPERATURE DATA]      [PRECIPITATION DATA]       SYMBOLS USED IN COLUMN 16

AVERAGE MONTHLY: 82.1   TOTAL FOR MONTH:   8.09    1 = FOG OR MIST
DPTR FM NORMAL:   0.9   DPTR FM NORMAL:    2.02    2 = FOG REDUCING VISIBILITY
HIGHEST:    96 ON 12,11 GRTST 24HR  1.91 ON 25-26      TO 1/4 MILE OR LESS
LOWEST:     65 ON  6                               3 = THUNDER
                        SNOW, ICE PELLETS, HAIL    4 = ICE PELLETS
                        TOTAL MONTH:   0.0 INCH    5 = HAIL
                        GRTST 24HR     0.0         6 = FREEZING RAIN OR DRIZZLE
                        GRTST DEPTH:   0           7 = DUSTSTORM OR SANDSTORM:
                                                       VSBY 1/2 MILE OR LESS
                                                   8 = SMOKE OR HAZE
[NO. OF DAYS WITH]      [WEATHER - DAYS WITH]      9 = BLOWING SNOW
                                                   X = TORNADO
MAX 32 OR BELOW:   0    0.01 INCH OR MORE:  22
MAX 90 OR ABOVE:  26    0.10 INCH OR MORE:  16
MIN 32 OR BELOW:   0    0.50 INCH OR MORE:   7
MIN  0 OR BELOW:   0    1.00 INCH OR MORE:   2

[HDD (BASE 65) ]
TOTAL THIS MO.     0    CLEAR  (SCALE 0-3)  20
DPTR FM NORMAL     0    PTCLDY (SCALE 4-7)  11
TOTAL FM JUL 1     0    CLOUDY (SCALE 8-10)  0
DPTR FM NORMAL     0

[CDD (BASE 65) ]
TOTAL THIS MO.   540
DPTR FM NORMAL    38    [PRESSURE DATA]
TOTAL FM JAN 1  1765    HIGHEST SLP 30.04 ON 18
DPTR FM NORMAL   314    LOWEST  SLP 29.84 ON 25

[REMARKS]
#FINAL-07-15#
