000
CXUS54 KOUN 220800
CF6GOK
PRELIMINARY LOCAL CLIMATOLOGICAL DATA (WS FORM: F-6)

                                          STATION:   GUTHRIE MUNICIPAL
                                          MONTH:     OCTOBER
                                          YEAR:      2014
                                          LATITUDE:   35 50 N
                                          LONGITUDE:  97 25 W

  TEMPERATURE IN F:       :PCPN:    SNOW:  WIND      :SUNSHINE: SKY     :PK WND
================================================================================
1   2   3   4   5  6A  6B    7    8   9   10  11  12  13   14  15   16   17  18
                                     12Z  AVG MX 2MIN
DY MAX MIN AVG DEP HDD CDD  WTR  SNW DPTH SPD SPD DIR MIN PSBL S-S WX    SPD DR
================================================================================

 1  94  73  84  17   0  19    T  0.0    0 13.2 24 190   M    M   2 3      31 190
 2  82  56  69   2   0   4    T  0.0    0 10.7 26 300   M    M   1 3      36 290
 3  65  39  52 -14  13   0 0.00  0.0    0  6.5 20  10   M    M   0        34 350
 4  79  37  58  -8   7   0 0.00  0.0    0  6.5 20 230   M    M   0        26 240
 5  88  54  71   5   0   6 0.19  0.0    0  5.0 14 350   M    M   0 3      28 360
 6  84  51  68   3   0   3 0.00  0.0    0  4.6 14 200   M    M   0        18 190
 7  95  62  79  14   0  14 0.00  0.0    0  6.8 13  90   M    M   0        16 100
 8  91  68  80  15   0  15 0.00  0.0    0 10.3 17 150   M    M   0        26 170
 9  89  71  80  16   0  15 0.00  0.0    0 11.3 22 200   M    M   1        30 200
10  77  54  66   2   0   1 0.55  0.0    0  8.8 21  50   M    M   7 13     30  30
11  59  49  54  -9  11   0 0.05    M    0  5.6 12  40   M    M   7        19  40
12  73  48  61  -2   4   0 0.54    M    0  9.0 22 200   M    M   3 13     32 200
13  62  53  58  -5   7   0 0.49  0.0    0  8.3 18 330   M    M   7 13     33 360
14  71  46  59  -3   6   0 0.00  0.0    0  8.3 20 300   M    M   0        28 310
15  77  41  59  -3   6   0 0.00  0.0    0  3.3  8 160   M    M   0        11 170
16  88  55  72  10   0   7 0.00  0.0    0  9.1 23 200   M    M   0        33 220
17  78  51  65   4   0   0 0.00  0.0    0  6.0 15  40   M    M   0        20  40
18  70  50  60  -1   5   0 0.00  0.0    0  5.9 13  50   M    M   0        18  80
19  75  47  61   1   4   0 0.00  0.0    0  7.1 16 190   M    M   1        21 200
20  82  59  71  11   0   6 0.00  0.0    0  6.2 14 240   M    M   2        19 240
21  84  60  72  12   0   7 0.00  0.0    0  5.8 12 160   M    M   2        16 140
================================================================================
SM 1663 1124        63  97  1.82     0.0 158.3          M       33
================================================================================
AV 79.2 53.5                               7.5 FASTST   M    M   2    MAX(MPH)
                                 MISC ---->  # 26 300               # 36  290
================================================================================
NOTES:
# LAST OF SEVERAL OCCURRENCES

COLUMN 17 PEAK WIND IN M.P.H.

PRELIMINARY LOCAL CLIMATOLOGICAL DATA (WS FORM: F-6) , PAGE 2

                                          STATION:  GUTHRIE MUNICIPAL
                                          MONTH:    OCTOBER
                                          YEAR:     2014
                                          LATITUDE:   35 50 N
                                          LONGITUDE:  97 25 W

[TEMPERATURE DATA]      [PRECIPITATION DATA]       SYMBOLS USED IN COLUMN 16

AVERAGE MONTHLY: 66.4   TOTAL FOR MONTH:   1.82    1 = FOG OR MIST
DPTR FM NORMAL:   2.9   DPTR FM NORMAL:   -0.80    2 = FOG REDUCING VISIBILITY
HIGHEST:    95 ON  7    GRTST 24HR  1.03 ON 12-13      TO 1/4 MILE OR LESS
LOWEST:     37 ON  4                               3 = THUNDER
                        SNOW, ICE PELLETS, HAIL    4 = ICE PELLETS
                        TOTAL MONTH:   0.0 INCH    5 = HAIL
                        GRTST 24HR     0.0         6 = FREEZING RAIN OR DRIZZLE
                        GRTST DEPTH:   0           7 = DUSTSTORM OR SANDSTORM:
                                                       VSBY 1/2 MILE OR LESS
                                                   8 = SMOKE OR HAZE
[NO. OF DAYS WITH]      [WEATHER - DAYS WITH]      9 = BLOWING SNOW
                                                   X = TORNADO
MAX 32 OR BELOW:   0    0.01 INCH OR MORE:   5
MAX 90 OR ABOVE:   3    0.10 INCH OR MORE:   4
MIN 32 OR BELOW:   0    0.50 INCH OR MORE:   2
MIN  0 OR BELOW:   0    1.00 INCH OR MORE:   0

[HDD (BASE 65) ]
TOTAL THIS MO.    63    CLEAR  (SCALE 0-3)  18
DPTR FM NORMAL   -27    PTCLDY (SCALE 4-7)   3
TOTAL FM JUL 1    79    CLOUDY (SCALE 8-10)  0
DPTR FM NORMAL   -30

[CDD (BASE 65) ]
TOTAL THIS MO.    97
DPTR FM NORMAL    38    [PRESSURE DATA]
TOTAL FM JAN 1  2190    HIGHEST SLP M ON M
DPTR FM NORMAL   132    LOWEST  SLP 29.47 ON 13

[REMARKS]
