000
CXUS54 KOUN 010800
CF6GOK
PRELIMINARY LOCAL CLIMATOLOGICAL DATA (WS FORM: F-6)

                                          STATION:   GUTHRIE MUNICIPAL
                                          MONTH:     AUGUST
                                          YEAR:      2014
                                          LATITUDE:   35 50 N
                                          LONGITUDE:  97 25 W

  TEMPERATURE IN F:       :PCPN:    SNOW:  WIND      :SUNSHINE: SKY     :PK WND
================================================================================
1   2   3   4   5  6A  6B    7    8   9   10  11  12  13   14  15   16   17  18
                                     12Z  AVG MX 2MIN
DY MAX MIN AVG DEP HDD CDD  WTR  SNW DPTH SPD SPD DIR MIN PSBL S-S WX    SPD DR
================================================================================

 1  85  63  74 -10   0   9 0.00  0.0    0  3.3 10 120   M    M   4 12     15 130
 2  88  67  78  -6   0  13 0.00  0.0    0  5.4 12 120   M    M   1 1      17 180
 3  90  65  78  -6   0  13 0.00  0.0    0  3.5  9 110   M    M   1 18     14 150
 4  91  67  79  -5   0  14 0.00  0.0    0  5.6 12 190   M    M   0 18     16 210
 5  91  68  80  -4   0  15 0.00  0.0    0  7.1 14 180   M    M   0 18     17 310
 6  92  75  84   0   0  19 0.00  0.0    0 11.0 17 210   M    M   1 8      25 200
 7  94  70  82  -2   0  17 0.33  0.0    0  7.3 22 200   M    M   1 13     28 280
 8  89  70  80  -4   0  15    T  0.0    0  4.7 36 310   M    M   2 13     49 310
 9  90  73  82  -1   0  17 0.00  0.0    0  6.6 16 160   M    M   0 18     24 160
10  91  71  81  -2   0  16 0.00  0.0    0  4.6 16 360   M    M   1        27 350
11  90  65  78  -5   0  13 0.00  0.0    0  3.2 13 360   M    M   0        22  10
12  87  60  74  -9   0   9 0.00  0.0    0  4.8 10  50   M    M   0        15  50
13  89  66  78  -5   0  13 0.00  0.0    0  5.4 12 190   M    M   0        16 160
14  92  67  80  -3   0  15 0.00  0.0    0  9.1 16 160   M    M   1        22 130
15  97  71  84   1   0  19    T  0.0    0 11.3 18 180   M    M   1        24 160
16  93  75  84   1   0  19    T  0.0    0  7.7 16 220   M    M   1 3      21 220
17  98  72  85   2   0  20 0.00  0.0    0  5.2  9 160   M    M   0        13 150
18  99  68  84   2   0  19 0.52  0.0    0 11.9 26 190   M    M   2 13     42  30
19  95  70  83   1   0  18 0.00  0.0    0  9.0 21 270   M    M   0        32 280
20  95  75  85   3   0  20 0.00  0.0    0 12.8 22 180   M    M   0        28 180
21  98  78  88   6   0  23 0.00  0.0    0 14.6 21 190   M    M   0        28 210
22 101  80  91   9   0  26 0.00  0.0    0 12.4 21 200   M    M   0        27 210
23 101  73  87   5   0  22 0.00  0.0    0 12.5 22 200   M    M   0        28 170
24 101  76  89   8   0  24 0.00  0.0    0 11.1 20 180   M    M   0        24 180
25 102  77  90   9   0  25 0.00  0.0    0  8.8 14 160   M    M   0        19 130
26  99  74  87   6   0  22 0.00  0.0    0  6.7 14 150   M    M   1        18 150
27  97  70  84   3   0  19 0.00  0.0    0  6.9 15 160   M    M   0        22 160
28  94  72  83   3   0  18    T  0.0    0  9.5 18 260   M    M   3 3      22 270
29  87  67  77  -3   0  12    T  0.0    0  7.7 18 230   M    M   4        25 220
30  98  68  83   3   0  18 0.00  0.0    0  6.0 10 160   M    M   0        14 170
31  99  73  86   6   0  21 0.00  0.0    0 15.7 26 170   M    M   0        36 180
================================================================================
SM 2913 2186         0 543  0.85     0.0 251.4          M       24
================================================================================
AV 94.0 70.5                               8.1 FASTST   M    M   1    MAX(MPH)
                                 MISC ---->  # 36 310               # 49  310
================================================================================
NOTES:
# LAST OF SEVERAL OCCURRENCES

COLUMN 17 PEAK WIND IN M.P.H.

PRELIMINARY LOCAL CLIMATOLOGICAL DATA (WS FORM: F-6) , PAGE 2

                                          STATION:  GUTHRIE MUNICIPAL
                                          MONTH:    AUGUST
                                          YEAR:     2014
                                          LATITUDE:   35 50 N
                                          LONGITUDE:  97 25 W

[TEMPERATURE DATA]      [PRECIPITATION DATA]       SYMBOLS USED IN COLUMN 16

AVERAGE MONTHLY: 82.2   TOTAL FOR MONTH:   0.85    1 = FOG OR MIST
DPTR FM NORMAL:  -0.1   DPTR FM NORMAL:   -2.17    2 = FOG REDUCING VISIBILITY
HIGHEST:   102 ON 25    GRTST 24HR  0.52 ON 18-18      TO 1/4 MILE OR LESS
LOWEST:     60 ON 12                               3 = THUNDER
                        SNOW, ICE PELLETS, HAIL    4 = ICE PELLETS
                        TOTAL MONTH:   0.0 INCH    5 = HAIL
                        GRTST 24HR     0.0         6 = FREEZING RAIN OR DRIZZLE
                        GRTST DEPTH:   0           7 = DUSTSTORM OR SANDSTORM:
                                                       VSBY 1/2 MILE OR LESS
                                                   8 = SMOKE OR HAZE
[NO. OF DAYS WITH]      [WEATHER - DAYS WITH]      9 = BLOWING SNOW
                                                   X = TORNADO
MAX 32 OR BELOW:   0    0.01 INCH OR MORE:   2
MAX 90 OR ABOVE:  25    0.10 INCH OR MORE:   2
MIN 32 OR BELOW:   0    0.50 INCH OR MORE:   1
MIN  0 OR BELOW:   0    1.00 INCH OR MORE:   0

[HDD (BASE 65) ]
TOTAL THIS MO.     0    CLEAR  (SCALE 0-3)  29
DPTR FM NORMAL     0    PTCLDY (SCALE 4-7)   2
TOTAL FM JUL 1     1    CLOUDY (SCALE 8-10)  0
DPTR FM NORMAL     1

[CDD (BASE 65) ]
TOTAL THIS MO.   543
DPTR FM NORMAL     5    [PRESSURE DATA]
TOTAL FM JAN 1  1773    HIGHEST SLP M ON M
DPTR FM NORMAL    57    LOWEST  SLP 28.62 ON 14

[REMARKS]
#FINAL-08-14#
