000
CXUS54 KFWD 010730
CF6GOP
PRELIMINARY LOCAL CLIMATOLOGICAL DATA (WS FORM: F-6)

                                          STATION:   GATESVILLE
                                          MONTH:     SEPTEMBER
                                          YEAR:      2014
                                          LATITUDE:   31 25 N
                                          LONGITUDE:  97 48 W

  TEMPERATURE IN F:       :PCPN:    SNOW:  WIND      :SUNSHINE: SKY     :PK WND
================================================================================
1   2   3   4   5  6A  6B    7    8   9   10  11  12  13   14  15   16   17  18
                                     12Z  AVG MX 2MIN
DY MAX MIN AVG DEP HDD CDD  WTR  SNW DPTH SPD SPD DIR MIN PSBL S-S WX    SPD DR
================================================================================

 1  99  75  87   6   0  22 0.00  0.0    0 10.2 18 200   M    M   1 8      25 200
 2  99  75  87   7   0  22 0.00  0.0    0  8.0 12 180   M    M   1 138    18 140
 3  97  73  85   5   0  20 0.00  0.0    0  7.9 16 170   M    M   1 8      23 170
 4  97  72  85   5   0  20 0.00  0.0    0  6.4 16 160   M    M   1 18     25 140
 5  97  73  85   5   0  20 0.00  0.0    0  4.9 10 160   M    M   1 8       M  M
 6  95  72  84   5   0  19 0.02  0.0    0  4.2 20 350   M    M   1 8      25 350
 7  84  70  77  -2   0  12 0.01  0.0    0  4.1  9 350   M    M   4 18      M  M
 8  95  70  83   4   0  18 0.00  0.0    0  2.7  9 150   M    M   1 1       M  M
 9  99  73  86   8   0  21 0.00  0.0    0  6.7 12 160   M    M   0 8      28 180
10 100  75  88  10   0  23 0.00  0.0    0 10.1 15 190   M    M   0 8      22 200
11  93  75  84   6   0  19 0.00  0.0    0  7.0 13 360   M    M   0 3      20  40
12  79  59  69  -9   0   4 0.00  0.0    0  8.8 17 360   M    M   8 18     23  10
13  70  55  63 -14   2   0 0.00  0.0    0  7.5 12  10   M    M   8 18     18  10
14  81  63  72  -5   0   7 0.00  0.0    0  3.1  7  80   M    M   5 18      M  M
15  82  68  75  -1   0  10 0.01  0.0    0  1.4  6  80   M    M   1 18      M  M
16  90  72  81   5   0  16 0.00  0.0    0  2.8 12  60   M    M   0 18      M  M
17  93  72  83   7   0  18 0.47  0.0    0  2.6 14 160   M    M   4 3      17 160
18  88  72  80   4   0  15 0.22  0.0    0  2.2  8  60   M    M   4 1       M  M
19  88  72  80   5   0  15 0.00  0.0    0  2.9  6  60   M    M   6 18      M  M
20  86  73  80   5   0  15 0.00  0.0    0  2.4  7  80   M    M   5 18      M  M
21  91  70  81   7   0  16 0.00  0.0    0  1.9  7  90   M    M   0 18      M  M
22  88  68  78   4   0  13 0.00  0.0    0  4.2  8  60   M    M   1         M  M
23  84  61  73  -1   0   8 0.00  0.0    0  2.7  7  80   M    M   0         M  M
24  84  54  69  -4   0   4 0.00  0.0    0  2.7  8 140   M    M   0 8       M  M
25  84  54  69  -4   0   4 0.00  0.0    0  2.5  8 120   M    M   1 8       M  M
26   M  64   M   M   M   M 0.00  0.0    0  2.0  9 120   M    M   1 1       M  M
27  84  70  77   5   0  12 0.00  0.0    0  1.8  8 160   M    M   0 8       M  M
28  88  63  76   4   0  11 0.00  0.0    0  2.8  9  60   M    M   1 8       M  M
29  88  61  75   3   0  10 0.00  0.0    0  2.4  8  20   M    M   0         M  M
30  90  63  77   6   0  12 0.00  0.0    0  3.3 10 160   M    M   0 8       M  M
================================================================================
SM 2593 2037         2 406  0.73     0.0 132.2          M       56
================================================================================
AV 89.4 67.9                               4.4 FASTST   M    M   2    MAX(MPH)
                                 MISC ---->    20   M                 28    M
================================================================================
NOTES:
# LAST OF SEVERAL OCCURRENCES

COLUMN 17 PEAK WIND IN M.P.H.

PRELIMINARY LOCAL CLIMATOLOGICAL DATA (WS FORM: F-6) , PAGE 2

                                          STATION:  GATESVILLE
                                          MONTH:    SEPTEMBER
                                          YEAR:     2014
                                          LATITUDE:   31 25 N
                                          LONGITUDE:  97 48 W

[TEMPERATURE DATA]      [PRECIPITATION DATA]       SYMBOLS USED IN COLUMN 16

AVERAGE MONTHLY: 78.7   TOTAL FOR MONTH:   0.73    1 = FOG OR MIST
DPTR FM NORMAL:   2.5   DPTR FM NORMAL:       M    2 = FOG REDUCING VISIBILITY
HIGHEST:   100 ON 10    GRTST 24HR  0.47 ON 17-17      TO 1/4 MILE OR LESS
LOWEST:     54 ON 25,24                            3 = THUNDER
                        SNOW, ICE PELLETS, HAIL    4 = ICE PELLETS
                        TOTAL MONTH:   0.0 INCH    5 = HAIL
                        GRTST 24HR     0.0         6 = FREEZING RAIN OR DRIZZLE
                        GRTST DEPTH:   0           7 = DUSTSTORM OR SANDSTORM:
                                                       VSBY 1/2 MILE OR LESS
                                                   8 = SMOKE OR HAZE
[NO. OF DAYS WITH]      [WEATHER - DAYS WITH]      9 = BLOWING SNOW
                                                   X = TORNADO
MAX 32 OR BELOW:   0    0.01 INCH OR MORE:   5
MAX 90 OR ABOVE:  14    0.10 INCH OR MORE:   2
MIN 32 OR BELOW:   0    0.50 INCH OR MORE:   0
MIN  0 OR BELOW:   0    1.00 INCH OR MORE:   0

[HDD (BASE 65) ]
TOTAL THIS MO.     2    CLEAR  (SCALE 0-3)  22
DPTR FM NORMAL    -6    PTCLDY (SCALE 4-7)   6
TOTAL FM JUL 1     2    CLOUDY (SCALE 8-10)  2
DPTR FM NORMAL    -6

[CDD (BASE 65) ]
TOTAL THIS MO.   406
DPTR FM NORMAL    62    [PRESSURE DATA]
TOTAL FM JAN 1  2440    HIGHEST SLP M ON M
DPTR FM NORMAL   267    LOWEST  SLP M ON M

[REMARKS]
#FINAL-09-14#
