979
CXUS53 KGRB 300717
CF6GRB
PRELIMINARY LOCAL CLIMATOLOGICAL DATA (WS FORM: F-6)

                                          STATION:   GREEN BAY WI
                                          MONTH:     MAY
                                          YEAR:      2016
                                          LATITUDE:   44 28 N
                                          LONGITUDE:  88  8 W

  TEMPERATURE IN F:       :PCPN:    SNOW:  WIND      :SUNSHINE: SKY     :PK WND
================================================================================
1   2   3   4   5  6A  6B    7    8   9   10  11  12  13   14  15   16   17  18
                                     12Z  AVG MX 2MIN
DY MAX MIN AVG DEP HDD CDD  WTR  SNW DPTH SPD SPD DIR MIN PSBL S-S WX    SPD DR
================================================================================

 1  57  41  49  -1  16   0 0.02  0.0    0 13.5 25  50   M    M   6        32  50
 2  65  37  51   1  14   0 0.00  0.0    0  5.2 14 130   M    M   0        17 130
 3  70  43  57   6   8   0 0.26  0.0    0  9.9 28 310   M    M   3 18     36 290
 4  54  37  46  -5  19   0 0.00  0.0    0 15.0 25  20   M    M   7        32  20
 5  66  33  50  -1  15   0 0.00  0.0    0  6.4 13  10   M    M   0        15 360
 6  86  46  66  14   0   1    T  0.0    0  7.6 17 310   M    M   1        20 310
 7  69  43  56   4   9   0 0.01  0.0    0 10.9 24  40   M    M   3        31  40
 8  68  39  54   2  11   0 0.00  0.0    0  5.9 21 120   M    M   1        25 120
 9  65  42  54   1  11   0 0.00  0.0    0 10.4 18 130   M    M   0 8      26 100
10  52  45  49  -4  16   0 0.32  0.0    0 11.7 21 110   M    M  10 18     31 100
11  62  49  56   3   9   0 0.11  0.0    0  5.8 12 150   M    M   9 18     14 160
12  69  51  60   6   5   0 0.55  0.0    0  9.8 21 270   M    M   7 13     26 290
13  56  42  49  -5  16   0 0.01  0.0    0 11.9 25 270   M    M   7        32 270
14  46  35  41 -13  24   0    T    T    0 13.3 22 280   M    M   9        28 310
15  57  31  44 -11  21   0 0.00  0.0    0 10.1 22 300   M    M   6        29 270
16  68  44  56   1   9   0 0.00  0.0    0  9.8 21  40   M    M   4        27  30
17  61  36  49  -6  16   0 0.00  0.0    0  8.5 20  50   M    M   0        25  30
18  67  36  52  -4  13   0 0.00  0.0    0  4.8 15  70   M    M   0        19  60
19  74  40  57   1   8   0 0.00  0.0    0  5.7 18 150   M    M   0        23 150
20  76  44  60   4   5   0 0.00  0.0    0  3.9 14  70   M    M   0        16  30
21  80  48  64   7   1   0 0.00  0.0    0  3.6 12  70   M    M   1        16  60
22  81  52  67  10   0   2 0.00  0.0    0  6.6 13 140   M    M   0        16 120
23  85  49  67  10   0   2 0.00  0.0    0  8.8 22 160   M    M   0        26 160
24  84  54  69  11   0   4    T  0.0    0  7.3 22 250   M    M   1        29 260
25  71  57  64   6   1   0 0.42  0.0    0  9.9 20  50   M    M   6 13     24  60
26  81  59  70  12   0   5 0.00  0.0    0  7.1 23 230   M    M   3 12     33 240
27  75  58  67   8   0   2 1.42  0.0    0  4.6 15 140   M    M   5 1238   19 240
28  81  64  73  14   0   8 0.14  0.0    0 12.0 29 200   M    M   5 13     38 220
29  75  63  69  10   0   4 0.09  0.0    0 10.1 22 270   M    M   3 18     29 260
================================================================================
SM 2001 1318       247  28  3.35    T    250.1          M       97
================================================================================
AV 69.0 45.4                               8.6 FASTST   M    M   3    MAX(MPH)
                                 MISC ---->  # 29 200               # 38  220
================================================================================
NOTES:
# LAST OF SEVERAL OCCURRENCES

COLUMN 17 PEAK WIND IN M.P.H.

PRELIMINARY LOCAL CLIMATOLOGICAL DATA (WS FORM: F-6) , PAGE 2

                                          STATION:  GREEN BAY WI
                                          MONTH:    MAY
                                          YEAR:     2016
                                          LATITUDE:   44 28 N
                                          LONGITUDE:  88  8 W

[TEMPERATURE DATA]      [PRECIPITATION DATA]       SYMBOLS USED IN COLUMN 16

AVERAGE MONTHLY: 57.2   TOTAL FOR MONTH:   3.35    1 = FOG OR MIST
DPTR FM NORMAL:   2.6   DPTR FM NORMAL:    0.66    2 = FOG REDUCING VISIBILITY
HIGHEST:    86 ON  6    GRTST 24HR  1.42 ON 27-27      TO 1/4 MILE OR LESS
LOWEST:     31 ON 15                               3 = THUNDER
                        SNOW, ICE PELLETS, HAIL    4 = ICE PELLETS
                        TOTAL MONTH:    T          5 = HAIL
                        GRTST 24HR    T  ON 14-14  6 = FREEZING RAIN OR DRIZZLE
                        GRTST DEPTH:   0           7 = DUSTSTORM OR SANDSTORM:
                                                       VSBY 1/2 MILE OR LESS
                                                   8 = SMOKE OR HAZE
[NO. OF DAYS WITH]      [WEATHER - DAYS WITH]      9 = BLOWING SNOW
                                                   X = TORNADO
MAX 32 OR BELOW:   0    0.01 INCH OR MORE:  11
MAX 90 OR ABOVE:   0    0.10 INCH OR MORE:   7
MIN 32 OR BELOW:   1    0.50 INCH OR MORE:   2
MIN  0 OR BELOW:   0    1.00 INCH OR MORE:   1

[HDD (BASE 65) ]
TOTAL THIS MO.   247    CLEAR  (SCALE 0-3)  16
DPTR FM NORMAL   -66    PTCLDY (SCALE 4-7)  10
TOTAL FM JUL 1  6595    CLOUDY (SCALE 8-10)  3
DPTR FM NORMAL -1255

[CDD (BASE 65) ]
TOTAL THIS MO.    28
DPTR FM NORMAL    16    [PRESSURE DATA]
TOTAL FM JAN 1    28    HIGHEST SLP M ON M
DPTR FM NORMAL    14    LOWEST  SLP 29.61 ON  7

[REMARKS]
