000
CXUS53 KGID 220730
CF6GRI
PRELIMINARY LOCAL CLIMATOLOGICAL DATA (WS FORM: F-6)

                                          STATION:   GRAND ISLAND NE
                                          MONTH:     FEBRUARY
                                          YEAR:      2017
                                          LATITUDE:   40 58 N
                                          LONGITUDE:  98 19 W

  TEMPERATURE IN F:       :PCPN:    SNOW:  WIND      :SUNSHINE: SKY     :PK WND
================================================================================
1   2   3   4   5  6A  6B    7    8   9   10  11  12  13   14  15   16   17  18
                                     12Z  AVG MX 2MIN
DY MAX MIN AVG DEP HDD CDD  WTR  SNW DPTH SPD SPD DIR MIN PSBL S-S WX    SPD DR
================================================================================

 1  31  20  26   0  39   0 0.00  0.0    0 14.0 23 350   M    M   8        28 350
 2  27  15  21  -5  44   0 0.01  0.1    0  8.9 16 350   M    M   5        20 340
 3  28  17  23  -3  42   0 0.01  0.4    T  8.6 18 180   M    M   7        23 170
 4  55  24  40  14  25   0 0.00  0.0    0 15.1 24 240   M    M   0        32 190
 5  41  19  30   3  35   0 0.00  0.0    0  6.9 13  10   M    M   1        18 340
 6  49  26  38  11  27   0 0.00  0.0    0  7.8 17 240   M    M   1 1      20 240
 7  36  18  27   0  38   0 0.00  0.0    0 16.8 26 350   M    M   7 1      33 350
 8  21  11  16 -11  49   0 0.01  0.1    T 11.2 23 360   M    M   5 1      27 350
 9  36  11  24  -3  41   0 0.00  0.0    0 11.1 23 180   M    M   2        28 190
10  77  33  55  27  10   0 0.00  0.0    0  8.5 26 340   M    M   0        34 330
11  59  32  46  18  19   0 0.00  0.0    0  8.4 20 350   M    M   1        26 340
12  49  25  37   9  28   0 0.00  0.0    0 11.0 23 340   M    M   0        30 340
13  51  26  39  11  26   0 0.00  0.0    0 12.3 24 220   M    M   1 8      32 230
14  53  26  40  11  25   0 0.00  0.0    0 11.3 25 350   M    M   0        31 360
15  61  23  42  13  23   0 0.00  0.0    0 11.2 20 230   M    M   0        24 240
16  73  30  52  23  13   0 0.00  0.0    0  9.7 20 240   M    M   0        24 230
17  72  33  53  23  12   0 0.00  0.0    0  9.8 21 360   M    M   0        24 360
18  65  27  46  16  19   0 0.00  0.0    0  6.9 17 120   M    M   0        21 120
19  71  44  58  28   7   0 0.00  0.0    0 15.4 26 190   M    M   0 1      33 180
20  64  37  51  21  14   0 0.00  0.0    0 12.5 26 330   M    M   3 1      34 310
21  77  35  56  25   9   0 0.00  0.0    0 12.4 28 220   M    M   0        35 230
================================================================================
SM 1096  532       545   0  0.03     0.6 229.8          M       41
================================================================================
AV 52.2 25.3                              10.9 FASTST   M    M   2    MAX(MPH)
                                 MISC ---->  # 28 220               # 35  230
================================================================================
NOTES:
# LAST OF SEVERAL OCCURRENCES

COLUMN 17 PEAK WIND IN M.P.H.

PRELIMINARY LOCAL CLIMATOLOGICAL DATA (WS FORM: F-6) , PAGE 2

                                          STATION:  GRAND ISLAND NE
                                          MONTH:    FEBRUARY
                                          YEAR:     2017
                                          LATITUDE:   40 58 N
                                          LONGITUDE:  98 19 W

[TEMPERATURE DATA]      [PRECIPITATION DATA]       SYMBOLS USED IN COLUMN 16

AVERAGE MONTHLY: 38.8   TOTAL FOR MONTH:   0.03    1 = FOG OR MIST
DPTR FM NORMAL:  10.7   DPTR FM NORMAL:   -0.44    2 = FOG REDUCING VISIBILITY
HIGHEST:    77 ON 21,10 GRTST 24HR  0.02 ON  2- 3      TO 1/4 MILE OR LESS
LOWEST:     11 ON  9, 8                            3 = THUNDER
                        SNOW, ICE PELLETS, HAIL    4 = ICE PELLETS
                        TOTAL MONTH:   0.6 INCH    5 = HAIL
                        GRTST 24HR   0.4 ON   M    6 = FREEZING RAIN OR DRIZZLE
                        GRTST DEPTH:   0           7 = DUSTSTORM OR SANDSTORM:
                                                       VSBY 1/2 MILE OR LESS
                                                   8 = SMOKE OR HAZE
[NO. OF DAYS WITH]      [WEATHER - DAYS WITH]      9 = BLOWING SNOW
                                                   X = TORNADO
MAX 32 OR BELOW:   4    0.01 INCH OR MORE:   3
MAX 90 OR ABOVE:   0    0.10 INCH OR MORE:   0
MIN 32 OR BELOW:  16    0.50 INCH OR MORE:   0
MIN  0 OR BELOW:   0    1.00 INCH OR MORE:   0

[HDD (BASE 65) ]
TOTAL THIS MO.   545    CLEAR  (SCALE 0-3)  16
DPTR FM NORMAL  -231    PTCLDY (SCALE 4-7)   5
TOTAL FM JUL 1  3857    CLOUDY (SCALE 8-10)  0
DPTR FM NORMAL  -675

[CDD (BASE 65) ]
TOTAL THIS MO.     0
DPTR FM NORMAL     0    [PRESSURE DATA]
TOTAL FM JAN 1     0    HIGHEST SLP M ON M
DPTR FM NORMAL     0    LOWEST  SLP 29.51 ON  6

[REMARKS]
