000
CXUS53 KGRR 301212
CF6GRR
PRELIMINARY LOCAL CLIMATOLOGICAL DATA (WS FORM: F-6)

                                          STATION:   GRAND RAPIDS MI
                                          MONTH:     JUNE
                                          YEAR:      2015
                                          LATITUDE:   42 52 N
                                          LONGITUDE:  85 31 W

  TEMPERATURE IN F:       :PCPN:    SNOW:  WIND      :SUNSHINE: SKY     :PK WND
================================================================================
1   2   3   4   5  6A  6B    7    8   9   10  11  12  13   14  15   16   17  18
                                     12Z  AVG MX 2MIN
DY MAX MIN AVG DEP HDD CDD  WTR  SNW DPTH SPD SPD DIR MIN PSBL S-S WX    SPD DR
================================================================================

 1  67  40  54 -10  11   0 0.00  0.0    0  8.5 18  80 893   98   4        25  70
 2  72  41  57  -7   8   0 0.00  0.0    0  4.7 14  90 909  100   2        17 100
 3  76  46  61  -4   4   0 0.00  0.0    0  6.3 16 170 814   89   5        27  40
 4  80  54  67   2   0   2 0.00  0.0    0  6.5 15 250 660   72   5        20 220
 5  72  60  66   1   0   1 0.00  0.0    0  7.9 17  50  44    5   8 18     20  40
 6  73  53  63  -3   2   0 0.00  0.0    0  9.3 20  70 880   96   6        23  60
 7  77  56  67   1   0   2 0.05  0.0    0 11.1 25 230  56    6   7 1      34 220
 8  80  61  71   5   0   6 0.01  0.0    0 11.8 22 290 493   54   8 13     29 280
 9  78  55  67   0   0   2 0.00  0.0    0  8.2 17 250 492   54   5 18     22 250
10  82  62  72   5   0   7 0.04  0.0    0 13.3 24 250 721   79   5 38     31 260
11  74  58  66  -1   0   1 0.03  0.0    0 10.0 20 100 181   20   8 1      24 110
12  66  57  62  -6   3   0 1.47  0.0    0 10.9 25 100   0    0   8 13     29 100
13  75  57  66  -2   0   1 0.01  0.0    0  9.1 15 100 101   11  10 138    17  70
14  80  68  74   6   0   9 0.76  0.0    0  7.0 18 240 126   14   8 1      28 260
15  79  65  72   4   0   7 0.11  0.0    0  5.5 16 250 118   13   9 12     19 260
16  79  63  71   2   0   6 0.01  0.0    0  8.3 13  20 886   96   4 1       M  M
17  77  57  67  -2   0   2 0.10  0.0    0  7.0 15 160 344   37   9 1      18 150
18  81  61  71   2   0   6    T  0.0    0  8.8 18 270 246   27   9 138    25 260
19  73  53  63  -7   2   0 0.00  0.0    0  9.2 16 100 870   94   5        20 100
20  80  51  66  -4   0   1    T  0.0    0  7.5 14 270 481   52   0        18 270
21  82  65  74   4   0   9 0.00  0.0    0  8.2 17 250 667   72   6        25 260
22  83  62  73   3   0   8 1.01  0.0    0 10.0 24 200 517   56   6 13     30 200
23  77  59  68  -3   0   3 0.00  0.0    0 11.0 22 300 871   95   3        30 290
24  80  53  67  -4   0   2 0.00  0.0    0  5.6 15 240 716   78   6        19 230
25  75  62  69  -2   0   4 0.04  0.0    0  4.7 10 120  42    5   8 1      13 140
26  78  59  69  -2   0   4 0.00  0.0    0  9.7 18 110 472   51   7 1      24  60
27  76  59  68  -3   0   3 0.01  0.0    0 11.0 23  50 406   44   7        32  50
28  79  55  67  -5   0   2 0.00  0.0    0  5.3 13 250 794   86   4        16 210
29  75  58  67  -5   0   2    T  0.0    0  6.4 17 190 589   64   5        22 180
================================================================================
SM 2226 1650        30  90  3.65     0.0 242.8        14389    177
================================================================================
AV 76.8 56.9                               8.4 FASTST  496  54   6    MAX(MPH)
                                 MISC ---->  # 25 230               # 34  220
================================================================================
NOTES:
# LAST OF SEVERAL OCCURRENCES

COLUMN 17 PEAK WIND IN M.P.H.

PRELIMINARY LOCAL CLIMATOLOGICAL DATA (WS FORM: F-6) , PAGE 2

                                          STATION:  GRAND RAPIDS MI
                                          MONTH:    JUNE
                                          YEAR:     2015
                                          LATITUDE:   42 52 N
                                          LONGITUDE:  85 31 W

[TEMPERATURE DATA]      [PRECIPITATION DATA]       SYMBOLS USED IN COLUMN 16

AVERAGE MONTHLY: 66.8   TOTAL FOR MONTH:   3.65    1 = FOG OR MIST
DPTR FM NORMAL:  -1.4   DPTR FM NORMAL:   -0.01    2 = FOG REDUCING VISIBILITY
HIGHEST:    83 ON 22    GRTST 24HR  1.47 ON 12-12      TO 1/4 MILE OR LESS
LOWEST:     40 ON  1                               3 = THUNDER
                        SNOW, ICE PELLETS, HAIL    4 = ICE PELLETS
                        TOTAL MONTH:   0.0 INCH    5 = HAIL
                        GRTST 24HR     0.0         6 = FREEZING RAIN OR DRIZZLE
                        GRTST DEPTH:   0           7 = DUSTSTORM OR SANDSTORM:
                                                       VSBY 1/2 MILE OR LESS
                                                   8 = SMOKE OR HAZE
[NO. OF DAYS WITH]      [WEATHER - DAYS WITH]      9 = BLOWING SNOW
                                                   X = TORNADO
MAX 32 OR BELOW:   0    0.01 INCH OR MORE:  13
MAX 90 OR ABOVE:   0    0.10 INCH OR MORE:   5
MIN 32 OR BELOW:   0    0.50 INCH OR MORE:   3
MIN  0 OR BELOW:   0    1.00 INCH OR MORE:   2

[HDD (BASE 65) ]
TOTAL THIS MO.    30    CLEAR  (SCALE 0-3)   2
DPTR FM NORMAL   -14    PTCLDY (SCALE 4-7)  19
TOTAL FM JUL 1  7019    CLOUDY (SCALE 8-10)  8
DPTR FM NORMAL   535

[CDD (BASE 65) ]
TOTAL THIS MO.    90
DPTR FM NORMAL   -50    [PRESSURE DATA]
TOTAL FM JAN 1   142    HIGHEST SLP  0.00 ON 20
DPTR FM NORMAL   -45    LOWEST  SLP  0.00 ON 20

[REMARKS]
