000
CXUS53 KIWX 220800
CF6GSH
PRELIMINARY LOCAL CLIMATOLOGICAL DATA (WS FORM: F-6)

                                          STATION:   GOSHEN
                                          MONTH:     OCTOBER
                                          YEAR:      2017
                                          LATITUDE:   41 31 N
                                          LONGITUDE:  85 47 W

  TEMPERATURE IN F:       :PCPN:    SNOW:  WIND      :SUNSHINE: SKY     :PK WND
================================================================================
1   2   3   4   5  6A  6B    7    8   9   10  11  12  13   14  15   16   17  18
                                     12Z  AVG MX 2MIN
DY MAX MIN AVG DEP HDD CDD  WTR  SNW DPTH SPD SPD DIR MIN PSBL S-S WX    SPD DR
================================================================================

 1  70  42  56  -1   9   0 0.00  0.0    0  7.7 15 150   M    M   0        20 160
 2  80  51  66  10   0   1 0.00  0.0    0  8.6 18 140   M    M   1        23 140
 3  84  60  72  16   0   7    T  0.0    0 10.3 20 200   M    M   6 8      24 200
 4  76  64  70  15   0   5 0.26  0.0    0  8.2 20 220   M    M   8 18     25 220
 5  78  59  69  14   0   4    T  0.0    0  2.2 12 260   M    M   3        15 230
 6  70  58  64   9   1   0 0.66  0.0    0  3.5  7 160   M    M   9 18      M  M
 7  83  59  71  17   0   6 0.73  0.0    0 16.0 32 260   M    M   4 13     40 210
 8  76  54  65  11   0   0 0.05  0.0    0  8.5 28 260   M    M   3        37 250
 9  77  56  67  13   0   2 0.00  0.0    0  3.4 12 200   M    M   4 1      17 210
10  75  56  66  13   0   1 0.01  0.0    0  6.3 21 100   M    M   5 18     26 100
11  63  53  58   5   7   0 0.76  0.0    0 10.2 20  60   M    M  10 18     27  70
12  59  52  56   4   9   0 0.00  0.0    0  5.2 10  70   M    M  10 18     14  70
13  71  58  65  13   0   0 0.00  0.0    0  5.5 14 200   M    M   6 18     18 200
14  75  62  69  17   0   4 0.30  0.0    0  6.9 22 360   M    M  10 138    26  10
15  71  44  58   7   7   0 0.17    M    0 15.2 31 260   M    M   9 18     40 270
16  59  41  50  -1  15   0 0.02    M    0  5.2 17 270   M    M   3 1      23 260
17  68  43  56   5   9   0 0.00  0.0    0 11.4 22 220   M    M   0        28 220
18  68  46  57   7   8   0 0.00  0.0    0 11.2 21 180   M    M   0 8      26 190
19  68  44  56   6   9   0 0.00  0.0    0  7.0 14 220   M    M   0        17 220
20  76  43  60  10   5   0 0.00  0.0    0  7.5 18 190   M    M   0        22 210
21  75  54  65  15   0   0 0.00  0.0    0 10.4 20 190   M    M   0        24 200
================================================================================
SM 1522 1099        79  30  2.96     0.0 170.4          M       91
================================================================================
AV 72.5 52.3                               8.1 FASTST   M    M   4    MAX(MPH)
                                 MISC ---->  # 32 260               # 40  210
================================================================================
NOTES:
# LAST OF SEVERAL OCCURRENCES

COLUMN 17 PEAK WIND IN M.P.H.

PRELIMINARY LOCAL CLIMATOLOGICAL DATA (WS FORM: F-6) , PAGE 2

                                          STATION:  GOSHEN
                                          MONTH:    OCTOBER
                                          YEAR:     2017
                                          LATITUDE:   41 31 N
                                          LONGITUDE:  85 47 W

[TEMPERATURE DATA]      [PRECIPITATION DATA]       SYMBOLS USED IN COLUMN 16

AVERAGE MONTHLY: 62.4   TOTAL FOR MONTH:   2.96    1 = FOG OR MIST
DPTR FM NORMAL:   9.5   DPTR FM NORMAL:    0.67    2 = FOG REDUCING VISIBILITY
HIGHEST:    84 ON  3    GRTST 24HR  0.76 ON 11-11      TO 1/4 MILE OR LESS
LOWEST:     41 ON 16                               3 = THUNDER
                        SNOW, ICE PELLETS, HAIL    4 = ICE PELLETS
                        TOTAL MONTH:   0.0 INCH    5 = HAIL
                        GRTST 24HR     0.0         6 = FREEZING RAIN OR DRIZZLE
                        GRTST DEPTH:   0           7 = DUSTSTORM OR SANDSTORM:
                                                       VSBY 1/2 MILE OR LESS
                                                   8 = SMOKE OR HAZE
[NO. OF DAYS WITH]      [WEATHER - DAYS WITH]      9 = BLOWING SNOW
                                                   X = TORNADO
MAX 32 OR BELOW:   0    0.01 INCH OR MORE:   9
MAX 90 OR ABOVE:   0    0.10 INCH OR MORE:   6
MIN 32 OR BELOW:   0    0.50 INCH OR MORE:   3
MIN  0 OR BELOW:   0    1.00 INCH OR MORE:   0

[HDD (BASE 65) ]
TOTAL THIS MO.    79    CLEAR  (SCALE 0-3)   8
DPTR FM NORMAL  -184    PTCLDY (SCALE 4-7)   8
TOTAL FM JUL 1   186    CLOUDY (SCALE 8-10)  5
DPTR FM NORMAL  -220

[CDD (BASE 65) ]
TOTAL THIS MO.    30
DPTR FM NORMAL    21    [PRESSURE DATA]
TOTAL FM JAN 1   739    HIGHEST SLP M ON M
DPTR FM NORMAL    78    LOWEST  SLP 29.48 ON  7

[REMARKS]
