000
CXUS53 KIWX 190800
CF6GSH
PRELIMINARY LOCAL CLIMATOLOGICAL DATA (WS FORM: F-6)

                                          STATION:   GOSHEN
                                          MONTH:     OCTOBER
                                          YEAR:      2014
                                          LATITUDE:   41 31 N
                                          LONGITUDE:  85 47 W

  TEMPERATURE IN F:       :PCPN:    SNOW:  WIND      :SUNSHINE: SKY     :PK WND
================================================================================
1   2   3   4   5  6A  6B    7    8   9   10  11  12  13   14  15   16   17  18
                                     12Z  AVG MX 2MIN
DY MAX MIN AVG DEP HDD CDD  WTR  SNW DPTH SPD SPD DIR MIN PSBL S-S WX    SPD DR
================================================================================

 1  69  46  58   1   7   0 0.00  0.0    0  6.4 14 140   M    M   4 1      17 150
 2  76  57  67  11   0   2 0.43  0.0    0  7.5 15 150   M    M   7 138    20 140
 3  69  45  57   1   8   0 1.12  0.0    0 14.1 30 280   M    M   9 13     36 270
 4  45  39  42 -13  23   0 0.02  0.0    0 17.4 25 250   M    M  10 1      31 220
 5  57  39  48  -7  17   0    T  0.0    0 11.9 29 220   M    M   8        34 220
 6  61  41  51  -4  14   0 0.06  0.0    0  9.1 21 270   M    M   5 3      27 210
 7  63  43  53  -1  12   0 0.05  0.0    0  9.0 20 220   M    M   4 3      27 220
 8  61  44  53  -1  12   0 0.00  0.0    0 12.0 24 300   M    M   0        35 300
 9  60  38  49  -5  16   0 0.00  0.0    0  6.6 15 290   M    M   0        19 300
10  53  35  44  -9  21   0 0.00  0.0    0  2.7 10  60   M    M   0 1       M  M
11  59  33  46  -7  19   0 0.00  0.0    0  3.5 13  80   M    M   M        18  40
12  64  34  49  -3  16   0 0.00  0.0    0  8.8 17 130   M    M  10        22 120
13  75  53  64  12   1   0 0.31  0.0    0 11.4 25 160   M    M   7 13     35 160
14  68  57  63  11   2   0 0.10  0.0    0 12.0 22 150   M    M   8 1      29 120
15  60  52  56   5   9   0 0.04  0.0    0  4.7 10 150   M    M  10 1      13 170
16  62  47  55   4  10   0 0.00  0.0    0  7.7 17 250   M    M   9 128    22 250
17  64  49  57   6   8   0 0.08  0.0    0 14.3 25 270   M    M   7 18     31 280
18  50  39  45  -5  20   0 0.04  0.0    0 12.1 20 340   M    M  10 1      26 330
================================================================================
SM 1116  791       215   2  2.25     0.0 171.2          M      108
================================================================================
AV 62.0 43.9                               9.5 FASTST   M    M   6    MAX(MPH)
                                 MISC ---->  # 30 280               # 36  270
================================================================================
NOTES:
# LAST OF SEVERAL OCCURRENCES

COLUMN 17 PEAK WIND IN M.P.H.

PRELIMINARY LOCAL CLIMATOLOGICAL DATA (WS FORM: F-6) , PAGE 2

                                          STATION:  GOSHEN
                                          MONTH:    OCTOBER
                                          YEAR:     2014
                                          LATITUDE:   41 31 N
                                          LONGITUDE:  85 47 W

[TEMPERATURE DATA]      [PRECIPITATION DATA]       SYMBOLS USED IN COLUMN 16

AVERAGE MONTHLY: 53.0   TOTAL FOR MONTH:   2.25    1 = FOG OR MIST
DPTR FM NORMAL:  -0.4   DPTR FM NORMAL:    0.23    2 = FOG REDUCING VISIBILITY
HIGHEST:    76 ON  2    GRTST 24HR  1.42 ON  2- 3      TO 1/4 MILE OR LESS
LOWEST:     33 ON 11                               3 = THUNDER
                        SNOW, ICE PELLETS, HAIL    4 = ICE PELLETS
                        TOTAL MONTH:   0.0 INCH    5 = HAIL
                        GRTST 24HR     0.0         6 = FREEZING RAIN OR DRIZZLE
                        GRTST DEPTH:   0           7 = DUSTSTORM OR SANDSTORM:
                                                       VSBY 1/2 MILE OR LESS
                                                   8 = SMOKE OR HAZE
[NO. OF DAYS WITH]      [WEATHER - DAYS WITH]      9 = BLOWING SNOW
                                                   X = TORNADO
MAX 32 OR BELOW:   0    0.01 INCH OR MORE:  10
MAX 90 OR ABOVE:   0    0.10 INCH OR MORE:   4
MIN 32 OR BELOW:   0    0.50 INCH OR MORE:   1
MIN  0 OR BELOW:   0    1.00 INCH OR MORE:   1

[HDD (BASE 65) ]
TOTAL THIS MO.   215    CLEAR  (SCALE 0-3)   3
DPTR FM NORMAL    -2    PTCLDY (SCALE 4-7)   7
TOTAL FM JUL 1   348    CLOUDY (SCALE 8-10)  7
DPTR FM NORMAL   -12

[CDD (BASE 65) ]
TOTAL THIS MO.     2
DPTR FM NORMAL    -7    [PRESSURE DATA]
TOTAL FM JAN 1   744    HIGHEST SLP M ON M
DPTR FM NORMAL    83    LOWEST  SLP 29.49 ON 14

[REMARKS]
