000
CXUS52 KGSP 290817
CF6GSP
PRELIMINARY LOCAL CLIMATOLOGICAL DATA (WS FORM: F-6)

                                          STATION:   GREENVILLE-SPARTANBURG SC
                                          MONTH:     JANUARY
                                          YEAR:      2015
                                          LATITUDE:   34 54 N
                                          LONGITUDE:  82 13 W

  TEMPERATURE IN F:       :PCPN:    SNOW:  WIND      :SUNSHINE: SKY     :PK WND
================================================================================
1   2   3   4   5  6A  6B    7    8   9   10  11  12  13   14  15   16   17  18
                                     12Z  AVG MX 2MIN
DY MAX MIN AVG DEP HDD CDD  WTR  SNW DPTH SPD SPD DIR MIN PSBL S-S WX    SPD DR
================================================================================

 1  56  27  42   0  23   0 0.00  0.0    0  5.3 17 210   M    M   1 1      20 210
 2  51  43  47   5  18   0 0.58  0.0    0  4.7 12 200   M    M   8 1      13 200
 3  48  46  47   5  18   0 0.62  0.0    0  6.5 13  40   M    M  10 1      15  30
 4  61  44  53  11  12   0 0.71  0.0    0  7.7 21 230   M    M   6 13     28 220
 5  52  33  43   1  22   0 0.00  0.0    0  5.4 20 360   M    M   0        26 360
 6  58  26  42   0  23   0 0.00  0.0    0  6.6 21 220   M    M   0        27 230
 7  40  14  27 -15  38   0 0.00  0.0    0  9.5 25 360   M    M   0        39 350
 8  31   9  20 -22  45   0 0.00  0.0    0  5.5 15 210   M    M   0        19 330
 9  45  23  34  -8  31   0 0.00  0.0    0  8.0 17 220   M    M   1        24 230
10  43  19  31 -11  34   0 0.00  0.0    0  2.2  9 350   M    M   0        16 360
11  43  22  33  -9  32   0 0.64  0.0    0  3.6 12  30   M    M   5 18     14  20
12  47  36  42   0  23   0 0.19  0.0    0  3.3 10  60   M    M  10 1      13  70
13  48  35  42   0  23   0 0.02  0.0    0 10.4 21  50   M    M  10 12     25  50
14  43  34  39  -3  26   0 0.00  0.0    0  4.4 15  50   M    M  10 1      18  50
15  44  36  40  -2  25   0 0.00  0.0    0  4.0 10 220   M    M   9 1      13 240
16  57  31  44   2  21   0 0.00  0.0    0  5.7 17 350   M    M   1 12     24 330
17  57  29  43   1  22   0 0.00  0.0    0  4.3 17 170   M    M   1        22 170
18  61  36  49   7  16   0 0.01  0.0    0  8.7 21 290   M    M   2        29 270
19  64  33  49   7  16   0 0.00  0.0    0  7.9 20 210   M    M   0        26 220
20  69  39  54  12  11   0 0.00  0.0    0  8.7 17 210   M    M   0        20 200
21  68  40  54  12  11   0 0.00  0.0    0  3.3 14 290   M    M   0        19 220
22  58  31  45   3  20   0 0.00  0.0    0  1.4  8 210   M    M   2        10 110
23  47  36  42   0  23   0 0.89  0.0    0 10.5 18  20   M    M  10 1      23  30
24  56  34  45   3  20   0 0.20  0.0    0  5.8 13 210   M    M   4 1      17 280
25  58  27  43   0  22   0 0.00  0.0    0  5.5 18 200   M    M   1        23 240
26  57  33  45   2  20   0 0.00  0.0    0  8.6 20  20   M    M   4        30 320
27  48  30  39  -4  26   0 0.00  0.0    0  8.7 18 350   M    M   4        27 360
28  52  27  40  -3  25   0 0.00  0.0    0  3.5 12 320   M    M   0        19 320
================================================================================
SM 1462  873       646   0  3.86     0.0 169.7          M       99
================================================================================
AV 52.2 31.2                               6.1 FASTST   M    M   4    MAX(MPH)
                                 MISC ---->  # 25 360               # 39  350
================================================================================
NOTES:
# LAST OF SEVERAL OCCURRENCES

COLUMN 17 PEAK WIND IN M.P.H.

PRELIMINARY LOCAL CLIMATOLOGICAL DATA (WS FORM: F-6) , PAGE 2

                                          STATION:  GREENVILLE-SPARTANBURG SC
                                          MONTH:    JANUARY
                                          YEAR:     2015
                                          LATITUDE:   34 54 N
                                          LONGITUDE:  82 13 W

[TEMPERATURE DATA]      [PRECIPITATION DATA]       SYMBOLS USED IN COLUMN 16

AVERAGE MONTHLY: 41.7   TOTAL FOR MONTH:   3.86    1 = FOG OR MIST
DPTR FM NORMAL:  -0.4   DPTR FM NORMAL:    0.41    2 = FOG REDUCING VISIBILITY
HIGHEST:    69 ON 20    GRTST 24HR  1.24 ON  3- 4      TO 1/4 MILE OR LESS
LOWEST:      9 ON  8                               3 = THUNDER
                        SNOW, ICE PELLETS, HAIL    4 = ICE PELLETS
                        TOTAL MONTH:   0.0 INCH    5 = HAIL
                        GRTST 24HR     0.0         6 = FREEZING RAIN OR DRIZZLE
                        GRTST DEPTH:   0           7 = DUSTSTORM OR SANDSTORM:
                                                       VSBY 1/2 MILE OR LESS
                                                   8 = SMOKE OR HAZE
[NO. OF DAYS WITH]      [WEATHER - DAYS WITH]      9 = BLOWING SNOW
                                                   X = TORNADO
MAX 32 OR BELOW:   1    0.01 INCH OR MORE:   9
MAX 90 OR ABOVE:   0    0.10 INCH OR MORE:   7
MIN 32 OR BELOW:  13    0.50 INCH OR MORE:   5
MIN  0 OR BELOW:   0    1.00 INCH OR MORE:   0

[HDD (BASE 65) ]
TOTAL THIS MO.   646    CLEAR  (SCALE 0-3)  16
DPTR FM NORMAL     7    PTCLDY (SCALE 4-7)   5
TOTAL FM JUL 1  1806    CLOUDY (SCALE 8-10)  7
DPTR FM NORMAL   -36

[CDD (BASE 65) ]
TOTAL THIS MO.     0
DPTR FM NORMAL     0    [PRESSURE DATA]
TOTAL FM JAN 1     0    HIGHEST SLP M ON M
DPTR FM NORMAL     0    LOWEST  SLP 29.60 ON 24

[REMARKS]
