000
CXUS52 KGSP 190817
CF6GSP
PRELIMINARY LOCAL CLIMATOLOGICAL DATA (WS FORM: F-6)

                                          STATION:   GREENVILLE-SPARTANBURG SC
                                          MONTH:     SEPTEMBER
                                          YEAR:      2017
                                          LATITUDE:   34 54 N
                                          LONGITUDE:  82 13 W

  TEMPERATURE IN F:       :PCPN:    SNOW:  WIND      :SUNSHINE: SKY     :PK WND
================================================================================
1   2   3   4   5  6A  6B    7    8   9   10  11  12  13   14  15   16   17  18
                                     12Z  AVG MX 2MIN
DY MAX MIN AVG DEP HDD CDD  WTR  SNW DPTH SPD SPD DIR MIN PSBL S-S WX    SPD DR
================================================================================

 1  85  67  76   0   0  11 0.36  0.0    0  9.1 26 200   M    M   7 138    35 190
 2  81  59  70  -6   0   5 0.00  0.0    0  6.5 18 230   M    M   1 18     25 230
 3  84  57  71  -5   0   6 0.00  0.0    0  1.6  9 210   M    M   0        15 250
 4  85  59  72  -4   0   7 0.00  0.0    0  3.1 13 200   M    M   0        20 210
 5  86  63  75  -1   0  10 0.36  0.0    0  8.1 20 210   M    M   3 13     24 210
 6  69  59  64 -11   1   0 1.00  0.0    0  4.4 10 360   M    M   7 1      16  10
 7  77  51  64 -11   1   0 0.00  0.0    0  2.2 10 200   M    M   0 1      14 200
 8  77  54  66  -9   0   1 0.00  0.0    0  4.6 13  60   M    M   0        17  40
 9  77  58  68  -6   0   3 0.00  0.0    0  8.2 18  50   M    M   0        23  30
10  67  55  61 -13   4   0 0.00  0.0    0 11.8 21  40   M    M   0        29  50
11  62  57  60 -14   5   0 1.84  0.0    0 19.5 31  60   M    M   8 1      44  60
12  71  59  65  -8   0   0 0.58  0.0    0  9.7 23  60   M    M  10 1      33  50
13  79  56  68  -5   0   3 0.00  0.0    0  5.5 22 200   M    M   5 1      27 200
14  79  63  71  -2   0   6    T  0.0    0  5.3 14 210   M    M   8 1      19 210
15  84  60  72   0   0   7 0.00  0.0    0  1.4  9 150   M    M   3 1      12 160
16  86  64  75   3   0  10 0.00  0.0    0  2.5  8  50   M    M   1        10 300
17  87  65  76   4   0  11 0.00  0.0    0  2.6  8  50   M    M   1        13  80
18  87  63  75   4   0  10 0.00  0.0    0  2.4 10  20   M    M   2        11  20
================================================================================
SM 1423 1069        11  90  4.14     0.0 108.5          M       56
================================================================================
AV 79.1 59.4                               6.0 FASTST   M    M   3    MAX(MPH)
                                 MISC ---->  # 31  60               # 44   60
================================================================================
NOTES:
# LAST OF SEVERAL OCCURRENCES

COLUMN 17 PEAK WIND IN M.P.H.

PRELIMINARY LOCAL CLIMATOLOGICAL DATA (WS FORM: F-6) , PAGE 2

                                          STATION:  GREENVILLE-SPARTANBURG SC
                                          MONTH:    SEPTEMBER
                                          YEAR:     2017
                                          LATITUDE:   34 54 N
                                          LONGITUDE:  82 13 W

[TEMPERATURE DATA]      [PRECIPITATION DATA]       SYMBOLS USED IN COLUMN 16

AVERAGE MONTHLY: 69.2   TOTAL FOR MONTH:   4.14    1 = FOG OR MIST
DPTR FM NORMAL:  -4.8   DPTR FM NORMAL:    2.04    2 = FOG REDUCING VISIBILITY
HIGHEST:    87 ON 18,17 GRTST 24HR  2.39 ON 11-12      TO 1/4 MILE OR LESS
LOWEST:     51 ON  7                               3 = THUNDER
                        SNOW, ICE PELLETS, HAIL    4 = ICE PELLETS
                        TOTAL MONTH:   0.0 INCH    5 = HAIL
                        GRTST 24HR     0.0         6 = FREEZING RAIN OR DRIZZLE
                        GRTST DEPTH:   0           7 = DUSTSTORM OR SANDSTORM:
                                                       VSBY 1/2 MILE OR LESS
                                                   8 = SMOKE OR HAZE
[NO. OF DAYS WITH]      [WEATHER - DAYS WITH]      9 = BLOWING SNOW
                                                   X = TORNADO
MAX 32 OR BELOW:   0    0.01 INCH OR MORE:   5
MAX 90 OR ABOVE:   0    0.10 INCH OR MORE:   5
MIN 32 OR BELOW:   0    0.50 INCH OR MORE:   3
MIN  0 OR BELOW:   0    1.00 INCH OR MORE:   2

[HDD (BASE 65) ]
TOTAL THIS MO.    11    CLEAR  (SCALE 0-3)  11
DPTR FM NORMAL    10    PTCLDY (SCALE 4-7)   6
TOTAL FM JUL 1    11    CLOUDY (SCALE 8-10)  1
DPTR FM NORMAL    10

[CDD (BASE 65) ]
TOTAL THIS MO.    90
DPTR FM NORMAL   -76    [PRESSURE DATA]
TOTAL FM JAN 1  1556    HIGHEST SLP M ON M
DPTR FM NORMAL   -45    LOWEST  SLP 29.71 ON 12

[REMARKS]
