000
CXGM50 PGUM 241850
CF6GUM
PRELIMINARY LOCAL CLIMATOLOGICAL DATA (WS FORM: F-6)

                                          STATION:   GUAM INTERNATIONAL AIRPORT
                                          MONTH:     FEBRUARY
                                          YEAR:      2018
                                          LATITUDE:   13 29 N
                                          LONGITUDE: 144-48 E

  TEMPERATURE IN F:       :PCPN:    SNOW:  WIND      :SUNSHINE: SKY     :PK WND
================================================================================
1   2   3   4   5  6A  6B    7    8   9   10  11  12  13   14  15   16   17  18
                                     12Z  AVG MX 2MIN
DY MAX MIN AVG DEP HDD CDD  WTR  SNW DPTH SPD SPD DIR MIN PSBL S-S WX    SPD DR
================================================================================

 1  89  76  83   3   0  18 0.10  0.0    0 13.4 22  70   M    M   5 18     28  80
 2  88  76  82   2   0  17 0.55  0.0    0 10.3 17  80   M    M   6 1      24  70
 3  87  75  81   1   0  16    T  0.0    0  9.7 18  70   M    M   2        23  80
 4  88  76  82   2   0  17    T  0.0    0  9.0 18  60   M    M   3        21  50
 5  87  79  83   3   0  18    T  0.0    0 11.7 20  80   M    M   3        26 120
 6  86  78  82   2   0  17 0.00  0.0    0 10.0 18  80   M    M   3        25  90
 7  87  72  80   0   0  15    T  0.0    0  7.2 18  80   M    M   4        22  90
 8  87  76  82   2   0  17 0.15  0.0    0 10.3 16  40   M    M   6 1      24 110
 9  86  78  82   2   0  17 0.45  0.0    0 13.9 28  40   M    M   5 18     33  40
10  87  79  83   3   0  18 0.01  0.0    0 16.7 28  60   M    M   5 18     34  80
11  87  79  83   3   0  18 0.02  0.0    0 14.0 23 100   M    M   3 18     32 110
12  89  78  84   4   0  19 0.06  0.0    0 10.1 18  70   M    M   4 1      27  70
13  86  77  82   2   0  17 0.30  0.0    0 13.6 24  90   M    M   5 18     31  70
14  87  76  82   2   0  17 0.17  0.0    0 15.4 24  80   M    M   4 1      30  80
15  87  76  82   2   0  17 0.02  0.0    0 16.1 25  80   M    M   3 18     32  80
16  88  79  84   4   0  19    T  0.0    0 13.4 22  60   M    M   4        26  70
17  87  77  82   2   0  17 0.07  0.0    0 11.1 20  80   M    M   4 1      27  70
18  88  75  82   2   0  17 0.13  0.0    0 13.7 23  50   M    M   6 1      27  60
19  88  76  82   2   0  17 0.00  0.0    0 11.3 21  60   M    M   2        24  80
20  87  77  82   2   0  17 0.04  0.0    0 12.0 21  70   M    M   4 18     27  70
21  89  78  84   4   0  19    T  0.0    0 15.2 25  50   M    M   2        32  60
22  89  77  83   3   0  18 0.01  0.0    0 15.3 25  60   M    M   5 18     31  60
23  87  77  82   2   0  17 0.33  0.0    0 13.0 22  90   M    M   4 1      30  70
24   M   M   M   M   M   M    M    M    M   M   M   M   M    M   M 1       M  M
================================================================================
SM 2011 1767         0 399  2.41     0.0 286.4          M       92
================================================================================
AV 87.4 76.8                              12.5 FASTST   M    M   4    MAX(MPH)
                                 MISC ---->  # 28  40               # 34   80
================================================================================
NOTES:
# LAST OF SEVERAL OCCURRENCES

COLUMN 17 PEAK WIND IN M.P.H.

PRELIMINARY LOCAL CLIMATOLOGICAL DATA (WS FORM: F-6) , PAGE 2

                                          STATION:  GUAM INTERNATIONAL AIRPORT
                                          MONTH:    FEBRUARY
                                          YEAR:     2018
                                          LATITUDE:   13 29 N
                                          LONGITUDE: 144-48 E

[TEMPERATURE DATA]      [PRECIPITATION DATA]       SYMBOLS USED IN COLUMN 16

AVERAGE MONTHLY: 82.1   TOTAL FOR MONTH:   2.41    1 = FOG OR MIST
DPTR FM NORMAL:   2.1   DPTR FM NORMAL:   -1.49    2 = FOG REDUCING VISIBILITY
HIGHEST:    89 ON 22,21 GRTST 24HR  0.55 ON  2- 2      TO 1/4 MILE OR LESS
LOWEST:     72 ON  7                               3 = THUNDER
                        SNOW, ICE PELLETS, HAIL    4 = ICE PELLETS
                        TOTAL MONTH:   0.0 INCH    5 = HAIL
                        GRTST 24HR     0.0         6 = FREEZING RAIN OR DRIZZLE
                        GRTST DEPTH:   0           7 = DUSTSTORM OR SANDSTORM:
                                                       VSBY 1/2 MILE OR LESS
                                                   8 = SMOKE OR HAZE
[NO. OF DAYS WITH]      [WEATHER - DAYS WITH]      9 = BLOWING SNOW
                                                   X = TORNADO
MAX 32 OR BELOW:   0    0.01 INCH OR MORE:  15
MAX 90 OR ABOVE:   0    0.10 INCH OR MORE:   8
MIN 32 OR BELOW:   0    0.50 INCH OR MORE:   1
MIN  0 OR BELOW:   0    1.00 INCH OR MORE:   0

[HDD (BASE 65) ]
TOTAL THIS MO.     0    CLEAR  (SCALE 0-3)   5
DPTR FM NORMAL     0    PTCLDY (SCALE 4-7)  18
TOTAL FM JUL 1     0    CLOUDY (SCALE 8-10)  0
DPTR FM NORMAL     0

[CDD (BASE 65) ]
TOTAL THIS MO.   399
DPTR FM NORMAL    39    [PRESSURE DATA]
TOTAL FM JAN 1   949    HIGHEST SLP 29.89 ON  1
DPTR FM NORMAL   118    LOWEST  SLP 29.78 ON  1

[REMARKS]
