000
CXGM50 PGUM 281850
CF6GUM
PRELIMINARY LOCAL CLIMATOLOGICAL DATA (WS FORM: F-6)

                                          STATION:   GUAM INTERNATIONAL AIRPORT
                                          MONTH:     SEPTEMBER
                                          YEAR:      2016
                                          LATITUDE:   13 29 N
                                          LONGITUDE: 144-48 E

  TEMPERATURE IN F:       :PCPN:    SNOW:  WIND      :SUNSHINE: SKY     :PK WND
================================================================================
1   2   3   4   5  6A  6B    7    8   9   10  11  12  13   14  15   16   17  18
                                     12Z  AVG MX 2MIN
DY MAX MIN AVG DEP HDD CDD  WTR  SNW DPTH SPD SPD DIR MIN PSBL S-S WX    SPD DR
================================================================================

 1  91  82  87   6   0  22    T  0.0    0  7.3 15 290   M    M   3        18 290
 2  91  80  86   5   0  21 0.01  0.0    0  4.4 13 260   M    M   3 3      18 250
 3  91  77  84   3   0  19 0.24  0.0    0  3.5 10  80   M    M   2 13     14 310
 4  90  80  85   4   0  20 0.24  0.0    0  5.7 14 100   M    M   3 1      20  90
 5  91  81  86   5   0  21 0.11  0.0    0  7.2 14  60   M    M   2 1      18  90
 6  94  81  88   7   0  23 0.02  0.0    0  7.6 17  60   M    M   1        23  70
 7  90  77  84   3   0  19 0.74  0.0    0  5.4 14 300   M    M   4 13     16 310
 8  88  79  84   3   0  19 0.04  0.0    0  4.5 15 250   M    M   4        21 230
 9  85  78  82   1   0  17 0.18  0.0    0  4.9 17 180   M    M   5 1      23 180
10  90  79  85   4   0  20 0.01  0.0    0  7.1 15 160   M    M   3        25 100
11  93  79  86   5   0  21 0.80  0.0    0  8.3 18  80   M    M   3 13     29  80
12  86  78  82   1   0  17 0.95  0.0    0 13.1 32  90   M    M   6 18     43  90
13  91  78  85   4   0  20 0.40  0.0    0  5.5 17 350   M    M   3 1      20  10
14  89  78  84   3   0  19 0.82  0.0    0 10.2 24  70   M    M   4 1      33 110
15  89  78  84   3   0  19 0.04  0.0    0  4.7 13 140   M    M   3 1      18 150
16  91  79  85   4   0  20 0.00  0.0    0  5.0 13 230   M    M   2        17 170
17  90  78  84   2   0  19 0.18  0.0    0  3.2 12  20   M    M   3 1      15 310
18  86  78  82   0   0  17 0.32  0.0    0  3.5 12  30   M    M   4 1      15  30
19  90  76  83   1   0  18 0.64  0.0    0  6.4 15  90   M    M   3 1      20  90
20  89  80  85   3   0  20 0.24  0.0    0  6.8 16 100   M    M   2        23  90
21  91  79  85   3   0  20 0.20  0.0    0  9.4 28  70   M    M   3 13     39  70
22  86  78  82   0   0  17 1.30  0.0    0 10.8 28  70   M    M   4 13     36  80
23  88  77  83   1   0  18 1.85  0.0    0  9.3 23 160   M    M   5 1      37 150
24  89  78  84   2   0  19 0.43  0.0    0  4.2 20  90   M    M   3 1      28  90
25  89  78  84   2   0  19 0.37  0.0    0  4.3 16 110   M    M   3 3      20 110
26  89  79  84   2   0  19 0.54  0.0    0  6.1 15  60   M    M   3        18  60
27  91  79  85   3   0  20 0.32  0.0    0  6.6 16  60   M    M   4        21  60
28  90  76  83   1   0  18 2.69  0.0    0  7.0 18 290   M    M   6 13     29 100
================================================================================
SM 2508 2200         0 541 13.68     0.0 182.0          M       94
================================================================================
AV 89.6 78.6                               6.5 FASTST   M    M   3    MAX(MPH)
                                 MISC ---->  # 32  90               # 43   90
================================================================================
NOTES:
# LAST OF SEVERAL OCCURRENCES

COLUMN 17 PEAK WIND IN M.P.H.

PRELIMINARY LOCAL CLIMATOLOGICAL DATA (WS FORM: F-6) , PAGE 2

                                          STATION:  GUAM INTERNATIONAL AIRPORT
                                          MONTH:    SEPTEMBER
                                          YEAR:     2016
                                          LATITUDE:   13 29 N
                                          LONGITUDE: 144-48 E

[TEMPERATURE DATA]      [PRECIPITATION DATA]       SYMBOLS USED IN COLUMN 16

AVERAGE MONTHLY: 84.1   TOTAL FOR MONTH:  13.68    1 = FOG OR MIST
DPTR FM NORMAL:   2.6   DPTR FM NORMAL:    0.29    2 = FOG REDUCING VISIBILITY
HIGHEST:    94 ON  6    GRTST 24HR  2.69 ON 28-28      TO 1/4 MILE OR LESS
LOWEST:     76 ON 28,19                            3 = THUNDER
                        SNOW, ICE PELLETS, HAIL    4 = ICE PELLETS
                        TOTAL MONTH:   0.0 INCH    5 = HAIL
                        GRTST 24HR     0.0         6 = FREEZING RAIN OR DRIZZLE
                        GRTST DEPTH:   0           7 = DUSTSTORM OR SANDSTORM:
                                                       VSBY 1/2 MILE OR LESS
                                                   8 = SMOKE OR HAZE
[NO. OF DAYS WITH]      [WEATHER - DAYS WITH]      9 = BLOWING SNOW
                                                   X = TORNADO
MAX 32 OR BELOW:   0    0.01 INCH OR MORE:  26
MAX 90 OR ABOVE:  16    0.10 INCH OR MORE:  21
MIN 32 OR BELOW:   0    0.50 INCH OR MORE:   9
MIN  0 OR BELOW:   0    1.00 INCH OR MORE:   3

[HDD (BASE 65) ]
TOTAL THIS MO.     0    CLEAR  (SCALE 0-3)  15
DPTR FM NORMAL     0    PTCLDY (SCALE 4-7)  13
TOTAL FM JUL 1     0    CLOUDY (SCALE 8-10)  0
DPTR FM NORMAL     0

[CDD (BASE 65) ]
TOTAL THIS MO.   541
DPTR FM NORMAL    91    [PRESSURE DATA]
TOTAL FM JAN 1  5005    HIGHEST SLP M ON M
DPTR FM NORMAL   568    LOWEST  SLP 29.64 ON 28

[REMARKS]
