000
CXUS54 KAMA 271015
CF6GUY
PRELIMINARY LOCAL CLIMATOLOGICAL DATA (WS FORM: F-6)

                                          STATION:   GUYMON
                                          MONTH:     SEPTEMBER
                                          YEAR:      2016
                                          LATITUDE:   36 41 N
                                          LONGITUDE: 101 30 W

  TEMPERATURE IN F:       :PCPN:    SNOW:  WIND      :SUNSHINE: SKY     :PK WND
================================================================================
1   2   3   4   5  6A  6B    7    8   9   10  11  12  13   14  15   16   17  18
                                     12Z  AVG MX 2MIN
DY MAX MIN AVG DEP HDD CDD  WTR  SNW DPTH SPD SPD DIR MIN PSBL S-S WX    SPD DR
================================================================================

 1  83  63  73  -3   0   8 0.00  0.0    0  7.3 16  80   M    M   4 12     21  80
 2  83  65  74  -2   0   9    T  0.0    0 10.8 20 140   M    M   5 1      25 160
 3  89  66  78   3   0  13 0.00  0.0    0 16.8 26 180   M    M   1        36 190
 4  91  68  80   5   0  15 0.00  0.0    0 18.4 28 180   M    M   0        38 170
 5  92  67  80   5   0  15 0.00  0.0    0 16.7 29 180   M    M   0        38 180
 6  93  67  80   6   0  15    T  0.0    0 17.2 32 240   M    M   1        40 240
 7  92  68  80   6   0  15 0.00  0.0    0 16.0 25 220   M    M   1        32 240
 8  92  68  80   6   0  15    T  0.0    0  7.8 18 200   M    M   0        23 200
 9  95  60  78   5   0  13 0.00  0.0    0 10.3 32  40   M    M   2        43  40
10  80  50  65  -8   0   0 0.00  0.0    0  6.7 17  30   M    M   1        23  30
11  95  56  76   3   0  11 0.00  0.0    0 15.2 25 220   M    M   0        31 200
12  96  66  81   9   0  16 0.00  0.0    0 11.4 21  20   M    M   1        26  20
13  68  57  63  -9   2   0    T  0.0    0 10.9 23  20   M    M   9 3      27  20
14  78  58  68  -4   0   3 0.00  0.0    0  9.9 18 160   M    M   9        23 160
15  91  63  77   6   0  12 0.01  0.0    0 15.1 31 200   M    M   1        37 210
16  83  56  70  -1   0   5 0.00  0.0    0 11.6 22  30   M    M   3        28  30
17  87  59  73   3   0   8    T  0.0    0  5.7 22 220   M    M   4 12     27 220
18  96  58  77   7   0  12 0.00  0.0    0  6.4 15 190   M    M   1 1      21 280
19  98  48  73   4   0   8 0.00  0.0    0  5.7 15 190   M    M   0        19 200
20  99  54  77   8   0  12 0.00  0.0    0 12.4 25 210   M    M   0        32 210
21  97  70  84  16   0  19    T  0.0    0 16.3 31 200   M    M   0        39 180
22  94  64  79  11   0  14 0.00  0.0    0 13.9 26 190   M    M   0        35 200
23  89  59  74   7   0   9 0.00  0.0    0 17.9 29 170   M    M   0        41 180
24  85  60  73   6   0   8 0.00  0.0    0  8.3 20 250   M    M   1        27 250
25  78  52  65  -1   0   0    T  0.0    0 14.3 32  10   M    M   2 12     40  10
26  78  41  60  -6   5   0 0.00  0.0    0  5.2 12 230   M    M   0        15  70
================================================================================
SM 2302 1563         7 255  0.01     0.0 308.2          M       46
================================================================================
AV 88.5 60.1                              11.9 FASTST   M    M   2    MAX(MPH)
                                 MISC ---->  # 32 240               # 43   40
================================================================================
NOTES:
# LAST OF SEVERAL OCCURRENCES

COLUMN 17 PEAK WIND IN M.P.H.

PRELIMINARY LOCAL CLIMATOLOGICAL DATA (WS FORM: F-6) , PAGE 2

                                          STATION:  GUYMON
                                          MONTH:    SEPTEMBER
                                          YEAR:     2016
                                          LATITUDE:   36 41 N
                                          LONGITUDE: 101 30 W

[TEMPERATURE DATA]      [PRECIPITATION DATA]       SYMBOLS USED IN COLUMN 16

AVERAGE MONTHLY: 74.3   TOTAL FOR MONTH:   0.01    1 = FOG OR MIST
DPTR FM NORMAL:   2.9   DPTR FM NORMAL:   -1.53    2 = FOG REDUCING VISIBILITY
HIGHEST:    99 ON 20    GRTST 24HR  0.02 ON 31- 1      TO 1/4 MILE OR LESS
LOWEST:     41 ON 26                               3 = THUNDER
                        SNOW, ICE PELLETS, HAIL    4 = ICE PELLETS
                        TOTAL MONTH:   0.0 INCH    5 = HAIL
                        GRTST 24HR     0.0         6 = FREEZING RAIN OR DRIZZLE
                        GRTST DEPTH:   0           7 = DUSTSTORM OR SANDSTORM:
                                                       VSBY 1/2 MILE OR LESS
                                                   8 = SMOKE OR HAZE
[NO. OF DAYS WITH]      [WEATHER - DAYS WITH]      9 = BLOWING SNOW
                                                   X = TORNADO
MAX 32 OR BELOW:   0    0.01 INCH OR MORE:   1
MAX 90 OR ABOVE:  14    0.10 INCH OR MORE:   0
MIN 32 OR BELOW:   0    0.50 INCH OR MORE:   0
MIN  0 OR BELOW:   0    1.00 INCH OR MORE:   0

[HDD (BASE 65) ]
TOTAL THIS MO.     7    CLEAR  (SCALE 0-3)  21
DPTR FM NORMAL   -19    PTCLDY (SCALE 4-7)   3
TOTAL FM JUL 1     7    CLOUDY (SCALE 8-10)  2
DPTR FM NORMAL   -20

[CDD (BASE 65) ]
TOTAL THIS MO.   255
DPTR FM NORMAL    63    [PRESSURE DATA]
TOTAL FM JAN 1  1692    HIGHEST SLP M ON M
DPTR FM NORMAL   251    LOWEST  SLP 29.73 ON M

[REMARKS]
