000
CXUS54 KAMA 271015
CF6GUY
PRELIMINARY LOCAL CLIMATOLOGICAL DATA (WS FORM: F-6)

                                          STATION:   GUYMON
                                          MONTH:     DECEMBER
                                          YEAR:      2014
                                          LATITUDE:   36 41 N
                                          LONGITUDE: 101 30 W

  TEMPERATURE IN F:       :PCPN:    SNOW:  WIND      :SUNSHINE: SKY     :PK WND
================================================================================
1   2   3   4   5  6A  6B    7    8   9   10  11  12  13   14  15   16   17  18
                                     12Z  AVG MX 2MIN
DY MAX MIN AVG DEP HDD CDD  WTR  SNW DPTH SPD SPD DIR MIN PSBL S-S WX    SPD DR
================================================================================

 1  32  13  23 -16  42   0 0.00  0.0    0  8.7 18 360   M    M   0        24  10
 2  56  17  37  -1  28   0 0.00  0.0    0  6.0 18 190   M    M   0        21 190
 3  46  30  38   0  27   0 0.00  0.0    0 10.4 21  60   M    M   3        28  30
 4  48  34  41   3  24   0 0.37  0.0    0  4.0 14 180   M    M   8 18     18 170
 5  63  39  51  14  14   0 0.19  0.0    0  7.3 16 350   M    M   4 1      21 340
 6  52  32  42   5  23   0 0.00  0.0    0  5.8 12 170   M    M   0        16 170
 7  66  41  54  18  11   0    T  0.0    0  9.2 21 240   M    M   3        26 210
 8  67  36  52  16  13   0 0.00  0.0    0  5.8 20 210   M    M   0        24 200
 9  56  32  44   8  21   0 0.00  0.0    0  4.6 12 290   M    M   0        13 290
10  59  28  44   8  21   0 0.00  0.0    0  3.7  9 230   M    M   0        12 270
11  63  26  45  10  20   0 0.00  0.0    0  4.8 16 160   M    M   1 12     20 160
12  54  35  45  10  20   0 0.00  0.0    0  6.1 17 150   M    M   8 12     23 140
13  72  47  60  25   5   0 0.00  0.0    0 16.2 26 200   M    M   3 1      35 210
14  56  38  47  12  18   0 0.19  0.0    0 18.6 31 320   M    M   6 138    39 320
15  46  30  38   4  27   0 0.00  0.0    0 20.4 36 320   M    M   1        41 320
16  47  23  35   1  30   0 0.00  0.0    0  8.1 14 180   M    M   0        19 310
17  49  33  41   7  24   0    T  0.0    0 11.1 20 180   M    M   4 1      25 180
18  38  33  36   2  29   0 0.01  0.0    0  6.0 13 340   M    M  10 1      16 320
19  46  29  38   4  27   0 0.00  0.0    0  5.5 14 200   M    M   6 1      17 190
20  51  26  39   5  26   0 0.00  0.0    0  8.0 17 190   M    M   3 12     21 190
21  59  29  44  10  21   0 0.00  0.0    0  7.6 14 190   M    M   3 12     17 190
22  51  35  43   9  22   0 0.00  0.0    0 14.5 28 360   M    M   3        39 330
23  38  32  35   1  30   0 0.01    T    0 23.1 41 350   M    M   8 1      50 350
24  50  24  37   3  28   0 0.00  0.0    0 11.7 22 340   M    M   1        28 350
25  60  31  46  12  19   0 0.00  0.0    0 16.5 30 220   M    M   0        38 220
26  39  19  29  -5  36   0 0.04  0.8    0 12.3 23  10   M    M   7 1      30  20
================================================================================
SM 1364  792       606   0  0.81     0.8 256.0          M       82
================================================================================
AV 52.5 30.5                               9.8 FASTST   M    M   3    MAX(MPH)
                                 MISC ---->  # 41 350               # 50  350
================================================================================
NOTES:
# LAST OF SEVERAL OCCURRENCES

COLUMN 17 PEAK WIND IN M.P.H.

PRELIMINARY LOCAL CLIMATOLOGICAL DATA (WS FORM: F-6) , PAGE 2

                                          STATION:  GUYMON
                                          MONTH:    DECEMBER
                                          YEAR:     2014
                                          LATITUDE:   36 41 N
                                          LONGITUDE: 101 30 W

[TEMPERATURE DATA]      [PRECIPITATION DATA]       SYMBOLS USED IN COLUMN 16

AVERAGE MONTHLY: 41.5   TOTAL FOR MONTH:   0.81    1 = FOG OR MIST
DPTR FM NORMAL:   6.1   DPTR FM NORMAL:    0.26    2 = FOG REDUCING VISIBILITY
HIGHEST:    72 ON 13    GRTST 24HR  0.56 ON  4- 5      TO 1/4 MILE OR LESS
LOWEST:     13 ON  1                               3 = THUNDER
                        SNOW, ICE PELLETS, HAIL    4 = ICE PELLETS
                        TOTAL MONTH:   0.8 INCH    5 = HAIL
                        GRTST 24HR   0.8 ON   M    6 = FREEZING RAIN OR DRIZZLE
                        GRTST DEPTH:   0           7 = DUSTSTORM OR SANDSTORM:
                                                       VSBY 1/2 MILE OR LESS
                                                   8 = SMOKE OR HAZE
[NO. OF DAYS WITH]      [WEATHER - DAYS WITH]      9 = BLOWING SNOW
                                                   X = TORNADO
MAX 32 OR BELOW:   1    0.01 INCH OR MORE:   6
MAX 90 OR ABOVE:   0    0.10 INCH OR MORE:   3
MIN 32 OR BELOW:  16    0.50 INCH OR MORE:   0
MIN  0 OR BELOW:   0    1.00 INCH OR MORE:   0

[HDD (BASE 65) ]
TOTAL THIS MO.   606    CLEAR  (SCALE 0-3)  15
DPTR FM NORMAL  -164    PTCLDY (SCALE 4-7)  10
TOTAL FM JUL 1  1413    CLOUDY (SCALE 8-10)  1
DPTR FM NORMAL  -248

[CDD (BASE 65) ]
TOTAL THIS MO.     0
DPTR FM NORMAL     0    [PRESSURE DATA]
TOTAL FM JAN 1  1706    HIGHEST SLP M ON M
DPTR FM NORMAL   224    LOWEST  SLP 29.47 ON 14

[REMARKS]
