000
CXUS52 KFFC 281110
CF6GVL
PRELIMINARY LOCAL CLIMATOLOGICAL DATA (WS FORM: F-6)

                                          STATION:   GAINESVILLE
                                          MONTH:     JUNE
                                          YEAR:      2017
                                          LATITUDE:   34 16 N
                                          LONGITUDE:  83 50 W

  TEMPERATURE IN F:       :PCPN:    SNOW:  WIND      :SUNSHINE: SKY     :PK WND
================================================================================
1   2   3   4   5  6A  6B    7    8   9   10  11  12  13   14  15   16   17  18
                                     12Z  AVG MX 2MIN
DY MAX MIN AVG DEP HDD CDD  WTR  SNW DPTH SPD SPD DIR MIN PSBL S-S WX    SPD DR
================================================================================

 1  84  64  74   2   0   9 0.00  0.0    0  4.4  9 250   M    M   0        27 210
 2  86  67  77   4   0  12 0.00  0.0    0  4.1  9 270   M    M   1 8      12 260
 3  87  66  77   4   0  12 0.00  0.0    0  3.0  8 170   M    M   1 18     11 190
 4  75  69  72  -1   0   7 1.09  0.0    0  3.5 12 250   M    M   7 138    15 250
 5  81  68  75   2   0  10 0.29  0.0    0  8.0 16 310   M    M   6 18     24 310
 6  81  69  75   1   0  10    T  0.0    0  4.5 10  30   M    M   4 3      15  70
 7  79  61  70  -4   0   5 0.03  0.0    0  8.7 18  80   M    M   7 13     27  80
 8  78  62  70  -4   0   5 0.00  0.0    0  5.8 15  90   M    M   5 1      17  90
 9  82  62  72  -2   0   7 0.00  0.0    0  5.1 13 270   M    M   2        18 250
10  85  63  74  -1   0   9 0.00  0.0    0  3.8  9 180   M    M   1        16 180
11  84  65  75   0   0  10 0.00  0.0    0  4.7 14  90   M    M   5        16 100
12  86  68  77   2   0  12 0.00  0.0    0  3.5 12 120   M    M   4        16 120
13  88  68  78   3   0  13 0.11  0.0    0  4.1 17  30   M    M   5 1      21  30
14  88  69  79   3   0  14 0.00  0.0    0  5.9 13 280   M    M   1 3      16 290
15  90  69  80   4   0  15 1.12  0.0    0  6.1 40 260   M    M   1 13     58 260
16  82  66  74  -2   0   9 0.00  0.0    0  4.2 10 240   M    M   2 1      13 260
17  87  68  78   2   0  13 0.72  0.0    0  3.7 22 290   M    M   2 13     34 280
18  82  69  76   0   0  11 0.03    M    0  4.8 15 240   M    M   6        19 250
19  85  71  78   1   0  13 0.19  0.0    0  6.9 15 260   M    M   4 13     22 210
20  79  69  74  -3   0   9    T  0.0    0  5.4 14  90   M    M   8 1      16  90
21  80  68  74  -3   0   9 0.06  0.0    0  2.6 12 190   M    M   9 1      16 180
22  78  69  74  -3   0   9 0.25  0.0    0  5.6 12 140   M    M   7 13     17 140
23  87  70  79   2   0  14 0.29  0.0    0  8.1 30 260   M    M   2 18     42 240
24  85  69  77   0   0  12 0.55  0.0    0  7.1 15 240   M    M   7 1      21 190
25  81  66  74  -4   0   9 0.00  0.0    0  5.9 14 320   M    M   0        17 350
26  85  60  73  -5   0   8 0.00  0.0    0  4.6 14 360   M    M   0        19 360
27  84  61  73  -5   0   8 0.00  0.0    0  6.0 14  10   M    M   0        19 360
================================================================================
SM 2249 1796         0 274  4.73     0.0 140.1          M       97
================================================================================
AV 83.3 66.5                               5.2 FASTST   M    M   4    MAX(MPH)
                                 MISC ---->  # 40 260               # 58  260
================================================================================
NOTES:
# LAST OF SEVERAL OCCURRENCES

COLUMN 17 PEAK WIND IN M.P.H.

PRELIMINARY LOCAL CLIMATOLOGICAL DATA (WS FORM: F-6) , PAGE 2

                                          STATION:  GAINESVILLE
                                          MONTH:    JUNE
                                          YEAR:     2017
                                          LATITUDE:   34 16 N
                                          LONGITUDE:  83 50 W

[TEMPERATURE DATA]      [PRECIPITATION DATA]       SYMBOLS USED IN COLUMN 16

AVERAGE MONTHLY: 74.9   TOTAL FOR MONTH:   4.73    1 = FOG OR MIST
DPTR FM NORMAL:  -0.5   DPTR FM NORMAL:    0.80    2 = FOG REDUCING VISIBILITY
HIGHEST:    90 ON 15    GRTST 24HR  1.12 ON 15-15      TO 1/4 MILE OR LESS
LOWEST:     60 ON 26                               3 = THUNDER
                        SNOW, ICE PELLETS, HAIL    4 = ICE PELLETS
                        TOTAL MONTH:   0.0 INCH    5 = HAIL
                        GRTST 24HR     0.0         6 = FREEZING RAIN OR DRIZZLE
                        GRTST DEPTH:   0           7 = DUSTSTORM OR SANDSTORM:
                                                       VSBY 1/2 MILE OR LESS
                                                   8 = SMOKE OR HAZE
[NO. OF DAYS WITH]      [WEATHER - DAYS WITH]      9 = BLOWING SNOW
                                                   X = TORNADO
MAX 32 OR BELOW:   0    0.01 INCH OR MORE:  12
MAX 90 OR ABOVE:   1    0.10 INCH OR MORE:   9
MIN 32 OR BELOW:   0    0.50 INCH OR MORE:   4
MIN  0 OR BELOW:   0    1.00 INCH OR MORE:   2

[HDD (BASE 65) ]
TOTAL THIS MO.     0    CLEAR  (SCALE 0-3)  13
DPTR FM NORMAL     0    PTCLDY (SCALE 4-7)  13
TOTAL FM JUL 1  2157    CLOUDY (SCALE 8-10)  1
DPTR FM NORMAL  -906

[CDD (BASE 65) ]
TOTAL THIS MO.   274
DPTR FM NORMAL    -8    [PRESSURE DATA]
TOTAL FM JAN 1   551    HIGHEST SLP M ON M
DPTR FM NORMAL    94    LOWEST  SLP 29.72 ON  6

[REMARKS]
