000
CXUS54 KFWD 260730
CF6GVT
PRELIMINARY LOCAL CLIMATOLOGICAL DATA (WS FORM: F-6)

                                          STATION:   GREENVILLE
                                          MONTH:     MARCH
                                          YEAR:      2015
                                          LATITUDE:   33  4 N
                                          LONGITUDE:  96  4 W

  TEMPERATURE IN F:       :PCPN:    SNOW:  WIND      :SUNSHINE: SKY     :PK WND
================================================================================
1   2   3   4   5  6A  6B    7    8   9   10  11  12  13   14  15   16   17  18
                                     12Z  AVG MX 2MIN
DY MAX MIN AVG DEP HDD CDD  WTR  SNW DPTH SPD SPD DIR MIN PSBL S-S WX    SPD DR
================================================================================

 1  37  32  35 -18  30   0 0.17  0.0    0  5.2 10  10   M    M  10 16      M  M
 2  43  36  40 -13  25   0 0.02  0.0    M  5.2 12 360   M    M  10 1       M  M
 3  50  41  46  -7  19   0 0.12  0.0    0  2.4  8 150   M    M  10 12      M  M
 4  50  30  40 -13  25   0 0.47    M    0 10.7 22 360   M    M  10 13     31  10
 5  37  25  31 -23  34   0 0.07    M    M  7.5 15 360   M    M   2        18 350
 6  52  23  38 -16  27   0 0.00  0.0    0  0.3  4 140   M    M   0         M  M
 7  61  28  45  -9  20   0 0.00  0.0    0  3.2  9 210   M    M   2         M  M
 8  52  45  49  -5  16   0 0.09  0.0    0  7.5  M   M   M    M  10 1       M  M
 9  50  46  48  -7  17   0 0.75  0.0    0  4.3 10  60   M    M  10        16  60
10  55  48  52  -3  13   0 0.00  0.0    0  3.7  7 330   M    M  10 1       M  M
11  68  50  59   4   6   0 0.00  0.0    0  2.3  9  50   M    M   7         M  M
12  59  48  54  -2  11   0 0.01  0.0    0  3.9 12  40   M    M   8 1       M  M
13  59  55  57   1   8   0 0.54  0.0    0  6.5  9 320   M    M  10 1       M  M
14  57  54  56   0   9   0 0.02  0.0    0  9.8 17 330   M    M  10 1      21 340
15  68  54  61   5   4   0    M  0.0    0  3.3  8 350   M    M  10 1       M  M
16  77  46  62   5   3   0 0.00  0.0    0  4.0 10 210   M    M   1 1       M  M
17  81  61  71  14   0   6 0.00  0.0    0  6.8 13 200   M    M   2         M  M
18  68  57  63   6   2   0 0.01  0.0    0  1.3  6 110   M    M   9 1       M  M
19  66  55  61   4   4   0 0.00  0.0    0  4.2  8  50   M    M  10 128     M  M
20  57  54  56  -2   9   0 0.00  0.0    0  5.2  9 360   M    M  10 1       M  M
21  61  54  58   0   7   0 0.09  0.0    0  2.6  7  80   M    M   9 1       M  M
22  68  50  59   1   6   0 0.07  0.0    0  3.7  8 360   M    M   6         M  M
23  73  45  59   1   6   0 0.00  0.0    0  3.5  8 170   M    M   1 12      M  M
24  81  55  68   9   0   3 0.00  0.0    0 11.6 22 200   M    M   0        28 200
25  82  61  72  13   0   7 0.00  0.0    0 12.2 21 170   M    M   1        25 160
================================================================================
SM 1512 1153       301  16  2.43     0.0 130.9          M      168
================================================================================
AV 60.5 46.1                               5.2 FASTST   M    M   7    MAX(MPH)
                                 MISC ---->    22   M                 31    M
================================================================================
NOTES:
# LAST OF SEVERAL OCCURRENCES

COLUMN 17 PEAK WIND IN M.P.H.

PRELIMINARY LOCAL CLIMATOLOGICAL DATA (WS FORM: F-6) , PAGE 2

                                          STATION:  GREENVILLE
                                          MONTH:    MARCH
                                          YEAR:     2015
                                          LATITUDE:   33  4 N
                                          LONGITUDE:  96  4 W

[TEMPERATURE DATA]      [PRECIPITATION DATA]       SYMBOLS USED IN COLUMN 16

AVERAGE MONTHLY: 53.3   TOTAL FOR MONTH:   2.43    1 = FOG OR MIST
DPTR FM NORMAL:  -2.5   DPTR FM NORMAL:   -0.96    2 = FOG REDUCING VISIBILITY
HIGHEST:    82 ON 25    GRTST 24HR  0.75 ON  9- 9      TO 1/4 MILE OR LESS
LOWEST:     23 ON  6                               3 = THUNDER
                        SNOW, ICE PELLETS, HAIL    4 = ICE PELLETS
                        TOTAL MONTH:   0.0 INCH    5 = HAIL
                        GRTST 24HR     0.0         6 = FREEZING RAIN OR DRIZZLE
                        GRTST DEPTH:   0           7 = DUSTSTORM OR SANDSTORM:
                                                       VSBY 1/2 MILE OR LESS
                                                   8 = SMOKE OR HAZE
[NO. OF DAYS WITH]      [WEATHER - DAYS WITH]      9 = BLOWING SNOW
                                                   X = TORNADO
MAX 32 OR BELOW:   0    0.01 INCH OR MORE:  13
MAX 90 OR ABOVE:   0    0.10 INCH OR MORE:   5
MIN 32 OR BELOW:   5    0.50 INCH OR MORE:   2
MIN  0 OR BELOW:   0    1.00 INCH OR MORE:   0

[HDD (BASE 65) ]
TOTAL THIS MO.   301    CLEAR  (SCALE 0-3)   8
DPTR FM NORMAL    53    PTCLDY (SCALE 4-7)   2
TOTAL FM JUL 1  2469    CLOUDY (SCALE 8-10) 15
DPTR FM NORMAL   214

[CDD (BASE 65) ]
TOTAL THIS MO.    16
DPTR FM NORMAL    -5    [PRESSURE DATA]
TOTAL FM JAN 1    16    HIGHEST SLP M ON M
DPTR FM NORMAL   -13    LOWEST  SLP M ON M

[REMARKS]
