000
CXUS54 KJAN 171200
CF6GWO
PRELIMINARY LOCAL CLIMATOLOGICAL DATA (WS FORM: F-6)

                                          STATION:   GREENWOOD
                                          MONTH:     APRIL
                                          YEAR:      2014
                                          LATITUDE:   33 30 N
                                          LONGITUDE:  90  5 W

  TEMPERATURE IN F:       :PCPN:    SNOW:  WIND      :SUNSHINE: SKY     :PK WND
================================================================================
1   2   3   4   5  6A  6B    7    8   9   10  11  12  13   14  15   16   17  18
                                     12Z  AVG MX 2MIN
DY MAX MIN AVG DEP HDD CDD  WTR  SNW DPTH SPD SPD DIR MIN PSBL S-S WX    SPD DR
================================================================================

 1  80  53  67   7   0   2 0.00  0.0    0  6.6 15 220   M    M   5        22 230
 2  79  60  70  10   0   5    T  0.0    0 11.5 21 180   M    M   3        25 170
 3  86  67  77  17   0  12 0.00  0.0    0 15.4 24 210   M    M   5        30 210
 4  73  46  60   0   5   0 0.79  0.0    0  9.4 24 300   M    M   5 18     38 290
 5  61  42  52  -9  13   0    T  0.0    0  6.5 13  60   M    M   1        17  30
 6  57  48  53  -8  12   0 2.16  0.0    0  8.1 29  80   M    M   8 1      36  80
 7  57  42  50 -11  15   0    T  0.0    0  5.3 15 270   M    M   8 1      23 250
 8  57  39  48 -13  17   0 0.28  0.0    0  4.3 14 330   M    M   5 1      23 330
 9  67  39  53  -9  12   0 0.00  0.0    0  2.8 12 280   M    M   0 1      17 250
10  78  45  62   0   3   0 0.00  0.0    0 11.0 21 220   M    M   0        26 210
11  77  53  65   3   0   0 0.00  0.0    0  9.2 21 210   M    M   0        25 200
12  80  57  69   7   0   4 0.00  0.0    0 10.8 21 170   M    M   1 1      26 200
13  81  62  72   9   0   7 0.05  0.0    0 15.9 30 180   M    M   4 1      41 160
14  67  44  56  -7   9   0 3.31    M    0  9.7 22 180   M    M  10 12     33 340
15  52  36  44 -19  21   0    T  0.0    0 11.6 22 360   M    M   3        31 360
16  66  35  51 -13  14   0 0.00  0.0    0  5.4 15  90   M    M   0        19  80
================================================================================
SM 1118  768       121  30  6.59     0.0 143.5          M       58
================================================================================
AV 69.9 48.0                               9.0 FASTST   M    M   4    MAX(MPH)
                                 MISC ---->  # 30 180               # 41  160
================================================================================
NOTES:
# LAST OF SEVERAL OCCURRENCES

COLUMN 17 PEAK WIND IN M.P.H.

PRELIMINARY LOCAL CLIMATOLOGICAL DATA (WS FORM: F-6) , PAGE 2

                                          STATION:  GREENWOOD
                                          MONTH:    APRIL
                                          YEAR:     2014
                                          LATITUDE:   33 30 N
                                          LONGITUDE:  90  5 W

[TEMPERATURE DATA]      [PRECIPITATION DATA]       SYMBOLS USED IN COLUMN 16

AVERAGE MONTHLY: 58.9   TOTAL FOR MONTH:   6.59    1 = FOG OR MIST
DPTR FM NORMAL:  -2.6   DPTR FM NORMAL:    3.83    2 = FOG REDUCING VISIBILITY
HIGHEST:    86 ON  3    GRTST 24HR  3.36 ON 13-14      TO 1/4 MILE OR LESS
LOWEST:     35 ON 16                               3 = THUNDER
                        SNOW, ICE PELLETS, HAIL    4 = ICE PELLETS
                        TOTAL MONTH:   0.0 INCH    5 = HAIL
                        GRTST 24HR     0.0         6 = FREEZING RAIN OR DRIZZLE
                        GRTST DEPTH:   0           7 = DUSTSTORM OR SANDSTORM:
                                                       VSBY 1/2 MILE OR LESS
                                                   8 = SMOKE OR HAZE
[NO. OF DAYS WITH]      [WEATHER - DAYS WITH]      9 = BLOWING SNOW
                                                   X = TORNADO
MAX 32 OR BELOW:   0    0.01 INCH OR MORE:   5
MAX 90 OR ABOVE:   0    0.10 INCH OR MORE:   4
MIN 32 OR BELOW:   0    0.50 INCH OR MORE:   3
MIN  0 OR BELOW:   0    1.00 INCH OR MORE:   2

[HDD (BASE 65) ]
TOTAL THIS MO.   121    CLEAR  (SCALE 0-3)   8
DPTR FM NORMAL    35    PTCLDY (SCALE 4-7)   7
TOTAL FM JUL 1  3213    CLOUDY (SCALE 8-10)  1
DPTR FM NORMAL   580

[CDD (BASE 65) ]
TOTAL THIS MO.    30
DPTR FM NORMAL     0    [PRESSURE DATA]
TOTAL FM JAN 1    34    HIGHEST SLP M ON M
DPTR FM NORMAL   -22    LOWEST  SLP 29.57 ON M

[REMARKS]
