000
CXUS54 KFWD 200730
CF6GYI
PRELIMINARY LOCAL CLIMATOLOGICAL DATA (WS FORM: F-6)

                                          STATION:   SHERMAN DENISON
                                          MONTH:     JANUARY
                                          YEAR:      2017
                                          LATITUDE:   33 42 N
                                          LONGITUDE:  96 40 W

  TEMPERATURE IN F:       :PCPN:    SNOW:  WIND      :SUNSHINE: SKY     :PK WND
================================================================================
1   2   3   4   5  6A  6B    7    8   9   10  11  12  13   14  15   16   17  18
                                     12Z  AVG MX 2MIN
DY MAX MIN AVG DEP HDD CDD  WTR  SNW DPTH SPD SPD DIR MIN PSBL S-S WX    SPD DR
================================================================================

 1  68  41  55  13  10   0 0.02  0.0    0  5.2 13 110   M    M   8 18      M  M
 2  71  51  61  19   4   0 0.32  0.0    0  7.8 10 280   M    M   5 13      M  M
 3  57  33  45   3  20   0 0.00  0.0    0 12.2 21 320   M    M   6 1      25 320
 4  38  28  33  -9  32   0 0.00  0.0    0  7.0 13 360   M    M   0        20 360
 5  35  25  30 -12  35   0 0.00  0.0    0 11.7 21 360   M    M   3        29 360
 6  25  11  18 -24  47   0    M    M    0 12.1 16 350   M    M   6        25 360
 7  38   7  23 -19  42   0 0.00  0.0    0  3.2  6 160   M    M   0         M  M
 8  47  21  34  -8  31   0 0.00  0.0    0 10.8 20 170   M    M   0        24 170
 9  65  36  51   9  14   0 0.00  0.0    0 18.9 27 190   M    M   0        35 200
10  76  51  64  22   1   0 0.00  0.0    0 15.2 32 190   M    M   0        41 190
11  77  54  66  24   0   1 0.00  0.0    0 19.9 31 190   M    M   0        43 200
12  70  43  57  15   8   0 0.00  0.0    0 14.4 27 190   M    M   7        35 190
13  45  38  42   0  23   0 0.24  0.0    0  9.1 12 350   M    M  10 18      M  M
14  39  37  38  -4  27   0 0.00  0.0    0  7.7 12  10   M    M  10 1       M  M
15   M   M   M   M   M   M 1.29  0.0    0  7.8 16 130   M    M  10 123    23  90
16  59  43  51   9  14   0 0.00  0.0    0  7.6 16 270   M    M   4 1      16 270
17  50  37  44   2  21   0 0.21    M    0  3.0  8  50   M    M   3         M  M
18  52  45  49   7  16   0 0.08    M    0  4.3  9 360   M    M  10 8       M  M
19  62  52  57  15   8   0 0.00  0.0    0 10.6 16 160   M    M   6 18     20 160
================================================================================
SM  974  653       353   1  2.16     0.0 188.5          M       88
================================================================================
AV 54.1 36.3                               9.9 FASTST   M    M   5    MAX(MPH)
                                 MISC ---->    32   M                 43    M
================================================================================
NOTES:
# LAST OF SEVERAL OCCURRENCES

COLUMN 17 PEAK WIND IN M.P.H.

PRELIMINARY LOCAL CLIMATOLOGICAL DATA (WS FORM: F-6) , PAGE 2

                                          STATION:  SHERMAN DENISON
                                          MONTH:    JANUARY
                                          YEAR:     2017
                                          LATITUDE:   33 42 N
                                          LONGITUDE:  96 40 W

[TEMPERATURE DATA]      [PRECIPITATION DATA]       SYMBOLS USED IN COLUMN 16

AVERAGE MONTHLY: 45.2   TOTAL FOR MONTH:   2.16    1 = FOG OR MIST
DPTR FM NORMAL:   3.2   DPTR FM NORMAL:    0.72    2 = FOG REDUCING VISIBILITY
HIGHEST:    77 ON 11    GRTST 24HR  1.29 ON 15-15      TO 1/4 MILE OR LESS
LOWEST:      7 ON  7                               3 = THUNDER
                        SNOW, ICE PELLETS, HAIL    4 = ICE PELLETS
                        TOTAL MONTH:   0.0 INCH    5 = HAIL
                        GRTST 24HR     0.0         6 = FREEZING RAIN OR DRIZZLE
                        GRTST DEPTH:   0           7 = DUSTSTORM OR SANDSTORM:
                                                       VSBY 1/2 MILE OR LESS
                                                   8 = SMOKE OR HAZE
[NO. OF DAYS WITH]      [WEATHER - DAYS WITH]      9 = BLOWING SNOW
                                                   X = TORNADO
MAX 32 OR BELOW:   1    0.01 INCH OR MORE:   6
MAX 90 OR ABOVE:   0    0.10 INCH OR MORE:   4
MIN 32 OR BELOW:   5    0.50 INCH OR MORE:   1
MIN  0 OR BELOW:   0    1.00 INCH OR MORE:   1

[HDD (BASE 65) ]
TOTAL THIS MO.   353    CLEAR  (SCALE 0-3)   8
DPTR FM NORMAL   -83    PTCLDY (SCALE 4-7)   6
TOTAL FM JUL 1  1101    CLOUDY (SCALE 8-10)  5
DPTR FM NORMAL  -478

[CDD (BASE 65) ]
TOTAL THIS MO.     1
DPTR FM NORMAL     1    [PRESSURE DATA]
TOTAL FM JAN 1     1    HIGHEST SLP M ON M
DPTR FM NORMAL     1    LOWEST  SLP M ON M

[REMARKS]
