000
CXUS54 KFWD 280730
CF6GYI
PRELIMINARY LOCAL CLIMATOLOGICAL DATA (WS FORM: F-6)

                                          STATION:   SHERMAN DENISON
                                          MONTH:     MAY
                                          YEAR:      2015
                                          LATITUDE:   33 42 N
                                          LONGITUDE:  96 40 W

  TEMPERATURE IN F:       :PCPN:    SNOW:  WIND      :SUNSHINE: SKY     :PK WND
================================================================================
1   2   3   4   5  6A  6B    7    8   9   10  11  12  13   14  15   16   17  18
                                     12Z  AVG MX 2MIN
DY MAX MIN AVG DEP HDD CDD  WTR  SNW DPTH SPD SPD DIR MIN PSBL S-S WX    SPD DR
================================================================================

 1  82  53  68   2   0   3 0.00  0.0    0  4.0  8 130   M    M   1         M  M
 2  82  59  71   4   0   6 0.00  0.0    0  9.3 12 190   M    M   1        16 190
 3  80  61  71   4   0   6 0.00  0.0    0 11.5 17 150   M    M   0        24 170
 4  83  65  74   7   0   9 0.00  0.0    0 11.6 17 140   M    M   2        21 170
 5  83  61  72   4   0   7 0.41  0.0    0 13.5 22 160   M    M   5 3      30 150
 6  82  69  76   8   0  11 0.54  0.0    0 14.2 18 140   M    M   7 3      25 150
 7  82  64  73   5   0   8 2.71  0.0    0 10.5 16 100   M    M   8 3      25 280
 8  85  66  76   8   0  11 0.09  0.0    0  9.0 17 160   M    M   7 13     23 160
 9  80  66  73   4   0   8 0.47  0.0    0  9.9 20 130   M    M   8 13     24 140
10  76  65  71   2   0   6 1.09  0.0    0 11.4 35 160   M    M   7 3      50 160
11  73  55  64  -5   1   0 0.00  0.0    0  8.8 16  10   M    M   0        23 350
12  73  55  64  -5   1   0 0.00  0.0    0  7.0 14  50   M    M   4        18  50
13  68  61  65  -5   0   0 0.45  0.0    0 10.5 16 110   M    M   9 1      23 110
14  84  66  75   5   0  10 0.00  0.0    0 12.2 20 190   M    M   6 1      25 190
15  80  66  73   3   0   8 0.05  0.0    0 10.9 20 150   M    M   5 3      27 150
16  85  70  78   8   0  13 0.00  0.0    0 14.4 22 170   M    M   7        31 160
17  82  64  73   2   0   8 0.44  0.0    0  9.8 16 190   M    M   2 3      22 190
18  88  64  76   5   0  11 0.98  0.0    0  5.6 18 110   M    M   2 138    36 110
19  83  69  76   5   0  11 0.39  0.0    0  9.2 16 130   M    M   7 13     21 140
20  79  59  69  -3   0   4 0.38  0.0    0  9.6 17  10   M    M   9 3      24  10
21  69  54  62 -10   3   0 0.45  0.0    0  8.8 17  10   M    M   7 3      27 360
22  64  57  61 -11   4   0 0.48  0.0    0  8.2 16 100   M    M  10 13     22 100
23  82  62  72   0   0   7 0.18  0.0    0 13.0 25 140   M    M   8 13     32 140
24  77  65  71  -2   0   6 3.33  0.0    0  6.1 14 160   M    M   6 3      16 190
25  79  62  71  -2   0   6 0.70  0.0    0  9.9 23 280   M    M   7 13     32 280
26  78  60  69  -4   0   4 0.00  0.0    0  7.6 13 220   M    M   7 13     18 240
27  87  61  74   0   0   9 0.00  0.0    0  2.3 10 120   M    M   2        16 180
================================================================================
SM 2146 1679         9 172 13.14     0.0 258.8          M      144
================================================================================
AV 79.5 62.2                               9.6 FASTST   M    M   5    MAX(MPH)
                                 MISC ---->  # 35 160               # 50  160
================================================================================
NOTES:
# LAST OF SEVERAL OCCURRENCES

COLUMN 17 PEAK WIND IN M.P.H.

PRELIMINARY LOCAL CLIMATOLOGICAL DATA (WS FORM: F-6) , PAGE 2

                                          STATION:  SHERMAN DENISON
                                          MONTH:    MAY
                                          YEAR:     2015
                                          LATITUDE:   33 42 N
                                          LONGITUDE:  96 40 W

[TEMPERATURE DATA]      [PRECIPITATION DATA]       SYMBOLS USED IN COLUMN 16

AVERAGE MONTHLY: 70.8   TOTAL FOR MONTH:  13.14    1 = FOG OR MIST
DPTR FM NORMAL:   0.9   DPTR FM NORMAL:    8.52    2 = FOG REDUCING VISIBILITY
HIGHEST:    88 ON 18    GRTST 24HR  3.33 ON 24-24      TO 1/4 MILE OR LESS
LOWEST:     53 ON  1                               3 = THUNDER
                        SNOW, ICE PELLETS, HAIL    4 = ICE PELLETS
                        TOTAL MONTH:   0.0 INCH    5 = HAIL
                        GRTST 24HR     0.0         6 = FREEZING RAIN OR DRIZZLE
                        GRTST DEPTH:   0           7 = DUSTSTORM OR SANDSTORM:
                                                       VSBY 1/2 MILE OR LESS
                                                   8 = SMOKE OR HAZE
[NO. OF DAYS WITH]      [WEATHER - DAYS WITH]      9 = BLOWING SNOW
                                                   X = TORNADO
MAX 32 OR BELOW:   0    0.01 INCH OR MORE:  17
MAX 90 OR ABOVE:   0    0.10 INCH OR MORE:  15
MIN 32 OR BELOW:   0    0.50 INCH OR MORE:   6
MIN  0 OR BELOW:   0    1.00 INCH OR MORE:   3

[HDD (BASE 65) ]
TOTAL THIS MO.     9    CLEAR  (SCALE 0-3)   8
DPTR FM NORMAL   -13    PTCLDY (SCALE 4-7)  16
TOTAL FM JUL 1  2684    CLOUDY (SCALE 8-10)  3
DPTR FM NORMAL  -186

[CDD (BASE 65) ]
TOTAL THIS MO.   172
DPTR FM NORMAL    16    [PRESSURE DATA]
TOTAL FM JAN 1   282    HIGHEST SLP M ON M
DPTR FM NORMAL    52    LOWEST  SLP M ON M

[REMARKS]
