000
CXUS51 KGYX 271000
CF6GYX
PRELIMINARY LOCAL CLIMATOLOGICAL DATA (WS FORM: F-6)

                                          STATION:   GRAY ME
                                          MONTH:     MARCH
                                          YEAR:      2015
                                          LATITUDE:   43 53 N
                                          LONGITUDE:  70 15 W

  TEMPERATURE IN F:       :PCPN:    SNOW:  WIND      :SUNSHINE: SKY     :PK WND
================================================================================
1   2   3   4   5  6A  6B    7    8   9   10  11  12  13   14  15   16   17  18
                                     12Z  AVG MX 2MIN
DY MAX MIN AVG DEP HDD CDD  WTR  SNW DPTH SPD SPD DIR MIN PSBL S-S WX    SPD DR
================================================================================

 1  30   5  18 -11  47   0 0.02  0.3   24   M   M   M   M    M   M         M  M
 2  33  17  25  -4  40   0    T    T   24   M   M   M   M    M   M         M  M
 3  29  10  20  -9  45   0 0.20  1.8   23   M   M   M   M    M   M         M  M
 4  45  25  35   5  30   0 0.05  0.5   25   M   M   M   M    M   M         M  M
 5  35   7  21  -9  44   0 0.00  0.0   23   M   M   M   M    M   M         M  M
 6  25   2  14 -16  51   0 0.00  0.0   22   M   M   M   M    M   M         M  M
 7  36  11  24  -6  41   0 0.00  0.0   22   M   M   M   M    M   M         M  M
 8  37  18  28  -2  37   0 0.00  0.0   22   M   M   M   M    M   M         M  M
 9  42  21  32   1  33   0 0.00  0.0   22   M   M   M   M    M   M         M  M
10  48  28  38   7  27   0 0.00  0.0   21   M   M   M   M    M   M         M  M
11  54  34  44  13  21   0 0.00  0.0   20   M   M   M   M    M   M         M  M
12  37  18  28  -4  37   0    T  0.1   19   M   M   M   M    M   M         M  M
13  37  14  26  -6  39   0 0.00  0.0   19   M   M   M   M    M   M         M  M
14  35  27  31  -1  34   0 0.46  0.1   18   M   M   M   M    M   M         M  M
15  32  23  28  -4  37   0 0.18  1.8   18   M   M   M   M    M   M         M  M
16  42  19  31  -2  34   0 0.00  0.0   18   M   M   M   M    M   M         M  M
17  40  20  30  -3  35   0    T    T   18   M   M   M   M    M   M         M  M
18  23  14  19 -14  46   0 0.00  0.0   18   M   M   M   M    M   M         M  M
19  28  12  20 -14  45   0 0.00  0.0   18   M   M   M   M    M   M         M  M
20  34  13  24 -10  41   0 0.00  0.0   18   M   M   M   M    M   M         M  M
21  34  25  30  -4  35   0 0.03  0.3   18   M   M   M   M    M   M         M  M
22  31  10  21 -14  44   0 0.00  0.0   18   M   M   M   M    M   M         M  M
23  28   7  18 -17  47   0 0.00  0.0   18   M   M   M   M    M   M         M  M
24  41  14  28  -7  37   0 0.00  0.0   18   M   M   M   M    M   M         M  M
25  43  25  34  -2  31   0 0.01  0.0   17   M   M   M   M    M   M         M  M
26  53  33  43   7  22   0 0.53  0.0   16   M   M   M   M    M   M         M  M
================================================================================
SM  952  452       980   0  1.48     4.9     M          M        M
================================================================================
AV 36.6 17.4                                 M FASTST   M    M   5    MAX(MPH)
                                 MISC ---->     M   M                  M    M
================================================================================
NOTES:
# LAST OF SEVERAL OCCURRENCES

COLUMN 17 PEAK WIND IN M.P.H.

PRELIMINARY LOCAL CLIMATOLOGICAL DATA (WS FORM: F-6) , PAGE 2

                                          STATION:  GRAY ME
                                          MONTH:    MARCH
                                          YEAR:     2015
                                          LATITUDE:   43 53 N
                                          LONGITUDE:  70 15 W

[TEMPERATURE DATA]      [PRECIPITATION DATA]       SYMBOLS USED IN COLUMN 16

AVERAGE MONTHLY: 27.0   TOTAL FOR MONTH:   1.48    1 = FOG OR MIST
DPTR FM NORMAL:  -5.2   DPTR FM NORMAL:   -2.02    2 = FOG REDUCING VISIBILITY
HIGHEST:    54 ON 11    GRTST 24HR  0.53 ON 26-26      TO 1/4 MILE OR LESS
LOWEST:      2 ON  6                               3 = THUNDER
                        SNOW, ICE PELLETS, HAIL    4 = ICE PELLETS
                        TOTAL MONTH:   4.9 INCHES  5 = HAIL
                        GRTST 24HR   1.8 ON   M    6 = FREEZING RAIN OR DRIZZLE
                        GRTST DEPTH:  25 ON  4     7 = DUSTSTORM OR SANDSTORM:
                                                       VSBY 1/2 MILE OR LESS
                                                   8 = SMOKE OR HAZE
[NO. OF DAYS WITH]      [WEATHER - DAYS WITH]      9 = BLOWING SNOW
                                                   X = TORNADO
MAX 32 OR BELOW:   8    0.01 INCH OR MORE:   8
MAX 90 OR ABOVE:   0    0.10 INCH OR MORE:   4
MIN 32 OR BELOW:  24    0.50 INCH OR MORE:   1
MIN  0 OR BELOW:   0    1.00 INCH OR MORE:   0

[HDD (BASE 65) ]
TOTAL THIS MO.   980    CLEAR  (SCALE 0-3)   0
DPTR FM NORMAL   127    PTCLDY (SCALE 4-7)   0
TOTAL FM JUL 1  6456    CLOUDY (SCALE 8-10)  0
DPTR FM NORMAL   445

[CDD (BASE 65) ]
TOTAL THIS MO.     0
DPTR FM NORMAL     0    [PRESSURE DATA]
TOTAL FM JAN 1     0    HIGHEST SLP M ON M
DPTR FM NORMAL     0    LOWEST  SLP M ON M

[REMARKS]
