000
CXUS51 KGYX 250900
CF6GYX
PRELIMINARY LOCAL CLIMATOLOGICAL DATA (WS FORM: F-6)

                                          STATION:   GRAY ME
                                          MONTH:     MAY
                                          YEAR:      2016
                                          LATITUDE:   43 53 N
                                          LONGITUDE:  70 15 W

  TEMPERATURE IN F:       :PCPN:    SNOW:  WIND      :SUNSHINE: SKY     :PK WND
================================================================================
1   2   3   4   5  6A  6B    7    8   9   10  11  12  13   14  15   16   17  18
                                     12Z  AVG MX 2MIN
DY MAX MIN AVG DEP HDD CDD  WTR  SNW DPTH SPD SPD DIR MIN PSBL S-S WX    SPD DR
================================================================================

 1  53  38  46  -4  19   0 0.01  0.0    0   M   M   M   M    M   M         M  M
 2  44  40  42  -9  23   0 0.85  0.0    0   M   M   M   M    M   M         M  M
 3  52  39  46  -5  19   0 0.00  0.0    0   M   M   M   M    M   M         M  M
 4  50  40  45  -6  20   0 0.36  0.0    0   M   M   M   M    M   M         M  M
 5  46  41  44  -8  21   0 0.16  0.0    0   M   M   M   M    M   M         M  M
 6  65  43  54   2  11   0 0.04  0.0    0   M   M   M   M    M   M         M  M
 7  53  44  49  -3  16   0    T  0.0    0   M   M   M   M    M   M         M  M
 8  52  38  45  -8  20   0 0.03  0.0    0   M   M   M   M    M   M         M  M
 9  55  35  45  -8  20   0 0.00  0.0    0   M   M   M   M    M   M         M  M
10  73  41  57   4   8   0 0.00  0.0    0   M   M   M   M    M   M         M  M
11  74  46  60   6   5   0 0.00  0.0    0   M   M   M   M    M   M         M  M
12  75  50  63   9   2   0 0.00  0.0    0   M   M   M   M    M   M         M  M
13  66  45  56   2   9   0 0.14  0.0    0   M   M   M   M    M   M         M  M
14  77  59  68  14   0   3 0.12  0.0    0   M   M   M   M    M   M         M  M
15  56  41  49  -6  16   0 0.03  0.0    0   M   M   M   M    M   M         M  M
16  50  37  44 -11  21   0 0.00  0.0    0   M   M   M   M    M   M         M  M
17  68  39  54  -1  11   0 0.00  0.0    0   M   M   M   M    M   M         M  M
18  66  45  56   0   9   0    T  0.0    0   M   M   M   M    M   M         M  M
19  69  45  57   1   8   0    T  0.0    0   M   M   M   M    M   M         M  M
20  77  48  63   7   2   0 0.00  0.0    0   M   M   M   M    M   M         M  M
21  79  54  67  11   0   2 0.00  0.0    0   M   M   M   M    M   M         M  M
22  70  50  60   3   5   0 0.00  0.0    0   M   M   M   M    M   M         M  M
23  79  50  65   8   0   0 0.00  0.0    0   M   M   M   M    M   M         M  M
24  59  53  56  -1   9   0 0.13  0.0    0   M   M   M   M    M   M         M  M
================================================================================
SM 1508 1061       274   5  1.87     0.0     M          M        M
================================================================================
AV 62.8 44.2                                 M FASTST   M    M   6    MAX(MPH)
                                 MISC ---->     M   M                  M    M
================================================================================
NOTES:
# LAST OF SEVERAL OCCURRENCES

COLUMN 17 PEAK WIND IN M.P.H.

PRELIMINARY LOCAL CLIMATOLOGICAL DATA (WS FORM: F-6) , PAGE 2

                                          STATION:  GRAY ME
                                          MONTH:    MAY
                                          YEAR:     2016
                                          LATITUDE:   43 53 N
                                          LONGITUDE:  70 15 W

[TEMPERATURE DATA]      [PRECIPITATION DATA]       SYMBOLS USED IN COLUMN 16

AVERAGE MONTHLY: 53.5   TOTAL FOR MONTH:   1.87    1 = FOG OR MIST
DPTR FM NORMAL:  -0.4   DPTR FM NORMAL:   -1.10    2 = FOG REDUCING VISIBILITY
HIGHEST:    79 ON 23,21 GRTST 24HR  0.85 ON  2- 2      TO 1/4 MILE OR LESS
LOWEST:     35 ON  9                               3 = THUNDER
                        SNOW, ICE PELLETS, HAIL    4 = ICE PELLETS
                        TOTAL MONTH:   0.0 INCH    5 = HAIL
                        GRTST 24HR     0.0         6 = FREEZING RAIN OR DRIZZLE
                        GRTST DEPTH:   0           7 = DUSTSTORM OR SANDSTORM:
                                                       VSBY 1/2 MILE OR LESS
                                                   8 = SMOKE OR HAZE
[NO. OF DAYS WITH]      [WEATHER - DAYS WITH]      9 = BLOWING SNOW
                                                   X = TORNADO
MAX 32 OR BELOW:   0    0.01 INCH OR MORE:  10
MAX 90 OR ABOVE:   0    0.10 INCH OR MORE:   6
MIN 32 OR BELOW:   0    0.50 INCH OR MORE:   1
MIN  0 OR BELOW:   0    1.00 INCH OR MORE:   0

[HDD (BASE 65) ]
TOTAL THIS MO.   274    CLEAR  (SCALE 0-3)   0
DPTR FM NORMAL     2    PTCLDY (SCALE 4-7)   0
TOTAL FM JUL 1  6357    CLOUDY (SCALE 8-10)  0
DPTR FM NORMAL  -690

[CDD (BASE 65) ]
TOTAL THIS MO.     5
DPTR FM NORMAL     5    [PRESSURE DATA]
TOTAL FM JAN 1     5    HIGHEST SLP M ON M
DPTR FM NORMAL     4    LOWEST  SLP M ON M

[REMARKS]
