000
CXUS51 KGYX 231000
CF6GYX
PRELIMINARY LOCAL CLIMATOLOGICAL DATA (WS FORM: F-6)

                                          STATION:   GRAY ME
                                          MONTH:     FEBRUARY
                                          YEAR:      2018
                                          LATITUDE:   43 53 N
                                          LONGITUDE:  70 15 W

  TEMPERATURE IN F:       :PCPN:    SNOW:  WIND      :SUNSHINE: SKY     :PK WND
================================================================================
1   2   3   4   5  6A  6B    7    8   9   10  11  12  13   14  15   16   17  18
                                     12Z  AVG MX 2MIN
DY MAX MIN AVG DEP HDD CDD  WTR  SNW DPTH SPD SPD DIR MIN PSBL S-S WX    SPD DR
================================================================================

 1  32  23  28   7  37   0 0.08  0.9    7   M   M   M   M    M   M         M  M
 2  32   1  17  -5  48   0 0.10  1.1    9   M   M   M   M    M   M         M  M
 3  20  -4   8 -14  57   0 0.00  0.0    9   M   M   M   M    M   M         M  M
 4  40  16  28   6  37   0 0.56  1.1    9   M   M   M   M    M   M         M  M
 5  39  15  27   5  38   0 0.30  0.0    9   M   M   M   M    M   M         M  M
 6  29  13  21  -1  44   0 0.00  0.0    7   M   M   M   M    M   M         M  M
 7  20  14  17  -6  48   0 0.83  6.8    7   M   M   M   M    M   M         M  M
 8  25  13  19  -4  46   0 0.00  0.0   13   M   M   M   M    M   M         M  M
 9  27   8  18  -5  47   0 0.01  0.3   13   M   M   M   M    M   M         M  M
10  39  20  30   7  35   0 0.17  1.1   13   M   M   M   M    M   M         M  M
11  34  31  33   9  32   0 0.35  0.0   12   M   M   M   M    M   M         M  M
12  36  21  29   5  36   0 0.00  0.0   11   M   M   M   M    M   M         M  M
13  28  13  21  -3  44   0 0.00  0.0   10   M   M   M   M    M   M         M  M
14  44  23  34  10  31   0 0.00  0.0   10   M   M   M   M    M   M         M  M
15  44  26  35  10  30   0 0.00  0.0   10   M   M   M   M    M   M         M  M
16  46  25  36  11  29   0    T  0.0   10   M   M   M   M    M   M         M  M
17  33  16  25   0  40   0 0.13  1.9    9   M   M   M   M    M   M         M  M
18  39  26  33   7  32   0 0.35  8.0   19   M   M   M   M    M   M         M  M
19  44  24  34   8  31   0    T  0.0   18   M   M   M   M    M   M         M  M
20  41  36  39  13  26   0 0.02  0.0   14   M   M   M   M    M   M 2       M  M
21  54  42  48  22  17   0 0.00  0.0   11   M   M   M   M    M   M         M  M
22  42  29  36   9  29   0 0.00  0.0    7   M   M   M   M    M   M         M  M
================================================================================
SM  788  431       814   0  2.90    21.2     M          M        M
================================================================================
AV 35.8 19.6                                 M FASTST   M    M   6    MAX(MPH)
                                 MISC ---->     M   M                  M    M
================================================================================
NOTES:
# LAST OF SEVERAL OCCURRENCES

COLUMN 17 PEAK WIND IN M.P.H.

PRELIMINARY LOCAL CLIMATOLOGICAL DATA (WS FORM: F-6) , PAGE 2

                                          STATION:  GRAY ME
                                          MONTH:    FEBRUARY
                                          YEAR:     2018
                                          LATITUDE:   43 53 N
                                          LONGITUDE:  70 15 W

[TEMPERATURE DATA]      [PRECIPITATION DATA]       SYMBOLS USED IN COLUMN 16

AVERAGE MONTHLY: 27.7   TOTAL FOR MONTH:   2.90    1 = FOG OR MIST
DPTR FM NORMAL:   3.8   DPTR FM NORMAL:    0.39    2 = FOG REDUCING VISIBILITY
HIGHEST:    54 ON 21    GRTST 24HR  0.83 ON  7- 7      TO 1/4 MILE OR LESS
LOWEST:     -4 ON  3                               3 = THUNDER
                        SNOW, ICE PELLETS, HAIL    4 = ICE PELLETS
                        TOTAL MONTH:  21.2 INCHES  5 = HAIL
                        GRTST 24HR   8.0 ON 18-18  6 = FREEZING RAIN OR DRIZZLE
                        GRTST DEPTH:  19 ON 18     7 = DUSTSTORM OR SANDSTORM:
                                                       VSBY 1/2 MILE OR LESS
                                                   8 = SMOKE OR HAZE
[NO. OF DAYS WITH]      [WEATHER - DAYS WITH]      9 = BLOWING SNOW
                                                   X = TORNADO
MAX 32 OR BELOW:   8    0.01 INCH OR MORE:  11
MAX 90 OR ABOVE:   0    0.10 INCH OR MORE:   8
MIN 32 OR BELOW:  20    0.50 INCH OR MORE:   2
MIN  0 OR BELOW:   1    1.00 INCH OR MORE:   0

[HDD (BASE 65) ]
TOTAL THIS MO.   814    CLEAR  (SCALE 0-3)   0
DPTR FM NORMAL   -91    PTCLDY (SCALE 4-7)   0
TOTAL FM JUL 1  4723    CLOUDY (SCALE 8-10)  0
DPTR FM NORMAL  -212

[CDD (BASE 65) ]
TOTAL THIS MO.     0
DPTR FM NORMAL     0    [PRESSURE DATA]
TOTAL FM JAN 1     0    HIGHEST SLP M ON M
DPTR FM NORMAL     0    LOWEST  SLP M ON M

[REMARKS]
