000
CXUS54 KJAN 211200
CF6HBG
PRELIMINARY LOCAL CLIMATOLOGICAL DATA (WS FORM: F-6)

                                          STATION:   HATTIESBURG
                                          MONTH:     OCTOBER
                                          YEAR:      2017
                                          LATITUDE:   31 16 N
                                          LONGITUDE:  89 15 W

  TEMPERATURE IN F:       :PCPN:    SNOW:  WIND      :SUNSHINE: SKY     :PK WND
================================================================================
1   2   3   4   5  6A  6B    7    8   9   10  11  12  13   14  15   16   17  18
                                     12Z  AVG MX 2MIN
DY MAX MIN AVG DEP HDD CDD  WTR  SNW DPTH SPD SPD DIR MIN PSBL S-S WX    SPD DR
================================================================================

 1  86  66  76   4   0  11 0.00  0.0    0  9.2 18  70   M    M   7        26 110
 2  79  66  73   1   0   8    T  0.0    0  6.7 13  90   M    M  10 1      17 100
 3  87  66  77   6   0  12 0.00  0.0    0  6.1 17 130   M    M   2        23 120
 4  85  64  75   4   0  10 0.00  0.0    0  5.0 15 100   M    M   1        20  60
 5  86  60  73   2   0   8 0.00  0.0    0  3.7 13  70   M    M   1 1      19  60
 6  88  61  75   5   0  10 0.00  0.0    0  4.5 14 120   M    M   2        19  70
 7  88  69  79   9   0  14 0.70  0.0    0  6.5 23 120   M    M   3 13     29 110
 8  87  74  81  11   0  16 0.04  0.0    0  6.8 20  10   M    M   6 1      29  10
 9  82  72  77   8   0  12 0.05  0.0    0  3.5 10 120   M    M   8 123    14  90
10  88  75  82  13   0  17 0.01  0.0    0  4.8 13 210   M    M   3 1      16 290
11  87  72  80  11   0  15 0.00  0.0    0  3.1  9  10   M    M   4 12     13  10
12  87  66  77   9   0  12 0.00  0.0    0  3.0 10 360   M    M   0        15 350
13  89  62  76   8   0  11 0.00  0.0    0  1.9 10 150   M    M   1        16  60
14  88  67  78  10   0  13 0.00  0.0    0  3.4 14 130   M    M   2 1      17 140
15  82  72  77  10   0  12 0.34  0.0    0  2.7 13 340   M    M   5 13     17 340
16  74  55  65  -2   0   0    T  0.0    0  9.9 18  20   M    M   3        24  20
17  77  49  63  -4   2   0 0.00  0.0    0  4.0 13  30   M    M   0        16  50
18  77  47  62  -4   3   0 0.00  0.0    0  2.0  9  80   M    M   0        12  80
19  82  49  66   0   0   1 0.00  0.0    0  2.0  9 100   M    M   1        13  60
20  81  54  68   2   0   3 0.00  0.0    0  2.7 10 130   M    M   1        15 120
================================================================================
SM 1680 1266         5 185  1.14     0.0  91.5          M       60
================================================================================
AV 84.0 63.3                               4.6 FASTST   M    M   3    MAX(MPH)
                                 MISC ---->  # 23 120               # 29  110
================================================================================
NOTES:
# LAST OF SEVERAL OCCURRENCES

COLUMN 17 PEAK WIND IN M.P.H.

PRELIMINARY LOCAL CLIMATOLOGICAL DATA (WS FORM: F-6) , PAGE 2

                                          STATION:  HATTIESBURG
                                          MONTH:    OCTOBER
                                          YEAR:     2017
                                          LATITUDE:   31 16 N
                                          LONGITUDE:  89 15 W

[TEMPERATURE DATA]      [PRECIPITATION DATA]       SYMBOLS USED IN COLUMN 16

AVERAGE MONTHLY: 73.7   TOTAL FOR MONTH:   1.14    1 = FOG OR MIST
DPTR FM NORMAL:   4.8   DPTR FM NORMAL:   -1.33    2 = FOG REDUCING VISIBILITY
HIGHEST:    89 ON 13    GRTST 24HR  0.70 ON  7- 7      TO 1/4 MILE OR LESS
LOWEST:     47 ON 18                               3 = THUNDER
                        SNOW, ICE PELLETS, HAIL    4 = ICE PELLETS
                        TOTAL MONTH:   0.0 INCH    5 = HAIL
                        GRTST 24HR     0.0         6 = FREEZING RAIN OR DRIZZLE
                        GRTST DEPTH:   0           7 = DUSTSTORM OR SANDSTORM:
                                                       VSBY 1/2 MILE OR LESS
                                                   8 = SMOKE OR HAZE
[NO. OF DAYS WITH]      [WEATHER - DAYS WITH]      9 = BLOWING SNOW
                                                   X = TORNADO
MAX 32 OR BELOW:   0    0.01 INCH OR MORE:   5
MAX 90 OR ABOVE:   0    0.10 INCH OR MORE:   2
MIN 32 OR BELOW:   0    0.50 INCH OR MORE:   1
MIN  0 OR BELOW:   0    1.00 INCH OR MORE:   0

[HDD (BASE 65) ]
TOTAL THIS MO.     5    CLEAR  (SCALE 0-3)  11
DPTR FM NORMAL   -25    PTCLDY (SCALE 4-7)   7
TOTAL FM JUL 1     5    CLOUDY (SCALE 8-10)  2
DPTR FM NORMAL   -27

[CDD (BASE 65) ]
TOTAL THIS MO.   185
DPTR FM NORMAL    81    [PRESSURE DATA]
TOTAL FM JAN 1  2484    HIGHEST SLP M ON M
DPTR FM NORMAL   153    LOWEST  SLP 29.58 ON  8

[REMARKS]
