000
CXUS54 KJAN 280800
CF6HBG
PRELIMINARY LOCAL CLIMATOLOGICAL DATA (WS FORM: F-6)

                                          STATION:   HATTIESBURG
                                          MONTH:     JULY
                                          YEAR:      2015
                                          LATITUDE:   31 16 N
                                          LONGITUDE:  89 15 W

  TEMPERATURE IN F:       :PCPN:    SNOW:  WIND      :SUNSHINE: SKY     :PK WND
================================================================================
1   2   3   4   5  6A  6B    7    8   9   10  11  12  13   14  15   16   17  18
                                     12Z  AVG MX 2MIN
DY MAX MIN AVG DEP HDD CDD  WTR  SNW DPTH SPD SPD DIR MIN PSBL S-S WX    SPD DR
================================================================================

 1  92  70  81   0   0  16 0.83  0.0    0  4.6 28 230   M    M   2 13     38 250
 2  91  70  81   0   0  16 0.00  0.0    0  6.0 15 230   M    M   2        31 220
 3  91  76  84   3   0  19    T  0.0    0  4.7 15 250   M    M   2        23 240
 4  92  73  83   2   0  18 0.30  0.0    0  6.0 36 270   M    M   2 13     50 270
 5  87  68  78  -3   0  13 1.83  0.0    0  3.9 29 350   M    M   4 13     43  10
 6  91  68  80  -2   0  15 0.00  0.0    0  3.6 10 250   M    M   1        26 320
 7  94  77  86   4   0  21 0.00  0.0    0  6.5 21 270   M    M   2 3      31 200
 8  94  72  83   1   0  18 0.00  0.0    0  4.5 13 170   M    M   1 1      19 150
 9  95  73  84   2   0  19    T  0.0    0  2.7 20 110   M    M   3 3      25 120
10  93  73  83   1   0  18    T  0.0    0  2.9 21 130   M    M   2        23 140
11  96  74  85   3   0  20 0.19  0.0    0  2.6 13  20   M    M   1        15  20
12  95  76  86   4   0  21 0.00  0.0    0  3.0 13 320   M    M   2        23 290
13  96  75  86   4   0  21 0.00  0.0    0  2.3 10 280   M    M   1         M  M
14  95  77  86   4   0  21 0.00  0.0    0  4.4 14 220   M    M   1         M  M
15  95  76  86   4   0  21 0.00  0.0    0  6.1 15 250   M    M   1        26 240
16  95  77  86   4   0  21 0.00  0.0    0  4.4 13 280   M    M   1        17 270
17  98  77  88   6   0  23 0.00  0.0    0  4.0 23 150   M    M   2 38     27 140
18  99  74  87   5   0  22 0.00  0.0    0  2.7 10 360   M    M   1 3       M  M
19  98  76  87   5   0  22 0.00  0.0    0  3.1 14  50   M    M   0        20 250
20  99  75  87   5   0  22 1.63  0.0    0  2.6 16 130   M    M   1 13     27 120
21  97  77  87   5   0  22 0.06  0.0    0  5.8 16 310   M    M   1 3      22 300
22  95  78  87   5   0  22 0.00  0.0    0  4.5 12 250   M    M   1        21 200
23  96  79  88   6   0  23 0.00  0.0    0  5.8 15 290   M    M   1        24 250
24  96  77  87   5   0  22 0.20  0.0    0  5.5 21  70   M    M   2 3      28  70
25  96  75  86   4   0  21 0.16  0.0    0  4.7 22 320   M    M   2 13     29 320
26  97  73  85   3   0  20 0.26  0.0    0  2.8 18  50   M    M   1 13     34  90
27  95  72  84   2   0  19 0.00  0.0    0  2.1  9 100   M    M   1 12     13 130
================================================================================
SM 2558 2008         0 536  5.46     0.0 111.8          M       41
================================================================================
AV 94.7 74.4                               4.1 FASTST   M    M   2    MAX(MPH)
                                 MISC ---->  # 36 270               # 50  270
================================================================================
NOTES:
# LAST OF SEVERAL OCCURRENCES

COLUMN 17 PEAK WIND IN M.P.H.

PRELIMINARY LOCAL CLIMATOLOGICAL DATA (WS FORM: F-6) , PAGE 2

                                          STATION:  HATTIESBURG
                                          MONTH:    JULY
                                          YEAR:     2015
                                          LATITUDE:   31 16 N
                                          LONGITUDE:  89 15 W

[TEMPERATURE DATA]      [PRECIPITATION DATA]       SYMBOLS USED IN COLUMN 16

AVERAGE MONTHLY: 84.6   TOTAL FOR MONTH:   5.46    1 = FOG OR MIST
DPTR FM NORMAL:   2.7   DPTR FM NORMAL:    0.68    2 = FOG REDUCING VISIBILITY
HIGHEST:    99 ON 20,18 GRTST 24HR  1.91 ON  4- 5      TO 1/4 MILE OR LESS
LOWEST:     68 ON  6, 5                            3 = THUNDER
                        SNOW, ICE PELLETS, HAIL    4 = ICE PELLETS
                        TOTAL MONTH:   0.0 INCH    5 = HAIL
                        GRTST 24HR     0.0         6 = FREEZING RAIN OR DRIZZLE
                        GRTST DEPTH:   0           7 = DUSTSTORM OR SANDSTORM:
                                                       VSBY 1/2 MILE OR LESS
                                                   8 = SMOKE OR HAZE
[NO. OF DAYS WITH]      [WEATHER - DAYS WITH]      9 = BLOWING SNOW
                                                   X = TORNADO
MAX 32 OR BELOW:   0    0.01 INCH OR MORE:   9
MAX 90 OR ABOVE:  26    0.10 INCH OR MORE:   8
MIN 32 OR BELOW:   0    0.50 INCH OR MORE:   3
MIN  0 OR BELOW:   0    1.00 INCH OR MORE:   2

[HDD (BASE 65) ]
TOTAL THIS MO.     0    CLEAR  (SCALE 0-3)  26
DPTR FM NORMAL     0    PTCLDY (SCALE 4-7)   1
TOTAL FM JUL 1     0    CLOUDY (SCALE 8-10)  0
DPTR FM NORMAL     0

[CDD (BASE 65) ]
TOTAL THIS MO.   536
DPTR FM NORMAL    82    [PRESSURE DATA]
TOTAL FM JAN 1  1592    HIGHEST SLP M ON M
DPTR FM NORMAL   300    LOWEST  SLP 29.80 ON 14

[REMARKS]
