000
CXUS54 KOUN 310800
CF6HBR
PRELIMINARY LOCAL CLIMATOLOGICAL DATA (WS FORM: F-6)

                                          STATION:   HOBART
                                          MONTH:     JANUARY
                                          YEAR:      2015
                                          LATITUDE:   35  0 N
                                          LONGITUDE:  99  3 W

  TEMPERATURE IN F:       :PCPN:    SNOW:  WIND      :SUNSHINE: SKY     :PK WND
================================================================================
1   2   3   4   5  6A  6B    7    8   9   10  11  12  13   14  15   16   17  18
                                     12Z  AVG MX 2MIN
DY MAX MIN AVG DEP HDD CDD  WTR  SNW DPTH SPD SPD DIR MIN PSBL S-S WX    SPD DR
================================================================================

 1  28  20  24 -13  41   0    T    M    0  5.4 12 230   M    M  10 168    13 220
 2  34  28  31  -6  34   0 0.42    M    0  4.4 13 100   M    M  10 1      14  90
 3  40  31  36  -1  29   0 0.01    M    0  9.0 32 360   M    M   9 1      39 350
 4  33  17  25 -12  40   0 0.00  0.0    0 14.3 35 350   M    M   1        42 350
 5  41  18  30  -7  35   0 0.00  0.0    0 15.6 32 200   M    M   0        37 200
 6  46  27  37   0  28   0 0.00  0.0    0 10.6 24  60   M    M   0        27  60
 7  28  14  21 -16  44   0 0.00  0.0    0 19.6 39  30   M    M   2        48  30
 8  39  14  27 -10  38   0 0.00  0.0    0 14.9 36 200   M    M   0        41 200
 9  35  20  28  -9  37   0 0.00  0.0    0 12.2 30  40   M    M   1        38  30
10  40  19  30  -8  35   0 0.00  0.0    0 15.3 26 190   M    M   6        33 190
11  37  29  33  -5  32   0 0.00  0.0    0 12.7 21 200   M    M   9 1      25 190
12  36  27  32  -6  33   0 0.00  0.0    0 17.7 29  20   M    M   8 18     35  20
13  33  23  28 -10  37   0 0.00  0.0    0  8.7 20  50   M    M  10        24  40
14  36  29  33  -5  32   0    T    T    0  2.6  8  30   M    M  10         9  30
15  59  26  43   5  22   0 0.00  0.0    0  7.5 15 350   M    M   1        19 340
16  63  23  43   5  22   0 0.00  0.0    0 12.4 23 200   M    M   0        27 230
17  66  27  47   9  18   0 0.00  0.0    0 17.3 40  10   M    M   0        49 360
18  74  26  50  12  15   0 0.00  0.0    0 14.9 31 230   M    M   0        37 230
19  72  30  51  13  14   0 0.00  0.0    0  4.1 10 180   M    M   0        19  10
20  59  36  48  10  17   0 0.00  0.0    0 14.6 30  50   M    M   0        36  50
21  52  32  42   4  23   0 0.16    M    0 13.7 28  40   M    M   5 1      32  40
22  40  32  36  -2  29   0 0.17    M    0 11.8 20  20   M    M  10 1      24  40
23  49  26  38   0  27   0 0.00  0.0    0  9.6 21 260   M    M   3 1      26 290
24  60  29  45   7  20   0 0.00  0.0    0 11.0 17 240   M    M   0        21 280
25  62  32  47   8  18   0 0.00  0.0    0 15.3 36 340   M    M   0        42 350
26  78  30  54  15  11   0 0.00  0.0    0  9.3 23 320   M    M   0        26 320
27  75  35  55  16  10   0 0.00  0.0    0  9.1 16 210   M    M   0        19 210
28  80  41  61  22   4   0 0.00  0.0    0 13.2 23 270   M    M   0        27 270
29  58  38  48   9  17   0 0.00  0.0    0 15.9 31  20   M    M   1        37  20
30  47  34  41   2  24   0 0.00  0.0    0  5.8 13 100   M    M   5        16  80
================================================================================
SM 1500  813       786   0  0.76    T    348.5          M      101
================================================================================
AV 50.0 27.1                              11.6 FASTST   M    M   3    MAX(MPH)
                                 MISC ---->  # 40  10               # 49  360
================================================================================
NOTES:
# LAST OF SEVERAL OCCURRENCES

COLUMN 17 PEAK WIND IN M.P.H.

PRELIMINARY LOCAL CLIMATOLOGICAL DATA (WS FORM: F-6) , PAGE 2

                                          STATION:  HOBART
                                          MONTH:    JANUARY
                                          YEAR:     2015
                                          LATITUDE:   35  0 N
                                          LONGITUDE:  99  3 W

[TEMPERATURE DATA]      [PRECIPITATION DATA]       SYMBOLS USED IN COLUMN 16

AVERAGE MONTHLY: 38.5   TOTAL FOR MONTH:   0.76    1 = FOG OR MIST
DPTR FM NORMAL:   0.6   DPTR FM NORMAL:   -0.06    2 = FOG REDUCING VISIBILITY
HIGHEST:    80 ON 28    GRTST 24HR  0.43 ON  2- 3      TO 1/4 MILE OR LESS
LOWEST:     14 ON  8, 7                            3 = THUNDER
                        SNOW, ICE PELLETS, HAIL    4 = ICE PELLETS
                        TOTAL MONTH:    T          5 = HAIL
                        GRTST 24HR    T  ON 14-14  6 = FREEZING RAIN OR DRIZZLE
                        GRTST DEPTH:   0           7 = DUSTSTORM OR SANDSTORM:
                                                       VSBY 1/2 MILE OR LESS
                                                   8 = SMOKE OR HAZE
[NO. OF DAYS WITH]      [WEATHER - DAYS WITH]      9 = BLOWING SNOW
                                                   X = TORNADO
MAX 32 OR BELOW:   2    0.01 INCH OR MORE:   4
MAX 90 OR ABOVE:   0    0.10 INCH OR MORE:   3
MIN 32 OR BELOW:  25    0.50 INCH OR MORE:   0
MIN  0 OR BELOW:   0    1.00 INCH OR MORE:   0

[HDD (BASE 65) ]
TOTAL THIS MO.   786    CLEAR  (SCALE 0-3)  19
DPTR FM NORMAL   -27    PTCLDY (SCALE 4-7)   4
TOTAL FM JUL 1  2156    CLOUDY (SCALE 8-10)  7
DPTR FM NORMAL  -126

[CDD (BASE 65) ]
TOTAL THIS MO.     0
DPTR FM NORMAL     0    [PRESSURE DATA]
TOTAL FM JAN 1     0    HIGHEST SLP M ON M
DPTR FM NORMAL     0    LOWEST  SLP 29.79 ON  3

[REMARKS]
