000
CXUS54 KEWX 240910
CF6HDO
PRELIMINARY LOCAL CLIMATOLOGICAL DATA (WS FORM: F-6)

                                          STATION:   HONDO
                                          MONTH:     OCTOBER
                                          YEAR:      2014
                                          LATITUDE:   29 21 N
                                          LONGITUDE:  99 10 W

  TEMPERATURE IN F:       :PCPN:    SNOW:  WIND      :SUNSHINE: SKY     :PK WND
================================================================================
1   2   3   4   5  6A  6B    7    8   9   10  11  12  13   14  15   16   17  18
                                     12Z  AVG MX 2MIN
DY MAX MIN AVG DEP HDD CDD  WTR  SNW DPTH SPD SPD DIR MIN PSBL S-S WX    SPD DR
================================================================================

 1  95  73  84   9   0  19 0.00    M    M  9.2 16 180   M    M   5        20 180
 2  95  77  86  12   0  21 0.00    M    M 10.3 20 190   M    M   6        24 360
 3  92  60  76   2   0  11 0.00    M    M  9.0 20  40   M    M   1        26  80
 4  85  53  69  -5   0   4 0.00    M    M  8.9 15 150   M    M   0        23 170
 5  90  57  74   0   0   9 0.00    M    M  9.9 20 180   M    M   3 12     26 180
 6  93  72  83  10   0  18 0.00    M    M  7.3 15 100   M    M   5        19  90
 7  93  72  83  10   0  18 0.00    M    M  7.8 15 160   M    M   4        20 150
 8  91  73  82   9   0  17 0.00    M    M 11.7 21 150   M    M   5        28 150
 9  92  73  83  10   0  18 0.00    M    M 14.5 23 160   M    M   6        29 160
10  93  72  83  11   0  18 0.00    M    M 13.7 22 180   M    M   6        28 160
11  76  62  69  -3   0   4 0.09    M    M 11.9 24 360   M    M   9 13     31 360
12  80  60  70  -2   0   5 0.03    M    M  6.2 13 140   M    M   9 1      18 140
13  81  51  66  -6   0   1    T    M    M 12.8 29 360   M    M   2        36 340
14  84  41  63  -8   2   0 0.00    M    M  7.6 18 330   M    M   0        24 340
15  88  42  65  -6   0   0 0.00    M    M  5.5 14 240   M    M   0        20 240
16  86  42  64  -7   1   0 0.00    M    M  6.7 16 190   M    M   0        27 190
17  87  46  67  -4   0   2 0.00    M    M  7.0 13 160   M    M   0        17 220
18  88  67  78   8   0  13 0.00    M    M  7.6 15 110   M    M   6        20 140
19  84  64  74   4   0   9 0.00    M    M  9.5 20 120   M    M   2 1      26 120
20  81  62  72   2   0   7 0.00    M    M  7.9 14  70   M    M   4 1      19 140
21  82  55  69   0   0   4 0.00    M    M  7.8 14  70   M    M   2        20 120
22  82  55  69   0   0   4 0.01    M    M  7.2 17 100   M    M   4        21 110
23  81  59  70   1   0   5 0.09    M    M  4.8 16 330   M    M   6 1      18 330
================================================================================
SM 1999 1388         3 207  0.22    M    204.8          M       85
================================================================================
AV 86.9 60.3                               8.9 FASTST   M    M   4    MAX(MPH)
                                 MISC ---->  # 29 360               # 36  340
================================================================================
NOTES:
# LAST OF SEVERAL OCCURRENCES

COLUMN 17 PEAK WIND IN M.P.H.

PRELIMINARY LOCAL CLIMATOLOGICAL DATA (WS FORM: F-6) , PAGE 2

                                          STATION:  HONDO
                                          MONTH:    OCTOBER
                                          YEAR:     2014
                                          LATITUDE:   29 21 N
                                          LONGITUDE:  99 10 W

[TEMPERATURE DATA]      [PRECIPITATION DATA]       SYMBOLS USED IN COLUMN 16

AVERAGE MONTHLY: 73.6   TOTAL FOR MONTH:   0.22    1 = FOG OR MIST
DPTR FM NORMAL:   1.8   DPTR FM NORMAL:   -2.38    2 = FOG REDUCING VISIBILITY
HIGHEST:    95 ON  2, 1 GRTST 24HR  0.11 ON 11-12      TO 1/4 MILE OR LESS
LOWEST:     41 ON 14                               3 = THUNDER
                        SNOW, ICE PELLETS, HAIL    4 = ICE PELLETS
                        TOTAL MONTH:    M          5 = HAIL
                        GRTST 24HR    M  ON   M    6 = FREEZING RAIN OR DRIZZLE
                        GRTST DEPTH:  M  ON   M    7 = DUSTSTORM OR SANDSTORM:
                                                       VSBY 1/2 MILE OR LESS
                                                   8 = SMOKE OR HAZE
[NO. OF DAYS WITH]      [WEATHER - DAYS WITH]      9 = BLOWING SNOW
                                                   X = TORNADO
MAX 32 OR BELOW:   0    0.01 INCH OR MORE:   4
MAX 90 OR ABOVE:   9    0.10 INCH OR MORE:   0
MIN 32 OR BELOW:   0    0.50 INCH OR MORE:   0
MIN  0 OR BELOW:   0    1.00 INCH OR MORE:   0

[HDD (BASE 65) ]
TOTAL THIS MO.     3    CLEAR  (SCALE 0-3)   9
DPTR FM NORMAL   -12    PTCLDY (SCALE 4-7)  12
TOTAL FM JUL 1     3    CLOUDY (SCALE 8-10)  2
DPTR FM NORMAL   -14

[CDD (BASE 65) ]
TOTAL THIS MO.   207
DPTR FM NORMAL    32    [PRESSURE DATA]
TOTAL FM JAN 1  3103    HIGHEST SLP M ON M
DPTR FM NORMAL   271    LOWEST  SLP 29.69 ON 13

[REMARKS]
