000
CXUS54 KHGX 301415
CF6HGX
PRELIMINARY LOCAL CLIMATOLOGICAL DATA (WS FORM: F-6)

                                          STATION:   DICKINSON  WFO
                                          MONTH:     APRIL
                                          YEAR:      2016
                                          LATITUDE:   29 28 N
                                          LONGITUDE:  95  5 W

  TEMPERATURE IN F:       :PCPN:    SNOW:  WIND      :SUNSHINE: SKY     :PK WND
================================================================================
1   2   3   4   5  6A  6B    7    8   9   10  11  12  13   14  15   16   17  18
                                     12Z  AVG MX 2MIN
DY MAX MIN AVG DEP HDD CDD  WTR  SNW DPTH SPD SPD DIR MIN PSBL S-S WX    SPD DR
================================================================================

 1  70  52  61  -4   4   0 1.16  0.0    M   M   M   M   M    M   M 3       M  M
 2  73  50  62  -3   3   0 0.00  0.0    M   M   M   M   M    M   M         M  M
 3  72  46  59  -6   6   0 0.00  0.0    M   M   M   M   M    M   M         M  M
 4  80  52  66   1   0   1 0.00  0.0    M   M   M   M   M    M   M         M  M
 5  78  54  66   1   0   1 0.00  0.0    M   M   M   M   M    M   M         M  M
 6  78  58  68   2   0   3    T  0.0    M   M   M   M   M    M   M         M  M
 7  83  50  67   1   0   2 0.00  0.0    M   M   M   M   M    M   M         M  M
 8  78  42  60  -6   5   0 0.00    M    M   M   M   M   M    M   M         M  M
 9  75  59  67   1   0   2 0.00    M    M   M   M   M   M    M   M         M  M
10  77  63  70   4   0   5 0.00    M    M   M   M   M   M    M   M         M  M
11  77  70  74   7   0   9 0.02    M    M   M   M   M   M    M   M 3       M  M
12  77  69  73   6   0   8    T  0.0    M   M   M   M   M    M   M         M  M
13  74  63  69   2   0   4 1.58  0.0    M   M   M   M   M    M   M 3       M  M
14  78  64  71   4   0   6 0.00  0.0    M   M   M   M   M    M   M         M  M
15  76  64  70   2   0   5 0.00  0.0    M   M   M   M   M    M   M         M  M
16  76  67  72   4   0   7 0.01    M    M   M   M   M   M    M   M         M  M
17  77  72  75   7   0  10 0.04    M    M   M   M   M   M    M   M         M  M
18  74  64  69   1   0   4 4.15    M    M   M   M   M   M    M   M         M  M
19  79  68  74   6   0   9 0.00  0.0    M   M   M   M   M    M   M         M  M
20  79  68  74   5   0   9 0.88  0.0    M   M   M   M   M    M   M 3       M  M
21  75  64  70   1   0   5 1.54  0.0    M   M   M   M   M    M   M 3       M  M
22  83  63  73   4   0   8 0.00  0.0    M   M   M   M   M    M   M         M  M
23  81  59  70   1   0   5 0.00  0.0    M   M   M   M   M    M   M         M  M
24  76  61  69  -1   0   4 0.41  0.0    M   M   M   M   M    M   M 3X      M  M
25  82  69  76   6   0  11 0.32    M    M   M   M   M   M    M   M         M  M
26  82  75  79   9   0  14 0.00  0.0    M   M   M   M   M    M   M         M  M
27  81  63  72   2   0   7 0.71  0.0    M   M   M   M   M    M   M 3       M  M
28  82  70  76   5   0  11 0.01  0.0    M   M   M   M   M    M   M         M  M
29  82  75  79   8   0  14 0.02  0.0    M   M   M   M   M    M   M         M  M
================================================================================
SM 2255 1794        18 164 10.85     0.0     M          M        M
================================================================================
AV 77.8 61.9                                 M FASTST   M    M   5    MAX(MPH)
                                 MISC ---->     M   M                  M    M
================================================================================
NOTES:
# LAST OF SEVERAL OCCURRENCES

COLUMN 17 PEAK WIND IN M.P.H.

PRELIMINARY LOCAL CLIMATOLOGICAL DATA (WS FORM: F-6) , PAGE 2

                                          STATION:  DICKINSON  WFO
                                          MONTH:    APRIL
                                          YEAR:     2016
                                          LATITUDE:   29 28 N
                                          LONGITUDE:  95  5 W

[TEMPERATURE DATA]      [PRECIPITATION DATA]       SYMBOLS USED IN COLUMN 16

AVERAGE MONTHLY: 69.8   TOTAL FOR MONTH:  10.85    1 = FOG OR MIST
DPTR FM NORMAL:   2.2   DPTR FM NORMAL:    7.65    2 = FOG REDUCING VISIBILITY
HIGHEST:    83 ON 22, 7 GRTST 24HR  4.15 ON 18-18      TO 1/4 MILE OR LESS
LOWEST:     42 ON  8                               3 = THUNDER
                        SNOW, ICE PELLETS, HAIL    4 = ICE PELLETS
                        TOTAL MONTH:   0.0 INCH    5 = HAIL
                        GRTST 24HR     0.0         6 = FREEZING RAIN OR DRIZZLE
                        GRTST DEPTH:  M  ON   M    7 = DUSTSTORM OR SANDSTORM:
                                                       VSBY 1/2 MILE OR LESS
                                                   8 = SMOKE OR HAZE
[NO. OF DAYS WITH]      [WEATHER - DAYS WITH]      9 = BLOWING SNOW
                                                   X = TORNADO
MAX 32 OR BELOW:   0    0.01 INCH OR MORE:  13
MAX 90 OR ABOVE:   0    0.10 INCH OR MORE:   8
MIN 32 OR BELOW:   0    0.50 INCH OR MORE:   6
MIN  0 OR BELOW:   0    1.00 INCH OR MORE:   4

[HDD (BASE 65) ]
TOTAL THIS MO.    18    CLEAR  (SCALE 0-3)   0
DPTR FM NORMAL   -27    PTCLDY (SCALE 4-7)   0
TOTAL FM JUL 1   946    CLOUDY (SCALE 8-10)  0
DPTR FM NORMAL  -453

[CDD (BASE 65) ]
TOTAL THIS MO.   164
DPTR FM NORMAL    42    [PRESSURE DATA]
TOTAL FM JAN 1   311    HIGHEST SLP M ON M
DPTR FM NORMAL   113    LOWEST  SLP M ON M

[REMARKS]
