000
CXUS55 KLOX 281155
CF6HHR
PRELIMINARY LOCAL CLIMATOLOGICAL DATA (WS FORM: F-6)

                                          STATION:   HAWTHORNE AIRPORT CA
                                          MONTH:     AUGUST
                                          YEAR:      2015
                                          LATITUDE:   33 55 N
                                          LONGITUDE: 118 20 W

  TEMPERATURE IN F:       :PCPN:    SNOW:  WIND      :SUNSHINE: SKY     :PK WND
================================================================================
1   2   3   4   5  6A  6B    7    8   9   10  11  12  13   14  15   16   17  18
                                     12Z  AVG MX 2MIN
DY MAX MIN AVG DEP HDD CDD  WTR  SNW DPTH SPD SPD DIR MIN PSBL S-S WX    SPD DR
================================================================================

 1  78  68  73   2   0   8 0.00  0.0    0  5.5 15 260   M    M   6 1      20 260
 2  80  69  75   4   0  10 0.00  0.0    0  4.6 16 260   M    M   2        19 260
 3  80  68  74   3   0   9 0.00  0.0    0  6.1 16 260   M    M   0        21 250
 4  84  68  76   5   0  11 0.00  0.0    0  6.0 20 270   M    M   0 8      26 270
 5  83  69  76   5   0  11 0.00  0.0    0  5.8 17 260   M    M   0 8      22 260
 6  80  68  74   3   0   9 0.00  0.0    0  5.0 15 250   M    M   0 8      18 250
 7  79  68  74   3   0   9 0.00  0.0    0  6.8 16 260   M    M   6        19 250
 8  77  67  72   1   0   7 0.00  0.0    0  6.9 16 260   M    M   4 8      22 270
 9  76  65  71   0   0   6 0.00  0.0    0  5.3 16 270   M    M   3        21 260
10  76  66  71   0   0   6 0.00  0.0    0  6.2 16 260   M    M   5        22 250
11  77  65  71   0   0   6 0.00  0.0    0  5.9 17 260   M    M   3 8      22 260
12  81  65  73   2   0   8 0.00  0.0    0  5.0 17 260   M    M   0 8      22 260
13  85  69  77   5   0  12 0.00  0.0    0  5.5 18 260   M    M   0 8      23 270
14  85  70  78   6   0  13 0.00  0.0    0  5.7 17 260   M    M   0 8      20 260
15  90  71  81   9   0  16 0.00  0.0    0  5.3 16 260   M    M   0 8      21 270
16  89  69  79   7   0  14 0.00  0.0    0  5.1 16 260   M    M   0 8      19 250
17  82  70  76   4   0  11 0.00  0.0    0  5.7 15 160   M    M   4        19 130
18  81  69  75   3   0  10 0.00  0.0    0  7.0 14 260   M    M   5        17 250
19  77  68  73   1   0   8 0.00  0.0    0  6.4 15 240   M    M   5        20 260
20  79  69  74   2   0   9 0.00  0.0    0  6.5 15 250   M    M   6        22 260
21  78  68  73   1   0   8 0.00  0.0    0  5.5 14 240   M    M   6        17 260
22  78  69  74   2   0   9 0.00  0.0    0  6.1 15 250   M    M   5        21 260
23  79  68  74   2   0   9 0.00  0.0    0  4.8 16 270   M    M   3 8      21 260
24  81  69  75   3   0  10 0.00  0.0    0  4.4 15 260   M    M   2 8      19 240
25  87  72  80   8   0  15    T  0.0    0  5.0 14 260   M    M   2 8      17 260
26  88  73  81   9   0  16 0.00  0.0    0  4.5 14 250   M    M   0 8      17 260
27  89  72  81   9   0  16 0.00  0.0    0  4.2 14 270   M    M   0 8      17 270
================================================================================
SM 2199 1852         0 276    T      0.0 150.8          M       67
================================================================================
AV 81.4 68.6                               5.6 FASTST   M    M   2    MAX(MPH)
                                 MISC ---->  # 20 270               # 26  270
================================================================================
NOTES:
# LAST OF SEVERAL OCCURRENCES

COLUMN 17 PEAK WIND IN M.P.H.

PRELIMINARY LOCAL CLIMATOLOGICAL DATA (WS FORM: F-6) , PAGE 2

                                          STATION:  HAWTHORNE AIRPORT CA
                                          MONTH:    AUGUST
                                          YEAR:     2015
                                          LATITUDE:   33 55 N
                                          LONGITUDE: 118 20 W

[TEMPERATURE DATA]      [PRECIPITATION DATA]       SYMBOLS USED IN COLUMN 16

AVERAGE MONTHLY: 75.0   TOTAL FOR MONTH:      T    1 = FOG OR MIST
DPTR FM NORMAL:   3.5   DPTR FM NORMAL:   -0.04    2 = FOG REDUCING VISIBILITY
HIGHEST:    90 ON 15    GRTST 24HR    T  ON 25-25      TO 1/4 MILE OR LESS
LOWEST:     65 ON 12,11                            3 = THUNDER
                        SNOW, ICE PELLETS, HAIL    4 = ICE PELLETS
                        TOTAL MONTH:   0.0 INCH    5 = HAIL
                        GRTST 24HR     0.0         6 = FREEZING RAIN OR DRIZZLE
                        GRTST DEPTH:   0           7 = DUSTSTORM OR SANDSTORM:
                                                       VSBY 1/2 MILE OR LESS
                                                   8 = SMOKE OR HAZE
[NO. OF DAYS WITH]      [WEATHER - DAYS WITH]      9 = BLOWING SNOW
                                                   X = TORNADO
MAX 32 OR BELOW:   0    0.01 INCH OR MORE:   0
MAX 90 OR ABOVE:   1    0.10 INCH OR MORE:   0
MIN 32 OR BELOW:   0    0.50 INCH OR MORE:   0
MIN  0 OR BELOW:   0    1.00 INCH OR MORE:   0

[HDD (BASE 65) ]
TOTAL THIS MO.     0    CLEAR  (SCALE 0-3)  14
DPTR FM NORMAL     0    PTCLDY (SCALE 4-7)  13
TOTAL FM JUL 1     0    CLOUDY (SCALE 8-10)  0
DPTR FM NORMAL    -1

[CDD (BASE 65) ]
TOTAL THIS MO.   276
DPTR FM NORMAL   102    [PRESSURE DATA]
TOTAL FM JAN 1   924    HIGHEST SLP M ON M
DPTR FM NORMAL   434    LOWEST  SLP 29.75 ON 16

[REMARKS]
