000
CXUS53 KGID 300730
CF6HJH
PRELIMINARY LOCAL CLIMATOLOGICAL DATA (WS FORM: F-6)

                                          STATION:   HEBRON
                                          MONTH:     MAY
                                          YEAR:      2016
                                          LATITUDE:   40  9 N
                                          LONGITUDE:  97 35 W

  TEMPERATURE IN F:       :PCPN:    SNOW:  WIND      :SUNSHINE: SKY     :PK WND
================================================================================
1   2   3   4   5  6A  6B    7    8   9   10  11  12  13   14  15   16   17  18
                                     12Z  AVG MX 2MIN
DY MAX MIN AVG DEP HDD CDD  WTR  SNW DPTH SPD SPD DIR MIN PSBL S-S WX    SPD DR
================================================================================

 1  49  44  47 -10  18   0    T    M    M  9.5 20  10   M    M  10 1      25  10
 2  62  44  53  -4  12   0 0.00    M    M  4.5 13  10   M    M   5        16  10
 3  71  37  54  -3  11   0 0.00    M    M  2.3  9 330   M    M   1 1       M  M
 4  71  46  59   1   6   0 0.00    M    M  7.3 16 350   M    M   0        21  10
 5  80  40  60   2   5   0 0.00    M    M  2.2  8 190   M    M   0         M  M
 6  85  49  67   9   0   2 0.00    M    M  9.1 18 210   M    M   0        25 210
 7  85  57  71  12   0   6 0.00    M    M  7.5 17  70   M    M   0 38     23  70
 8  76  54  65   6   0   0 0.81    M    M 10.7 21 160   M    M   4 138    35 250
 9  76  52  64   5   1   0 0.16    M    M  9.3 20 120   M    M   6 3      33 120
10  82  48  65   5   0   0 0.00    M    M  4.9 13  10   M    M   1 1      18  10
11  71  51  61   1   4   0 0.42    M    M 13.1 29 340   M    M   3        39 340
12  71  46  59  -1   6   0 0.00    M    M  6.5 16 290   M    M   0        24 320
13  76  44  60  -1   5   0 0.00    M    M 13.1 24 350   M    M   1 3      39 350
14  60  37  49 -12  16   0 0.00    M    0  8.2 21 360   M    M   0        25 360
15  62  38  50 -11  15   0 0.09    M    M  3.4 14 200   M    M   6        23 210
16  51  47  49 -13  16   0 0.30    M    M  8.6 16  70   M    M  10 1      20  80
17  67  48  58  -4   7   0 0.00    M    M  6.5 10  40   M    M   6         M  M
18  69  43  56  -6   9   0 0.00    M    M  3.1  8 200   M    M   2 1       M  M
19  69  46  58  -5   7   0 0.00    M    M  9.3 16 170   M    M   6        22 180
20  66  53  60  -3   5   0 0.00    M    M  8.6 14 130   M    M  10        18 130
21  69  48  59  -4   6   0 0.00    M    M  9.4 18 150   M    M   6 1      21 130
22  84  61  73   9   0   8 0.00    M    M 17.0 23 180   M    M   6        32 170
23  77  65  71   7   0   6 0.08    M    M 10.8 20 170   M    M   7 3      25 170
24  83  60  72   8   0   7 0.33    M    M  8.2 22 250   M    M   3 3      28 250
25  78  60  69   4   0   4 0.46    M    M  7.0 17  90   M    M   7 3      29 330
26  81  54  68   3   0   3 2.02    M    M  7.5 21  80   M    M   4 3      31  20
27  72  55  64  -1   1   0 1.25    M    M  7.1 20 120   M    M   8 3      28 120
28  76  55  66   0   0   1 0.05    M    M  5.4 15 300   M    M   6        25 300
29  85  55  70   4   0   5 0.78    M    M  4.0 15 180   M    M   3 3      25 300
================================================================================
SM 2104 1437       150  42  6.75    M    224.1          M      121
================================================================================
AV 72.6 49.6                               7.7 FASTST   M    M   4    MAX(MPH)
                                 MISC ---->    29   M                 39    M
================================================================================
NOTES:
# LAST OF SEVERAL OCCURRENCES

COLUMN 17 PEAK WIND IN M.P.H.

PRELIMINARY LOCAL CLIMATOLOGICAL DATA (WS FORM: F-6) , PAGE 2

                                          STATION:  HEBRON
                                          MONTH:    MAY
                                          YEAR:     2016
                                          LATITUDE:   40  9 N
                                          LONGITUDE:  97 35 W

[TEMPERATURE DATA]      [PRECIPITATION DATA]       SYMBOLS USED IN COLUMN 16

AVERAGE MONTHLY: 61.1   TOTAL FOR MONTH:   6.75    1 = FOG OR MIST
DPTR FM NORMAL:  -0.3   DPTR FM NORMAL:    2.27    2 = FOG REDUCING VISIBILITY
HIGHEST:    85 ON 29, 7 GRTST 24HR  2.02 ON 26-26      TO 1/4 MILE OR LESS
LOWEST:     37 ON 14, 3                            3 = THUNDER
                        SNOW, ICE PELLETS, HAIL    4 = ICE PELLETS
                        TOTAL MONTH:    M          5 = HAIL
                        GRTST 24HR    M  ON   M    6 = FREEZING RAIN OR DRIZZLE
                        GRTST DEPTH:   0           7 = DUSTSTORM OR SANDSTORM:
                                                       VSBY 1/2 MILE OR LESS
                                                   8 = SMOKE OR HAZE
[NO. OF DAYS WITH]      [WEATHER - DAYS WITH]      9 = BLOWING SNOW
                                                   X = TORNADO
MAX 32 OR BELOW:   0    0.01 INCH OR MORE:  12
MAX 90 OR ABOVE:   0    0.10 INCH OR MORE:   9
MIN 32 OR BELOW:   0    0.50 INCH OR MORE:   4
MIN  0 OR BELOW:   0    1.00 INCH OR MORE:   2

[HDD (BASE 65) ]
TOTAL THIS MO.   150    CLEAR  (SCALE 0-3)  13
DPTR FM NORMAL    -9    PTCLDY (SCALE 4-7)  13
TOTAL FM JUL 1  4796    CLOUDY (SCALE 8-10)  3
DPTR FM NORMAL -1177

[CDD (BASE 65) ]
TOTAL THIS MO.    42
DPTR FM NORMAL    -9    [PRESSURE DATA]
TOTAL FM JAN 1    44    HIGHEST SLP M ON M
DPTR FM NORMAL   -20    LOWEST  SLP M ON M

[REMARKS]
