000
CXUS51 KPBZ 240904
CF6HLG
PRELIMINARY LOCAL CLIMATOLOGICAL DATA (WS FORM: F-6)

                                          STATION:   WHEELING
                                          MONTH:     JANUARY
                                          YEAR:      2018
                                          LATITUDE:   40 10 N
                                          LONGITUDE:  80 39 W

  TEMPERATURE IN F:       :PCPN:    SNOW:  WIND      :SUNSHINE: SKY     :PK WND
================================================================================
1   2   3   4   5  6A  6B    7    8   9   10  11  12  13   14  15   16   17  18
                                     12Z  AVG MX 2MIN
DY MAX MIN AVG DEP HDD CDD  WTR  SNW DPTH SPD SPD DIR MIN PSBL S-S WX    SPD DR
================================================================================

 1   8  -3   3 -26  62   0    T    M    0  7.9 17 250   M    M   5 18     22 250
 2  14   5  10 -19  55   0    T    M    0  9.5 18 220   M    M   6 8      24 230
 3  24   4  14 -15  51   0 0.00  0.0    0  7.9 15 180   M    M   2        19 200
 4  17   4  11 -18  54   0    T    M    0 13.8 26 300   M    M   9 18     35 300
 5  10  -2   4 -25  61   0    T    M    0 11.8 26 290   M    M   5 8      39 270
 6  12  -1   6 -23  59   0    T    M    0  9.3 18 260   M    M   3 18     25 320
 7  30  -3  14 -15  51   0 0.00  0.0    0  7.2 14 200   M    M   4        17 180
 8  35  30  33   4  32   0 0.23    M    M 13.6 23 210   M    M  10 126    32 210
 9  38  28  33   4  32   0 0.00    M    M  6.8 16 240   M    M   6        22 240
10  53  26  40  11  25   0 0.00    M    M  7.3 14 150   M    M   5 1      19 120
11  64  49  57  28   8   0 0.72    M    0 11.8 23 170   M    M   7 1      30 180
12  62  20  41  12  24   0 1.57    M    M 13.1 25 350   M    M  10 16     36 350
13  20  10  15 -14  50   0    T    M    0 11.2 26 320   M    M   8 128    36 340
14  16   0   8 -21  57   0 0.00  0.0    0  3.9  9 110   M    M   2        12 120
15  26   7  17 -12  48   0 0.03    M    0  6.8 13 190   M    M   7 18     19 180
16  26   5  16 -13  49   0 0.03    M    0  6.2 14 250   M    M   9 18     17 260
17  13   4   9 -20  56   0    T    M    0  6.9 14 220   M    M   6 18     22 200
18  27   6  17 -12  48   0 0.00  0.0    0 13.0 21 230   M    M   0        30 220
19  39  21  30   1  35   0 0.00  0.0    0 12.2 21 200   M    M   0        29 200
20  47  34  41  12  24   0 0.00  0.0    0 12.1 21 230   M    M   0        28 210
21  50  40  45  16  20   0 0.03    M    0  7.4 15 200   M    M  10 1      18 200
22  64  47  56  27   9   0 0.05    M    M  9.8 20 190   M    M   8        26 150
23  57  34  46  17  19   0 0.14    M    0 15.9 39 260   M    M   9 13     59 250
================================================================================
SM  752  365       929   0  2.80     0.0 225.4          M      131
================================================================================
AV 32.7 15.9                               9.8 FASTST   M    M   6    MAX(MPH)
                                 MISC ---->  # 39 260               # 59  250
================================================================================
NOTES:
# LAST OF SEVERAL OCCURRENCES

COLUMN 17 PEAK WIND IN M.P.H.

PRELIMINARY LOCAL CLIMATOLOGICAL DATA (WS FORM: F-6) , PAGE 2

                                          STATION:  WHEELING
                                          MONTH:    JANUARY
                                          YEAR:     2018
                                          LATITUDE:   40 10 N
                                          LONGITUDE:  80 39 W

[TEMPERATURE DATA]      [PRECIPITATION DATA]       SYMBOLS USED IN COLUMN 16

AVERAGE MONTHLY: 24.3   TOTAL FOR MONTH:   2.80    1 = FOG OR MIST
DPTR FM NORMAL:  -4.7   DPTR FM NORMAL:    0.64    2 = FOG REDUCING VISIBILITY
HIGHEST:    64 ON 22,11 GRTST 24HR  1.57 ON 12-12      TO 1/4 MILE OR LESS
LOWEST:     -3 ON  7, 1                            3 = THUNDER
                        SNOW, ICE PELLETS, HAIL    4 = ICE PELLETS
                        TOTAL MONTH:   0.0 INCH    5 = HAIL
                        GRTST 24HR     0.0         6 = FREEZING RAIN OR DRIZZLE
                        GRTST DEPTH:   0           7 = DUSTSTORM OR SANDSTORM:
                                                       VSBY 1/2 MILE OR LESS
                                                   8 = SMOKE OR HAZE
[NO. OF DAYS WITH]      [WEATHER - DAYS WITH]      9 = BLOWING SNOW
                                                   X = TORNADO
MAX 32 OR BELOW:  13    0.01 INCH OR MORE:   8
MAX 90 OR ABOVE:   0    0.10 INCH OR MORE:   4
MIN 32 OR BELOW:  18    0.50 INCH OR MORE:   2
MIN  0 OR BELOW:   5    1.00 INCH OR MORE:   1

[HDD (BASE 65) ]
TOTAL THIS MO.   929    CLEAR  (SCALE 0-3)   5
DPTR FM NORMAL   101    PTCLDY (SCALE 4-7)  12
TOTAL FM JUL 1  3012    CLOUDY (SCALE 8-10)  6
DPTR FM NORMAL    59

[CDD (BASE 65) ]
TOTAL THIS MO.     0
DPTR FM NORMAL     0    [PRESSURE DATA]
TOTAL FM JAN 1     0    HIGHEST SLP M ON M
DPTR FM NORMAL     0    LOWEST  SLP 29.55 ON 23

[REMARKS]
