000
CXUS51 KPBZ 290804
CF6HLG
PRELIMINARY LOCAL CLIMATOLOGICAL DATA (WS FORM: F-6)

                                          STATION:   WHEELING
                                          MONTH:     AUGUST
                                          YEAR:      2015
                                          LATITUDE:   40 10 N
                                          LONGITUDE:  80 39 W

  TEMPERATURE IN F:       :PCPN:    SNOW:  WIND      :SUNSHINE: SKY     :PK WND
================================================================================
1   2   3   4   5  6A  6B    7    8   9   10  11  12  13   14  15   16   17  18
                                     12Z  AVG MX 2MIN
DY MAX MIN AVG DEP HDD CDD  WTR  SNW DPTH SPD SPD DIR MIN PSBL S-S WX    SPD DR
================================================================================

 1  83  66  75   3   0  10 0.00    M    M  5.9 14 260   M    M   3        20 260
 2  87  62  75   3   0  10 0.00    M    M  7.7 17 220   M    M   4        23 260
 3  84  63  74   2   0   9 1.12    M    M  8.3 30 280   M    M   3 138    42 280
 4  82  62  72   0   0   7 0.00    M    M  4.9 15 280   M    M   1        20 290
 5  81  61  71  -1   0   6 0.00    M    M  5.7 15 300   M    M   1        18 280
 6  70  57  64  -8   1   0    T    M    M  6.4 13  50   M    M   4        16  60
 7  77  58  68  -4   0   3 0.00    M    M  6.9 10  50   M    M   3        16  90
 8  85  61  73   1   0   8 0.00    M    M  4.3 12 250   M    M   2 1      15 240
 9  85  64  75   3   0  10 0.00    M    M  3.5 10 340   M    M   3        14 330
10  84  66  75   3   0  10    T    M    M  3.7 15 230   M    M   5 18     20 230
11  82  64  73   1   0   8 0.00    M    M  8.4 20 330   M    M   6 18     25 320
12  80  59  70  -2   0   5 0.00    M    M  7.6 18 340   M    M   3        25 310
13  79  53  66  -6   0   1 0.00    M    M  3.6 13 270   M    M   1 12     15 270
14  87  57  72   0   0   7 0.00    M    M  4.3  9 290   M    M   0        12 220
15  87  62  75   3   0  10 0.00    M    M  4.6 14 230   M    M   1        20 220
16  89  62  76   5   0  11 0.00    M    M  3.3 12 290   M    M   1 18     17 210
17  90  66  78   7   0  13 0.00    M    M  3.9 10 210   M    M   2 18      M  M
18  81  68  75   4   0  10 1.88    M    M  4.1 17 210   M    M   5 13     22 210
19  88  66  77   6   0  12 0.00    M    M  6.9 16 190   M    M   3 1      20 190
20  80  64  72   1   0   7 0.39    M    M 10.2 20 260   M    M   5 1      27 270
21  78  56  67  -4   0   2 0.00    M    M  3.3 10 350   M    M   0        14  10
22  79  54  67  -4   0   2 0.00    M    M  4.5  9  60   M    M   0        11  20
23  83  55  69  -2   0   4 0.00    M    M  3.4 12 230   M    M   0        16 160
24  78  59  69  -1   0   4    T    M    M  7.3 16 250   M    M   3        20 260
25  70  55  63  -7   2   0 0.00    M    M  6.4 14 260   M    M   5        18 280
26  67  52  60 -10   5   0 0.00    M    M  4.0 12 310   M    M   7 1      18 250
27  72  56  64  -6   1   0 0.00    M    M  2.8  8 340   M    M   9 12     11 340
28  79  55  67  -3   0   2 0.00    M    M  3.2  9 100   M    M   1 128    11  90
================================================================================
SM 2267 1683         9 171  3.39    M    149.1          M       81
================================================================================
AV 81.0 60.1                               5.3 FASTST   M    M   3    MAX(MPH)
                                 MISC ---->  # 30 280               # 42  280
================================================================================
NOTES:
# LAST OF SEVERAL OCCURRENCES

COLUMN 17 PEAK WIND IN M.P.H.

PRELIMINARY LOCAL CLIMATOLOGICAL DATA (WS FORM: F-6) , PAGE 2

                                          STATION:  WHEELING
                                          MONTH:    AUGUST
                                          YEAR:     2015
                                          LATITUDE:   40 10 N
                                          LONGITUDE:  80 39 W

[TEMPERATURE DATA]      [PRECIPITATION DATA]       SYMBOLS USED IN COLUMN 16

AVERAGE MONTHLY: 70.5   TOTAL FOR MONTH:   3.39    1 = FOG OR MIST
DPTR FM NORMAL:  -0.8   DPTR FM NORMAL:    0.27    2 = FOG REDUCING VISIBILITY
HIGHEST:    90 ON 17    GRTST 24HR  1.88 ON 18-18      TO 1/4 MILE OR LESS
LOWEST:     52 ON 26                               3 = THUNDER
                        SNOW, ICE PELLETS, HAIL    4 = ICE PELLETS
                        TOTAL MONTH:    M          5 = HAIL
                        GRTST 24HR    M  ON   M    6 = FREEZING RAIN OR DRIZZLE
                        GRTST DEPTH:  M  ON   M    7 = DUSTSTORM OR SANDSTORM:
                                                       VSBY 1/2 MILE OR LESS
                                                   8 = SMOKE OR HAZE
[NO. OF DAYS WITH]      [WEATHER - DAYS WITH]      9 = BLOWING SNOW
                                                   X = TORNADO
MAX 32 OR BELOW:   0    0.01 INCH OR MORE:   3
MAX 90 OR ABOVE:   1    0.10 INCH OR MORE:   3
MIN 32 OR BELOW:   0    0.50 INCH OR MORE:   2
MIN  0 OR BELOW:   0    1.00 INCH OR MORE:   2

[HDD (BASE 65) ]
TOTAL THIS MO.     9    CLEAR  (SCALE 0-3)  15
DPTR FM NORMAL     9    PTCLDY (SCALE 4-7)  12
TOTAL FM JUL 1     9    CLOUDY (SCALE 8-10)  1
DPTR FM NORMAL     6

[CDD (BASE 65) ]
TOTAL THIS MO.   171
DPTR FM NORMAL   -11    [PRESSURE DATA]
TOTAL FM JAN 1   702    HIGHEST SLP  0.00 ON 17
DPTR FM NORMAL   111    LOWEST  SLP  0.00 ON 17

[REMARKS]
