945
CXUS56 KTFX 301205
CF6HLN
PRELIMINARY LOCAL CLIMATOLOGICAL DATA (WS FORM: F-6)

                                          STATION:   HELENA MT
                                          MONTH:     APRIL
                                          YEAR:      2016
                                          LATITUDE:   46 35 N
                                          LONGITUDE: 112  0 W

  TEMPERATURE IN F:       :PCPN:    SNOW:  WIND      :SUNSHINE: SKY     :PK WND
================================================================================
1   2   3   4   5  6A  6B    7    8   9   10  11  12  13   14  15   16   17  18
                                     12Z  AVG MX 2MIN
DY MAX MIN AVG DEP HDD CDD  WTR  SNW DPTH SPD SPD DIR MIN PSBL S-S WX    SPD DR
================================================================================

 1  66  33  50   9  15   0 0.00  0.0    0  3.9 18 280   M    M   6        23 280
 2  71  32  52  11  13   0 0.00  0.0    0  9.2 28 270   M    M   0        36 280
 3  69  44  57  15   8   0 0.00  0.0    0  8.1 20 280   M    M   1        25 270
 4  63  35  49   7  16   0 0.04  0.0    0  8.2 40 280   M    M   3        53 280
 5  52  37  45   3  20   0 0.00  0.0    0 19.9 36 260   M    M   5        49 260
 6  65  41  53  11  12   0 0.00  0.0    0 15.6 36 280   M    M   2        46 290
 7  73  40  57  14   8   0 0.00  0.0    0  4.4 14 280   M    M   0        17 290
 8  78  36  57  14   8   0 0.00  0.0    0  3.5 14 120   M    M   0        16  90
 9  69  36  53  10  12   0 0.00  0.0    0  6.9 17 360   M    M   1        22  20
10  57  39  48   5  17   0 0.00  0.0    0  9.8 20 350   M    M   4        24 350
11  72  32  52   8  13   0 0.00  0.0    0  5.9 22 250   M    M   1        27 240
12  72  37  55  11  10   0 0.03  0.0    0  7.3 26 220   M    M   3        34 230
13  57  40  49   5  16   0 0.33  0.0    0 10.6 25 260   M    M   6 1      32 260
14  49  37  43  -1  22   0 0.13  0.0    0  7.3 24 260   M    M   9 1      29 250
15  42  31  37  -8  28   0 0.30    T    T 12.2 22 320   M    M   9 1      29 320
16  57  26  42  -3  23   0 0.00  0.0    0  3.8  9 260   M    M   0        14 350
17  64  29  47   2  18   0 0.00  0.0    0  4.1 14  20   M    M   0        16  10
18  64  30  47   1  18   0 0.00  0.0    0  6.5 16 350   M    M   0        20 340
19  72  32  52   6  13   0 0.00  0.0    0  3.4 10 230   M    M   0        13  80
20  74  38  56  10   9   0 0.00  0.0    0  5.9 17 340   M    M   0        23 340
21  81  41  61  15   4   0 0.00  0.0    0  6.6 18 130   M    M   0        24 110
22  79  45  62  15   3   0 0.00  0.0    0  5.6 22 200   M    M   0        30 200
23  56  45  51   4  14   0 0.14  0.0    0  9.2 16 340   M    M   7        20 270
24  55  44  50   3  15   0 0.01  0.0    0  7.2 21 250   M    M  10        25 260
25  56  42  49   1  16   0    T  0.0    0  9.4 20  10   M    M   9        23  10
26  52  41  47  -1  18   0 0.00  0.0    0  8.0 20  10   M    M   9 8      23  30
27  49  37  43  -5  22   0 0.00  0.0    0 10.4 23 340   M    M  10        26 340
28  48  35  42  -6  23   0 0.02    T    0  8.6 20  20   M    M   9 1      24  20
29  57  37  47  -2  18   0 0.00  0.0    0  5.5 16 340   M    M   9        19 350
================================================================================
SM 1819 1072       432   0  1.00    T    227.0          M      113
================================================================================
AV 62.7 37.0                               7.8 FASTST   M    M   4    MAX(MPH)
                                 MISC ---->  # 40 280               # 53  280
================================================================================
NOTES:
# LAST OF SEVERAL OCCURRENCES

COLUMN 17 PEAK WIND IN M.P.H.

PRELIMINARY LOCAL CLIMATOLOGICAL DATA (WS FORM: F-6) , PAGE 2

                                          STATION:  HELENA MT
                                          MONTH:    APRIL
                                          YEAR:     2016
                                          LATITUDE:   46 35 N
                                          LONGITUDE: 112  0 W

[TEMPERATURE DATA]      [PRECIPITATION DATA]       SYMBOLS USED IN COLUMN 16

AVERAGE MONTHLY: 49.8   TOTAL FOR MONTH:   1.00    1 = FOG OR MIST
DPTR FM NORMAL:   5.1   DPTR FM NORMAL:    0.06    2 = FOG REDUCING VISIBILITY
HIGHEST:    81 ON 21    GRTST 24HR  0.37 ON 14-15      TO 1/4 MILE OR LESS
LOWEST:     26 ON 16                               3 = THUNDER
                        SNOW, ICE PELLETS, HAIL    4 = ICE PELLETS
                        TOTAL MONTH:    T          5 = HAIL
                        GRTST 24HR    T  ON 28-28  6 = FREEZING RAIN OR DRIZZLE
                        GRTST DEPTH:   T           7 = DUSTSTORM OR SANDSTORM:
                                                       VSBY 1/2 MILE OR LESS
                                                   8 = SMOKE OR HAZE
[NO. OF DAYS WITH]      [WEATHER - DAYS WITH]      9 = BLOWING SNOW
                                                   X = TORNADO
MAX 32 OR BELOW:   0    0.01 INCH OR MORE:   8
MAX 90 OR ABOVE:   0    0.10 INCH OR MORE:   4
MIN 32 OR BELOW:   7    0.50 INCH OR MORE:   0
MIN  0 OR BELOW:   0    1.00 INCH OR MORE:   0

[HDD (BASE 65) ]
TOTAL THIS MO.   432    CLEAR  (SCALE 0-3)  15
DPTR FM NORMAL  -154    PTCLDY (SCALE 4-7)   6
TOTAL FM JUL 1  6131    CLOUDY (SCALE 8-10)  8
DPTR FM NORMAL  -907

[CDD (BASE 65) ]
TOTAL THIS MO.     0
DPTR FM NORMAL     0    [PRESSURE DATA]
TOTAL FM JAN 1     0    HIGHEST SLP M ON M
DPTR FM NORMAL     0    LOWEST  SLP 29.54 ON  9

[REMARKS]
