000
CXUS55 KFSD 290905
CF6HON
PRELIMINARY LOCAL CLIMATOLOGICAL DATA (WS FORM: F-6)

                                          STATION:   HURON
                                          MONTH:     JUNE
                                          YEAR:      2015
                                          LATITUDE:   44 22 N
                                          LONGITUDE:  98 13 W

  TEMPERATURE IN F:       :PCPN:    SNOW:  WIND      :SUNSHINE: SKY     :PK WND
================================================================================
1   2   3   4   5  6A  6B    7    8   9   10  11  12  13   14  15   16   17  18
                                     12Z  AVG MX 2MIN
DY MAX MIN AVG DEP HDD CDD  WTR  SNW DPTH SPD SPD DIR MIN PSBL S-S WX    SPD DR
================================================================================

 1  81  54  68   5   0   3 0.00  0.0    0 15.9 26 150   M    M   4        35 160
 2  85  61  73  10   0   8 0.00  0.0    0 16.6 26 180   M    M   0 3      35 180
 3  77  58  68   4   0   3 0.23  0.0    0 12.4 30 280   M    M   3 13     36 270
 4  74  53  64   0   1   0    T  0.0    0  7.7 25  70   M    M   7 1      30  60
 5  79  60  70   6   0   5    T  0.0    0  8.5 15  80   M    M   7        20 120
 6  84  65  75  10   0  10    T  0.0    0 12.4 22 160   M    M   4 3      29 200
 7  81  55  68   3   0   3 0.62  0.0    0  7.9 39 350   M    M   2 13     47 360
 8  88  54  71   6   0   6 0.00  0.0    0  6.9 20 320   M    M   1        28 340
 9  99  59  79  13   0  14    T  0.0    0  7.8 22 280   M    M   1 3      29 270
10  81  55  68   2   0   3 0.01  0.0    0  9.5 18  80   M    M   3        22  60
11  75  57  66   0   0   1 0.00  0.0    0  8.0 17  50   M    M   5        20  50
12  77  47  62  -5   3   0 0.00  0.0    0  7.3 16 180   M    M   1 1      20 140
13  83  59  71   4   0   6 0.00  0.0    0  8.9 18 150   M    M   1 1      22 130
14  86  63  75   8   0  10    T  0.0    0 12.3 30 360   M    M   4 3      38  10
15  81  56  69   1   0   4 0.00  0.0    0  9.7 18 360   M    M   1        24  40
16  67  56  62  -6   3   0 0.18  0.0    0 10.1 17 120   M    M   7 1      24 120
17  70  51  61  -7   4   0 0.00  0.0    0  8.4 17 330   M    M   6 1      21 360
18  80  53  67  -2   0   2 0.03  0.0    0  5.8 13  20   M    M   1 1      22  30
19  76  57  67  -2   0   2 1.03    T    0 11.1 28 180   M    M   5 135    37 170
20  84  63  74   5   0   9 1.10  0.0    0 10.1 39 330   M    M   3 13     49 340
21  86  59  73   3   0   8 0.00  0.0    0  7.1 18 150   M    M   1        25 160
22  79  57  68  -2   0   3 0.59  0.0    0 14.8 40 350   M    M   1 13     52 350
23  78  54  66  -4   0   1    T  0.0    0  4.8 10 230   M    M   4        17 210
24  82  59  71   1   0   6 0.00  0.0    0  6.1 15 140   M    M   0        20 120
25  79  61  70  -1   0   5 0.00  0.0    0  3.8 10  50   M    M   1 1      13 330
26  84  61  73   2   0   8    T  0.0    0  3.8 20 310   M    M   3        24 310
27  88  60  74   3   0   9 0.76  0.0    0  6.3 51 340   M    M   1 123    70 320
28  84  61  73   1   0   8 0.00  0.0    0  9.3 18 360   M    M   1        25 360
================================================================================
SM 2268 1608        11 137  4.55    T    253.3          M       78
================================================================================
AV 81.0 57.4                               9.0 FASTST   M    M   3    MAX(MPH)
                                 MISC ---->  # 51 340               # 70  320
================================================================================
NOTES:
# LAST OF SEVERAL OCCURRENCES

COLUMN 17 PEAK WIND IN M.P.H.

PRELIMINARY LOCAL CLIMATOLOGICAL DATA (WS FORM: F-6) , PAGE 2

                                          STATION:  HURON
                                          MONTH:    JUNE
                                          YEAR:     2015
                                          LATITUDE:   44 22 N
                                          LONGITUDE:  98 13 W

[TEMPERATURE DATA]      [PRECIPITATION DATA]       SYMBOLS USED IN COLUMN 16

AVERAGE MONTHLY: 69.2   TOTAL FOR MONTH:   4.55    1 = FOG OR MIST
DPTR FM NORMAL:   1.8   DPTR FM NORMAL:    0.82    2 = FOG REDUCING VISIBILITY
HIGHEST:    99 ON  9    GRTST 24HR  2.13 ON 19-20      TO 1/4 MILE OR LESS
LOWEST:     47 ON 12                               3 = THUNDER
                        SNOW, ICE PELLETS, HAIL    4 = ICE PELLETS
                        TOTAL MONTH:    T          5 = HAIL
                        GRTST 24HR    T  ON 19-19  6 = FREEZING RAIN OR DRIZZLE
                        GRTST DEPTH:   0           7 = DUSTSTORM OR SANDSTORM:
                                                       VSBY 1/2 MILE OR LESS
                                                   8 = SMOKE OR HAZE
[NO. OF DAYS WITH]      [WEATHER - DAYS WITH]      9 = BLOWING SNOW
                                                   X = TORNADO
MAX 32 OR BELOW:   0    0.01 INCH OR MORE:   9
MAX 90 OR ABOVE:   1    0.10 INCH OR MORE:   7
MIN 32 OR BELOW:   0    0.50 INCH OR MORE:   5
MIN  0 OR BELOW:   0    1.00 INCH OR MORE:   2

[HDD (BASE 65) ]
TOTAL THIS MO.    11    CLEAR  (SCALE 0-3)  18
DPTR FM NORMAL   -40    PTCLDY (SCALE 4-7)  10
TOTAL FM JUL 1  7505    CLOUDY (SCALE 8-10)  0
DPTR FM NORMAL  -167

[CDD (BASE 65) ]
TOTAL THIS MO.   137
DPTR FM NORMAL    18    [PRESSURE DATA]
TOTAL FM JAN 1   157    HIGHEST SLP M ON M
DPTR FM NORMAL     5    LOWEST  SLP 29.46 ON 22

[REMARKS]
